{"id":75,"date":"2022-02-23T21:07:37","date_gmt":"2022-02-23T20:07:37","guid":{"rendered":"https:\/\/educacion.udd.cl\/centro-practicas\/?post_type=person&#038;p=75"},"modified":"2022-04-19T16:00:38","modified_gmt":"2022-04-19T20:00:38","slug":"joyce-maturana","status":"publish","type":"person","link":"https:\/\/educacion.udd.cl\/practicas-en-terreno\/persona\/joyce-maturana\/","featured_media":76,"template":"","people_tax":[27],"people_areas":[],"people_levels":[],"class_list":["post-75","person","type-person","status-publish","has-post-thumbnail","hentry","people_tax-equipo-programa-de-formacion-pedagogica"],"yoast_head":"<!-- This site is optimized with the Yoast SEO plugin v26.9 - https:\/\/yoast.com\/product\/yoast-seo-wordpress\/ -->\n<title>Joyce Maturana - Pr\u00e1cticas en terreno | Facultad de Educaci\u00f3n UDD<\/title>\n<meta name=\"robots\" content=\"index, follow, max-snippet:-1, max-image-preview:large, max-video-preview:-1\" \/>\n<link rel=\"canonical\" href=\"https:\/\/educacion.udd.cl\/practicas-en-terreno\/persona\/joyce-maturana\/\" \/>\n<meta property=\"og:locale\" content=\"es_ES\" \/>\n<meta property=\"og:type\" content=\"article\" \/>\n<meta property=\"og:title\" content=\"Joyce Maturana - Pr\u00e1cticas en terreno | Facultad de Educaci\u00f3n UDD\" \/>\n<meta property=\"og:url\" content=\"https:\/\/educacion.udd.cl\/practicas-en-terreno\/persona\/joyce-maturana\/\" \/>\n<meta property=\"og:site_name\" content=\"Pr\u00e1cticas en terreno | Facultad de Educaci\u00f3n UDD\" \/>\n<meta property=\"article:modified_time\" content=\"2022-04-19T20:00:38+00:00\" \/>\n<meta property=\"og:image\" content=\"https:\/\/educacion.udd.cl\/practicas-en-terreno\/files\/2022\/02\/Fotograf\u00eda-Joyce-Maturana-JOYCE-ANDREA-MATURANA-ROSS-scaled.jpg\" \/>\n\t<meta property=\"og:image:width\" content=\"1920\" \/>\n\t<meta property=\"og:image:height\" content=\"2560\" \/>\n\t<meta property=\"og:image:type\" content=\"image\/jpeg\" \/>\n<meta name=\"twitter:card\" content=\"summary_large_image\" \/>\n<script type=\"application\/ld+json\" class=\"yoast-schema-graph\">{\"@context\":\"https:\/\/schema.org\",\"@graph\":[{\"@type\":\"WebPage\",\"@id\":\"https:\/\/educacion.udd.cl\/practicas-en-terreno\/persona\/joyce-maturana\/\",\"url\":\"https:\/\/educacion.udd.cl\/practicas-en-terreno\/persona\/joyce-maturana\/\",\"name\":\"Joyce Maturana - Pr\u00e1cticas en terreno | Facultad de Educaci\u00f3n UDD\",\"isPartOf\":{\"@id\":\"https:\/\/educacion.udd.cl\/practicas-en-terreno\/#website\"},\"primaryImageOfPage\":{\"@id\":\"https:\/\/educacion.udd.cl\/practicas-en-terreno\/persona\/joyce-maturana\/#primaryimage\"},\"image\":{\"@id\":\"https:\/\/educacion.udd.cl\/practicas-en-terreno\/persona\/joyce-maturana\/#primaryimage\"},\"thumbnailUrl\":\"https:\/\/educacion.udd.cl\/practicas-en-terreno\/files\/2022\/02\/Fotograf\u00eda-Joyce-Maturana-JOYCE-ANDREA-MATURANA-ROSS-scaled.jpg\",\"datePublished\":\"2022-02-23T20:07:37+00:00\",\"dateModified\":\"2022-04-19T20:00:38+00:00\",\"breadcrumb\":{\"@id\":\"https:\/\/educacion.udd.cl\/practicas-en-terreno\/persona\/joyce-maturana\/#breadcrumb\"},\"inLanguage\":\"es\",\"potentialAction\":[{\"@type\":\"ReadAction\",\"target\":[\"https:\/\/educacion.udd.cl\/practicas-en-terreno\/persona\/joyce-maturana\/\"]}]},{\"@type\":\"ImageObject\",\"inLanguage\":\"es\",\"@id\":\"https:\/\/educacion.udd.cl\/practicas-en-terreno\/persona\/joyce-maturana\/#primaryimage\",\"url\":\"https:\/\/educacion.udd.cl\/practicas-en-terreno\/files\/2022\/02\/Fotograf\u00eda-Joyce-Maturana-JOYCE-ANDREA-MATURANA-ROSS-scaled.jpg\",\"contentUrl\":\"https:\/\/educacion.udd.cl\/practicas-en-terreno\/files\/2022\/02\/Fotograf\u00eda-Joyce-Maturana-JOYCE-ANDREA-MATURANA-ROSS-scaled.jpg\",\"width\":1920,\"height\":2560,\"caption\":\"Fotografi\u0301a Joyce Maturana - JOYCE ANDREA MATURANA ROSS\"},{\"@type\":\"BreadcrumbList\",\"@id\":\"https:\/\/educacion.udd.cl\/practicas-en-terreno\/persona\/joyce-maturana\/#breadcrumb\",\"itemListElement\":[{\"@type\":\"ListItem\",\"position\":1,\"name\":\"Portada\",\"item\":\"https:\/\/educacion.udd.cl\/practicas-en-terreno\/\"},{\"@type\":\"ListItem\",\"position\":2,\"name\":\"Personas\",\"item\":\"https:\/\/educacion.udd.cl\/practicas-en-terreno\/persona\/\"},{\"@type\":\"ListItem\",\"position\":3,\"name\":\"Joyce Maturana\"}]},{\"@type\":\"WebSite\",\"@id\":\"https:\/\/educacion.udd.cl\/practicas-en-terreno\/#website\",\"url\":\"https:\/\/educacion.udd.cl\/practicas-en-terreno\/\",\"name\":\"Pr\u00e1cticas en terreno | Facultad de Educaci\u00f3n UDD\",\"description\":\"Facultad de Educaci\u00f3n UDD\",\"inLanguage\":\"es\"}]}<\/script>\n<!-- \/ Yoast SEO plugin. -->","yoast_head_json":{"title":"Joyce Maturana - Pr\u00e1cticas en terreno | Facultad de Educaci\u00f3n UDD","robots":{"index":"index","follow":"follow","max-snippet":"max-snippet:-1","max-image-preview":"max-image-preview:large","max-video-preview":"max-video-preview:-1"},"canonical":"https:\/\/educacion.udd.cl\/practicas-en-terreno\/persona\/joyce-maturana\/","og_locale":"es_ES","og_type":"article","og_title":"Joyce Maturana - Pr\u00e1cticas en terreno | Facultad de Educaci\u00f3n UDD","og_url":"https:\/\/educacion.udd.cl\/practicas-en-terreno\/persona\/joyce-maturana\/","og_site_name":"Pr\u00e1cticas en terreno | Facultad de Educaci\u00f3n UDD","article_modified_time":"2022-04-19T20:00:38+00:00","og_image":[{"width":1920,"height":2560,"url":"https:\/\/educacion.udd.cl\/practicas-en-terreno\/files\/2022\/02\/Fotograf\u00eda-Joyce-Maturana-JOYCE-ANDREA-MATURANA-ROSS-scaled.jpg","type":"image\/jpeg"}],"twitter_card":"summary_large_image","schema":{"@context":"https:\/\/schema.org","@graph":[{"@type":"WebPage","@id":"https:\/\/educacion.udd.cl\/practicas-en-terreno\/persona\/joyce-maturana\/","url":"https:\/\/educacion.udd.cl\/practicas-en-terreno\/persona\/joyce-maturana\/","name":"Joyce Maturana - Pr\u00e1cticas en terreno | Facultad de Educaci\u00f3n UDD","isPartOf":{"@id":"https:\/\/educacion.udd.cl\/practicas-en-terreno\/#website"},"primaryImageOfPage":{"@id":"https:\/\/educacion.udd.cl\/practicas-en-terreno\/persona\/joyce-maturana\/#primaryimage"},"image":{"@id":"https:\/\/educacion.udd.cl\/practicas-en-terreno\/persona\/joyce-maturana\/#primaryimage"},"thumbnailUrl":"https:\/\/educacion.udd.cl\/practicas-en-terreno\/files\/2022\/02\/Fotograf\u00eda-Joyce-Maturana-JOYCE-ANDREA-MATURANA-ROSS-scaled.jpg","datePublished":"2022-02-23T20:07:37+00:00","dateModified":"2022-04-19T20:00:38+00:00","breadcrumb":{"@id":"https:\/\/educacion.udd.cl\/practicas-en-terreno\/persona\/joyce-maturana\/#breadcrumb"},"inLanguage":"es","potentialAction":[{"@type":"ReadAction","target":["https:\/\/educacion.udd.cl\/practicas-en-terreno\/persona\/joyce-maturana\/"]}]},{"@type":"ImageObject","inLanguage":"es","@id":"https:\/\/educacion.udd.cl\/practicas-en-terreno\/persona\/joyce-maturana\/#primaryimage","url":"https:\/\/educacion.udd.cl\/practicas-en-terreno\/files\/2022\/02\/Fotograf\u00eda-Joyce-Maturana-JOYCE-ANDREA-MATURANA-ROSS-scaled.jpg","contentUrl":"https:\/\/educacion.udd.cl\/practicas-en-terreno\/files\/2022\/02\/Fotograf\u00eda-Joyce-Maturana-JOYCE-ANDREA-MATURANA-ROSS-scaled.jpg","width":1920,"height":2560,"caption":"Fotografi\u0301a Joyce Maturana - JOYCE ANDREA MATURANA ROSS"},{"@type":"BreadcrumbList","@id":"https:\/\/educacion.udd.cl\/practicas-en-terreno\/persona\/joyce-maturana\/#breadcrumb","itemListElement":[{"@type":"ListItem","position":1,"name":"Portada","item":"https:\/\/educacion.udd.cl\/practicas-en-terreno\/"},{"@type":"ListItem","position":2,"name":"Personas","item":"https:\/\/educacion.udd.cl\/practicas-en-terreno\/persona\/"},{"@type":"ListItem","position":3,"name":"Joyce Maturana"}]},{"@type":"WebSite","@id":"https:\/\/educacion.udd.cl\/practicas-en-terreno\/#website","url":"https:\/\/educacion.udd.cl\/practicas-en-terreno\/","name":"Pr\u00e1cticas en terreno | Facultad de Educaci\u00f3n UDD","description":"Facultad de Educaci\u00f3n UDD","inLanguage":"es"}]}},"label":"Joyce Maturana","title":{"rendered":"Joyce Maturana"},"role":false,"thumbnail_url":"https:\/\/educacion.udd.cl\/practicas-en-terreno\/files\/2022\/02\/Fotografi\u0301a-Joyce-Maturana-JOYCE-ANDREA-MATURANA-ROSS-500x500.jpg","email":"j.maturana@udd.cl","tel_job":"","content":{"rendered":"<div class=\"person-modal person-modal--scl\">\n\t<header class=\"person-modal__header\">\n\t\t<div class=\"person-modal__bg\"><\/div>\n\t\t<div class=\"modal-container\">\n\t\t\t\t\t\t<div class=\"person-modal__media\">\n\t\t\t\t<img width=\"500\" height=\"500\" src=\"https:\/\/educacion.udd.cl\/practicas-en-terreno\/files\/2022\/02\/Fotografi\u0301a-Joyce-Maturana-JOYCE-ANDREA-MATURANA-ROSS-62x62.jpg\" class=\"person-modal__image wp-post-image lazyload\" alt=\"Fotograf\u00eda Joyce Maturana - JOYCE ANDREA MATURANA ROSS\" decoding=\"async\" loading=\"lazy\" sizes=\"auto, (max-width: 500px) 100vw, 500px\" data-src=\"https:\/\/educacion.udd.cl\/practicas-en-terreno\/files\/2022\/02\/Fotograf\u00eda-Joyce-Maturana-JOYCE-ANDREA-MATURANA-ROSS-500x500.jpg\" data-srcset=\"https:\/\/educacion.udd.cl\/practicas-en-terreno\/files\/2022\/02\/Fotograf\u00eda-Joyce-Maturana-JOYCE-ANDREA-MATURANA-ROSS-500x500.jpg 500w, https:\/\/educacion.udd.cl\/practicas-en-terreno\/files\/2022\/02\/Fotograf\u00eda-Joyce-Maturana-JOYCE-ANDREA-MATURANA-ROSS-150x150.jpg 150w, https:\/\/educacion.udd.cl\/practicas-en-terreno\/files\/2022\/02\/Fotograf\u00eda-Joyce-Maturana-JOYCE-ANDREA-MATURANA-ROSS-62x62.jpg 62w, https:\/\/educacion.udd.cl\/practicas-en-terreno\/files\/2022\/02\/Fotograf\u00eda-Joyce-Maturana-JOYCE-ANDREA-MATURANA-ROSS-750x750.jpg 750w, https:\/\/educacion.udd.cl\/practicas-en-terreno\/files\/2022\/02\/Fotograf\u00eda-Joyce-Maturana-JOYCE-ANDREA-MATURANA-ROSS-250x250.jpg 250w, https:\/\/educacion.udd.cl\/practicas-en-terreno\/files\/2022\/02\/Fotograf\u00eda-Joyce-Maturana-JOYCE-ANDREA-MATURANA-ROSS-126x126.jpg 126w\" \/>\t\t\t<\/div>\n\t\t\t\t\t\t<div class=\"person-modal__data\">\n\t\t\t\t<h1 class=\"person-modal__name\">Joyce Maturana<\/h1>\n\t\t\t\t\t\t\t\t\t\t\t\t\t<a href=\"mailto:j.&#109;at&#117;&#114;&#097;&#110;&#097;&#064;ud&#100;&#046;c&#108;\" class=\"person-modal__email\">j.&#109;&#97;tu&#114;ana&#64;&#117;&#100;&#100;&#46;&#99;l<\/a>\n\t\t\t\t\t\t\t\t\t<\/div>\n\t\t<\/div>\n\t<\/header>\n\t<div class=\"modal-container\">\n\t\t\t<div class=\"person-modal__content text\">\n\t\t\t\t\t\t\t\t\t\t<p dir=\"ltr\"><span>Soy profesora del Programa de Formaci\u00f3n Pedag\u00f3gica y Didacta de la menci\u00f3n en Biolog\u00eda.<\/span><\/p>\n<p dir=\"ltr\"><span>Soy Profesora de Biolog\u00eda y Ciencias Naturales y Mag\u00edster en Did\u00e1ctica de las Ciencias Experimentales de la Pontificia Universidad Cat\u00f3lica de Valpara\u00edso.<\/span><\/p>\n<p dir=\"ltr\"><span>Trabaj\u00e9 15 a\u00f1os en aulas de ense\u00f1anza b\u00e1sica y media de dependencia municipal. Fui coordinadora de la Red de Ciencias de los Colegios municipales de la Comuna de Quilpu\u00e9. Semi finalista del premio Global Teacher Prize Chile. He realizado docencia universitaria por m\u00e1s de 14 a\u00f1os, tanto en programas de pregrado y postgrado.<\/span><\/p>\n<p dir=\"ltr\"><span>La formaci\u00f3n inicial de profesores es un desaf\u00edo que tomo con gran entusiasmo y compromiso, es por ello que trabajo intensamente por la formaci\u00f3n did\u00e1ctica de los futuros profesores de Biolog\u00eda.<\/span><\/p>\n\t\t<\/div>\n\t<\/div>\n<\/div>\n"},"identifier":"ebb2fd953a785ebdb04df18e75bf7385b9905f5e","has_credential":[],"given_name":"Joyce","family_name":"Maturana","name":"Joyce Maturana","job_title":"","telephone":"","note":"","im":"","_self_schedule":null,"_links":{"self":[{"href":"https:\/\/educacion.udd.cl\/practicas-en-terreno\/wp-json\/wp\/v2\/people\/75","targetHints":{"allow":["GET"]}}],"collection":[{"href":"https:\/\/educacion.udd.cl\/practicas-en-terreno\/wp-json\/wp\/v2\/people"}],"about":[{"href":"https:\/\/educacion.udd.cl\/practicas-en-terreno\/wp-json\/wp\/v2\/types\/person"}],"wp:featuredmedia":[{"embeddable":true,"href":"https:\/\/educacion.udd.cl\/practicas-en-terreno\/wp-json\/wp\/v2\/media\/76"}],"wp:attachment":[{"href":"https:\/\/educacion.udd.cl\/practicas-en-terreno\/wp-json\/wp\/v2\/media?parent=75"}],"wp:term":[{"taxonomy":"people_tax","embeddable":true,"href":"https:\/\/educacion.udd.cl\/practicas-en-terreno\/wp-json\/wp\/v2\/people_tax?post=75"},{"taxonomy":"people_areas","embeddable":true,"href":"https:\/\/educacion.udd.cl\/practicas-en-terreno\/wp-json\/wp\/v2\/people_areas?post=75"},{"taxonomy":"people_levels","embeddable":true,"href":"https:\/\/educacion.udd.cl\/practicas-en-terreno\/wp-json\/wp\/v2\/people_levels?post=75"}],"curies":[{"name":"wp","href":"https:\/\/api.w.org\/{rel}","templated":true}]}}

<!-- This site is optimized with the Yoast SEO plugin v26.9 - https://yoast.com/product/yoast-seo-wordpress/ -->
<title>Joyce Maturana - Prácticas en terreno | Facultad de Educación UDD</title>
<meta name="robots" content="index, follow, max-snippet:-1, max-image-preview:large, max-video-preview:-1" />
<link rel="canonical" href="https://educacion.udd.cl/practicas-en-terreno/persona/joyce-maturana/" />
<meta property="og:locale" content="es_ES" />
<meta property="og:type" content="article" />
<meta property="og:title" content="Joyce Maturana - Prácticas en terreno | Facultad de Educación UDD" />
<meta property="og:url" content="https://educacion.udd.cl/practicas-en-terreno/persona/joyce-maturana/" />
<meta property="og:site_name" content="Prácticas en terreno | Facultad de Educación UDD" />
<meta property="article:modified_time" content="2022-04-19T20:00:38+00:00" />
<meta property="og:image" content="https://educacion.udd.cl/practicas-en-terreno/files/2022/02/Fotografía-Joyce-Maturana-JOYCE-ANDREA-MATURANA-ROSS-scaled.jpg" />
	<meta property="og:image:width" content="1920" />
	<meta property="og:image:height" content="2560" />
	<meta property="og:image:type" content="image/jpeg" />
<meta name="twitter:card" content="summary_large_image" />
<script type="application/ld+json" class="yoast-schema-graph">{"@context":"https://schema.org","@graph":[{"@type":"WebPage","@id":"https://educacion.udd.cl/practicas-en-terreno/persona/joyce-maturana/","url":"https://educacion.udd.cl/practicas-en-terreno/persona/joyce-maturana/","name":"Joyce Maturana - Prácticas en terreno | Facultad de Educación UDD","isPartOf":{"@id":"https://educacion.udd.cl/practicas-en-terreno/#website"},"primaryImageOfPage":{"@id":"https://educacion.udd.cl/practicas-en-terreno/persona/joyce-maturana/#primaryimage"},"image":{"@id":"https://educacion.udd.cl/practicas-en-terreno/persona/joyce-maturana/#primaryimage"},"thumbnailUrl":"https://educacion.udd.cl/practicas-en-terreno/files/2022/02/Fotografía-Joyce-Maturana-JOYCE-ANDREA-MATURANA-ROSS-scaled.jpg","datePublished":"2022-02-23T20:07:37+00:00","dateModified":"2022-04-19T20:00:38+00:00","breadcrumb":{"@id":"https://educacion.udd.cl/practicas-en-terreno/persona/joyce-maturana/#breadcrumb"},"inLanguage":"es","potentialAction":[{"@type":"ReadAction","target":["https://educacion.udd.cl/practicas-en-terreno/persona/joyce-maturana/"]}]},{"@type":"ImageObject","inLanguage":"es","@id":"https://educacion.udd.cl/practicas-en-terreno/persona/joyce-maturana/#primaryimage","url":"https://educacion.udd.cl/practicas-en-terreno/files/2022/02/Fotografía-Joyce-Maturana-JOYCE-ANDREA-MATURANA-ROSS-scaled.jpg","contentUrl":"https://educacion.udd.cl/practicas-en-terreno/files/2022/02/Fotografía-Joyce-Maturana-JOYCE-ANDREA-MATURANA-ROSS-scaled.jpg","width":1920,"height":2560,"caption":"Fotografía Joyce Maturana - JOYCE ANDREA MATURANA ROSS"},{"@type":"BreadcrumbList","@id":"https://educacion.udd.cl/practicas-en-terreno/persona/joyce-maturana/#breadcrumb","itemListElement":[{"@type":"ListItem","position":1,"name":"Portada","item":"https://educacion.udd.cl/practicas-en-terreno/"},{"@type":"ListItem","position":2,"name":"Personas","item":"https://educacion.udd.cl/practicas-en-terreno/persona/"},{"@type":"ListItem","position":3,"name":"Joyce Maturana"}]},{"@type":"WebSite","@id":"https://educacion.udd.cl/practicas-en-terreno/#website","url":"https://educacion.udd.cl/practicas-en-terreno/","name":"Prácticas en terreno | Facultad de Educación UDD","description":"Facultad de Educación UDD","inLanguage":"es"}]}</script>
<!-- / Yoast SEO plugin. -->

Joyce Maturana - Prácticas en terreno | Facultad de Educación UDD

Prácticas en terreno | Facultad de Educación UDD

https://educacion.udd.cl/practicas-en-terreno/files/2022/02/Fotografía-Joyce-Maturana-JOYCE-ANDREA-MATURANA-ROSS-scaled.jpg

Facultad de Educación UDD

<div class="person-modal person-modal--scl">
	<header class="person-modal__header">
		<div class="person-modal__bg"></div>
		<div class="modal-container">
						<div class="person-modal__media">
				<img width="500" height="500" src="https://educacion.udd.cl/practicas-en-terreno/files/2022/02/Fotografía-Joyce-Maturana-JOYCE-ANDREA-MATURANA-ROSS-62x62.jpg" class="person-modal__image wp-post-image lazyload" alt="Fotografía Joyce Maturana - JOYCE ANDREA MATURANA ROSS" decoding="async" loading="lazy" sizes="auto, (max-width: 500px) 100vw, 500px" data-src="https://educacion.udd.cl/practicas-en-terreno/files/2022/02/Fotografía-Joyce-Maturana-JOYCE-ANDREA-MATURANA-ROSS-500x500.jpg" data-srcset="https://educacion.udd.cl/practicas-en-terreno/files/2022/02/Fotografía-Joyce-Maturana-JOYCE-ANDREA-MATURANA-ROSS-500x500.jpg 500w, https://educacion.udd.cl/practicas-en-terreno/files/2022/02/Fotografía-Joyce-Maturana-JOYCE-ANDREA-MATURANA-ROSS-150x150.jpg 150w, https://educacion.udd.cl/practicas-en-terreno/files/2022/02/Fotografía-Joyce-Maturana-JOYCE-ANDREA-MATURANA-ROSS-62x62.jpg 62w, https://educacion.udd.cl/practicas-en-terreno/files/2022/02/Fotografía-Joyce-Maturana-JOYCE-ANDREA-MATURANA-ROSS-750x750.jpg 750w, https://educacion.udd.cl/practicas-en-terreno/files/2022/02/Fotografía-Joyce-Maturana-JOYCE-ANDREA-MATURANA-ROSS-250x250.jpg 250w, https://educacion.udd.cl/practicas-en-terreno/files/2022/02/Fotografía-Joyce-Maturana-JOYCE-ANDREA-MATURANA-ROSS-126x126.jpg 126w" />			</div>
						<div class="person-modal__data">
				<h1 class="person-modal__name">Joyce Maturana</h1>
													<a href="mailto:j.&#109;at&#117;&#114;&#097;&#110;&#097;&#064;ud&#100;&#046;c&#108;" class="person-modal__email">j.&#109;&#97;tu&#114;ana&#64;&#117;&#100;&#100;&#46;&#99;l</a>
									</div>
		</div>
	</header>
	<div class="modal-container">
			<div class="person-modal__content text">
										<p dir="ltr"><span>Soy profesora del Programa de Formación Pedagógica y Didacta de la mención en Biología.</span></p>
<p dir="ltr"><span>Soy Profesora de Biología y Ciencias Naturales y Magíster en Didáctica de las Ciencias Experimentales de la Pontificia Universidad Católica de Valparaíso.</span></p>
<p dir="ltr"><span>Trabajé 15 años en aulas de enseñanza básica y media de dependencia municipal. Fui coordinadora de la Red de Ciencias de los Colegios municipales de la Comuna de Quilpué. Semi finalista del premio Global Teacher Prize Chile. He realizado docencia universitaria por más de 14 años, tanto en programas de pregrado y postgrado.</span></p>
<p dir="ltr"><span>La formación inicial de profesores es un desafío que tomo con gran entusiasmo y compromiso, es por ello que trabajo intensamente por la formación didáctica de los futuros profesores de Biología.</span></p>
		</div>
	</div>
</div>
