{"id":66,"date":"2022-02-23T20:47:14","date_gmt":"2022-02-23T19:47:14","guid":{"rendered":"https:\/\/educacion.udd.cl\/centro-practicas\/?post_type=person&#038;p=66"},"modified":"2022-04-29T15:47:14","modified_gmt":"2022-04-29T19:47:14","slug":"rebeca-aguilera","status":"publish","type":"person","link":"https:\/\/educacion.udd.cl\/practicas-en-terreno\/persona\/rebeca-aguilera\/","featured_media":1719,"template":"","people_tax":[26],"people_areas":[],"people_levels":[],"class_list":["post-66","person","type-person","status-publish","has-post-thumbnail","hentry","people_tax-equipo-pedagogia-en-educacion-basica-con-menciones"],"yoast_head":"<!-- This site is optimized with the Yoast SEO plugin v26.9 - https:\/\/yoast.com\/product\/yoast-seo-wordpress\/ -->\n<title>Rebeca Aguilera - Pr\u00e1cticas en terreno | Facultad de Educaci\u00f3n UDD<\/title>\n<meta name=\"robots\" content=\"index, follow, max-snippet:-1, max-image-preview:large, max-video-preview:-1\" \/>\n<link rel=\"canonical\" href=\"https:\/\/educacion.udd.cl\/practicas-en-terreno\/persona\/rebeca-aguilera\/\" \/>\n<meta property=\"og:locale\" content=\"es_ES\" \/>\n<meta property=\"og:type\" content=\"article\" \/>\n<meta property=\"og:title\" content=\"Rebeca Aguilera - Pr\u00e1cticas en terreno | Facultad de Educaci\u00f3n UDD\" \/>\n<meta property=\"og:url\" content=\"https:\/\/educacion.udd.cl\/practicas-en-terreno\/persona\/rebeca-aguilera\/\" \/>\n<meta property=\"og:site_name\" content=\"Pr\u00e1cticas en terreno | Facultad de Educaci\u00f3n UDD\" \/>\n<meta property=\"article:modified_time\" content=\"2022-04-29T19:47:14+00:00\" \/>\n<meta property=\"og:image\" content=\"https:\/\/educacion.udd.cl\/practicas-en-terreno\/files\/2022\/02\/Rebeca-Aguilera.jpeg\" \/>\n\t<meta property=\"og:image:width\" content=\"437\" \/>\n\t<meta property=\"og:image:height\" content=\"508\" \/>\n\t<meta property=\"og:image:type\" content=\"image\/jpeg\" \/>\n<meta name=\"twitter:card\" content=\"summary_large_image\" \/>\n<script type=\"application\/ld+json\" class=\"yoast-schema-graph\">{\"@context\":\"https:\/\/schema.org\",\"@graph\":[{\"@type\":\"WebPage\",\"@id\":\"https:\/\/educacion.udd.cl\/practicas-en-terreno\/persona\/rebeca-aguilera\/\",\"url\":\"https:\/\/educacion.udd.cl\/practicas-en-terreno\/persona\/rebeca-aguilera\/\",\"name\":\"Rebeca Aguilera - Pr\u00e1cticas en terreno | Facultad de Educaci\u00f3n UDD\",\"isPartOf\":{\"@id\":\"https:\/\/educacion.udd.cl\/practicas-en-terreno\/#website\"},\"primaryImageOfPage\":{\"@id\":\"https:\/\/educacion.udd.cl\/practicas-en-terreno\/persona\/rebeca-aguilera\/#primaryimage\"},\"image\":{\"@id\":\"https:\/\/educacion.udd.cl\/practicas-en-terreno\/persona\/rebeca-aguilera\/#primaryimage\"},\"thumbnailUrl\":\"https:\/\/educacion.udd.cl\/practicas-en-terreno\/files\/2022\/02\/Rebeca-Aguilera.jpeg\",\"datePublished\":\"2022-02-23T19:47:14+00:00\",\"dateModified\":\"2022-04-29T19:47:14+00:00\",\"breadcrumb\":{\"@id\":\"https:\/\/educacion.udd.cl\/practicas-en-terreno\/persona\/rebeca-aguilera\/#breadcrumb\"},\"inLanguage\":\"es\",\"potentialAction\":[{\"@type\":\"ReadAction\",\"target\":[\"https:\/\/educacion.udd.cl\/practicas-en-terreno\/persona\/rebeca-aguilera\/\"]}]},{\"@type\":\"ImageObject\",\"inLanguage\":\"es\",\"@id\":\"https:\/\/educacion.udd.cl\/practicas-en-terreno\/persona\/rebeca-aguilera\/#primaryimage\",\"url\":\"https:\/\/educacion.udd.cl\/practicas-en-terreno\/files\/2022\/02\/Rebeca-Aguilera.jpeg\",\"contentUrl\":\"https:\/\/educacion.udd.cl\/practicas-en-terreno\/files\/2022\/02\/Rebeca-Aguilera.jpeg\",\"width\":437,\"height\":508},{\"@type\":\"BreadcrumbList\",\"@id\":\"https:\/\/educacion.udd.cl\/practicas-en-terreno\/persona\/rebeca-aguilera\/#breadcrumb\",\"itemListElement\":[{\"@type\":\"ListItem\",\"position\":1,\"name\":\"Portada\",\"item\":\"https:\/\/educacion.udd.cl\/practicas-en-terreno\/\"},{\"@type\":\"ListItem\",\"position\":2,\"name\":\"Personas\",\"item\":\"https:\/\/educacion.udd.cl\/practicas-en-terreno\/persona\/\"},{\"@type\":\"ListItem\",\"position\":3,\"name\":\"Rebeca Aguilera\"}]},{\"@type\":\"WebSite\",\"@id\":\"https:\/\/educacion.udd.cl\/practicas-en-terreno\/#website\",\"url\":\"https:\/\/educacion.udd.cl\/practicas-en-terreno\/\",\"name\":\"Pr\u00e1cticas en terreno | Facultad de Educaci\u00f3n UDD\",\"description\":\"Facultad de Educaci\u00f3n UDD\",\"inLanguage\":\"es\"}]}<\/script>\n<!-- \/ Yoast SEO plugin. -->","yoast_head_json":{"title":"Rebeca Aguilera - Pr\u00e1cticas en terreno | Facultad de Educaci\u00f3n UDD","robots":{"index":"index","follow":"follow","max-snippet":"max-snippet:-1","max-image-preview":"max-image-preview:large","max-video-preview":"max-video-preview:-1"},"canonical":"https:\/\/educacion.udd.cl\/practicas-en-terreno\/persona\/rebeca-aguilera\/","og_locale":"es_ES","og_type":"article","og_title":"Rebeca Aguilera - Pr\u00e1cticas en terreno | Facultad de Educaci\u00f3n UDD","og_url":"https:\/\/educacion.udd.cl\/practicas-en-terreno\/persona\/rebeca-aguilera\/","og_site_name":"Pr\u00e1cticas en terreno | Facultad de Educaci\u00f3n UDD","article_modified_time":"2022-04-29T19:47:14+00:00","og_image":[{"width":437,"height":508,"url":"https:\/\/educacion.udd.cl\/practicas-en-terreno\/files\/2022\/02\/Rebeca-Aguilera.jpeg","type":"image\/jpeg"}],"twitter_card":"summary_large_image","schema":{"@context":"https:\/\/schema.org","@graph":[{"@type":"WebPage","@id":"https:\/\/educacion.udd.cl\/practicas-en-terreno\/persona\/rebeca-aguilera\/","url":"https:\/\/educacion.udd.cl\/practicas-en-terreno\/persona\/rebeca-aguilera\/","name":"Rebeca Aguilera - Pr\u00e1cticas en terreno | Facultad de Educaci\u00f3n UDD","isPartOf":{"@id":"https:\/\/educacion.udd.cl\/practicas-en-terreno\/#website"},"primaryImageOfPage":{"@id":"https:\/\/educacion.udd.cl\/practicas-en-terreno\/persona\/rebeca-aguilera\/#primaryimage"},"image":{"@id":"https:\/\/educacion.udd.cl\/practicas-en-terreno\/persona\/rebeca-aguilera\/#primaryimage"},"thumbnailUrl":"https:\/\/educacion.udd.cl\/practicas-en-terreno\/files\/2022\/02\/Rebeca-Aguilera.jpeg","datePublished":"2022-02-23T19:47:14+00:00","dateModified":"2022-04-29T19:47:14+00:00","breadcrumb":{"@id":"https:\/\/educacion.udd.cl\/practicas-en-terreno\/persona\/rebeca-aguilera\/#breadcrumb"},"inLanguage":"es","potentialAction":[{"@type":"ReadAction","target":["https:\/\/educacion.udd.cl\/practicas-en-terreno\/persona\/rebeca-aguilera\/"]}]},{"@type":"ImageObject","inLanguage":"es","@id":"https:\/\/educacion.udd.cl\/practicas-en-terreno\/persona\/rebeca-aguilera\/#primaryimage","url":"https:\/\/educacion.udd.cl\/practicas-en-terreno\/files\/2022\/02\/Rebeca-Aguilera.jpeg","contentUrl":"https:\/\/educacion.udd.cl\/practicas-en-terreno\/files\/2022\/02\/Rebeca-Aguilera.jpeg","width":437,"height":508},{"@type":"BreadcrumbList","@id":"https:\/\/educacion.udd.cl\/practicas-en-terreno\/persona\/rebeca-aguilera\/#breadcrumb","itemListElement":[{"@type":"ListItem","position":1,"name":"Portada","item":"https:\/\/educacion.udd.cl\/practicas-en-terreno\/"},{"@type":"ListItem","position":2,"name":"Personas","item":"https:\/\/educacion.udd.cl\/practicas-en-terreno\/persona\/"},{"@type":"ListItem","position":3,"name":"Rebeca Aguilera"}]},{"@type":"WebSite","@id":"https:\/\/educacion.udd.cl\/practicas-en-terreno\/#website","url":"https:\/\/educacion.udd.cl\/practicas-en-terreno\/","name":"Pr\u00e1cticas en terreno | Facultad de Educaci\u00f3n UDD","description":"Facultad de Educaci\u00f3n UDD","inLanguage":"es"}]}},"label":"Rebeca  Aguilera","title":{"rendered":"Rebeca  Aguilera"},"role":false,"thumbnail_url":"https:\/\/educacion.udd.cl\/practicas-en-terreno\/files\/2022\/02\/Rebeca-Aguilera-437x500.jpeg","email":"rebecaaguilera@udd.cl","tel_job":"","content":{"rendered":"<div class=\"person-modal person-modal--scl\">\n\t<header class=\"person-modal__header\">\n\t\t<div class=\"person-modal__bg\"><\/div>\n\t\t<div class=\"modal-container\">\n\t\t\t\t\t\t<div class=\"person-modal__media\">\n\t\t\t\t<img width=\"437\" height=\"500\" src=\"https:\/\/educacion.udd.cl\/practicas-en-terreno\/files\/2022\/02\/Rebeca-Aguilera-62x62.jpeg\" class=\"person-modal__image wp-post-image lazyload\" alt=\"\" decoding=\"async\" loading=\"lazy\" data-src=\"https:\/\/educacion.udd.cl\/practicas-en-terreno\/files\/2022\/02\/Rebeca-Aguilera-437x500.jpeg\" \/>\t\t\t<\/div>\n\t\t\t\t\t\t<div class=\"person-modal__data\">\n\t\t\t\t<h1 class=\"person-modal__name\">Rebeca  Aguilera<\/h1>\n\t\t\t\t\t\t\t\t\t\t\t\t\t<a href=\"mailto:rebe&#099;&#097;a&#103;u&#105;&#108;e&#114;a&#064;&#117;dd&#046;&#099;l\" class=\"person-modal__email\">r&#101;&#98;&#101;c&#97;a&#103;&#117;&#105;&#108;e&#114;a&#64;&#117;dd&#46;cl<\/a>\n\t\t\t\t\t\t\t\t\t<\/div>\n\t\t<\/div>\n\t<\/header>\n\t<div class=\"modal-container\">\n\t\t\t<div class=\"person-modal__content text\">\n\t\t\t\t\t\t\t\t\t\t<p dir=\"ltr\"><span>Soy Tutora Docente en Pedagog\u00eda en Educaci\u00f3n B\u00e1sica con menci\u00f3n en ingl\u00e9s (PEBI)<\/span><\/p>\n<p dir=\"ltr\"><span>Profesora General B\u00e1sica y Licenciada en Educaci\u00f3n de la Pontificia Universidad Cat\u00f3lica de Chile, Psicopedagoda de la Universidad Educares, Magister en Direcci\u00f3n y Gesti\u00f3n Escolar de la UDD<\/span><\/p>\n<p dir=\"ltr\"><span>\u00abProfesora, Jefe de Departamento, Coordinadora de Ciclo, Directora Acad\u00e9mica y Rectora de colegios por 25 a\u00f1os, docente universitaria en programas de pre y post grado desde 2006. Socia\/Consultora en Educaci\u00f3n para Gesti\u00f3n Sist\u00e9mica\u00bb<\/span><\/p>\n<p dir=\"ltr\"><span>Decid\u00ed ser tutora porque me encanta aportar a las nuevas generaciones desde el saber y la experiencia en terreno.<\/span><\/p>\n\t\t<\/div>\n\t<\/div>\n<\/div>\n"},"identifier":"b7e8e50fe929cf4316ad7de4a32d21aa3c753cc4","has_credential":[],"given_name":"Rebeca ","family_name":"Aguilera","name":"Rebeca  Aguilera","job_title":"","telephone":"","note":"","im":"","_self_schedule":null,"_links":{"self":[{"href":"https:\/\/educacion.udd.cl\/practicas-en-terreno\/wp-json\/wp\/v2\/people\/66","targetHints":{"allow":["GET"]}}],"collection":[{"href":"https:\/\/educacion.udd.cl\/practicas-en-terreno\/wp-json\/wp\/v2\/people"}],"about":[{"href":"https:\/\/educacion.udd.cl\/practicas-en-terreno\/wp-json\/wp\/v2\/types\/person"}],"wp:featuredmedia":[{"embeddable":true,"href":"https:\/\/educacion.udd.cl\/practicas-en-terreno\/wp-json\/wp\/v2\/media\/1719"}],"wp:attachment":[{"href":"https:\/\/educacion.udd.cl\/practicas-en-terreno\/wp-json\/wp\/v2\/media?parent=66"}],"wp:term":[{"taxonomy":"people_tax","embeddable":true,"href":"https:\/\/educacion.udd.cl\/practicas-en-terreno\/wp-json\/wp\/v2\/people_tax?post=66"},{"taxonomy":"people_areas","embeddable":true,"href":"https:\/\/educacion.udd.cl\/practicas-en-terreno\/wp-json\/wp\/v2\/people_areas?post=66"},{"taxonomy":"people_levels","embeddable":true,"href":"https:\/\/educacion.udd.cl\/practicas-en-terreno\/wp-json\/wp\/v2\/people_levels?post=66"}],"curies":[{"name":"wp","href":"https:\/\/api.w.org\/{rel}","templated":true}]}}

<!-- This site is optimized with the Yoast SEO plugin v26.9 - https://yoast.com/product/yoast-seo-wordpress/ -->
<title>Rebeca Aguilera - Prácticas en terreno | Facultad de Educación UDD</title>
<meta name="robots" content="index, follow, max-snippet:-1, max-image-preview:large, max-video-preview:-1" />
<link rel="canonical" href="https://educacion.udd.cl/practicas-en-terreno/persona/rebeca-aguilera/" />
<meta property="og:locale" content="es_ES" />
<meta property="og:type" content="article" />
<meta property="og:title" content="Rebeca Aguilera - Prácticas en terreno | Facultad de Educación UDD" />
<meta property="og:url" content="https://educacion.udd.cl/practicas-en-terreno/persona/rebeca-aguilera/" />
<meta property="og:site_name" content="Prácticas en terreno | Facultad de Educación UDD" />
<meta property="article:modified_time" content="2022-04-29T19:47:14+00:00" />
<meta property="og:image" content="https://educacion.udd.cl/practicas-en-terreno/files/2022/02/Rebeca-Aguilera.jpeg" />
	<meta property="og:image:width" content="437" />
	<meta property="og:image:height" content="508" />
	<meta property="og:image:type" content="image/jpeg" />
<meta name="twitter:card" content="summary_large_image" />
<script type="application/ld+json" class="yoast-schema-graph">{"@context":"https://schema.org","@graph":[{"@type":"WebPage","@id":"https://educacion.udd.cl/practicas-en-terreno/persona/rebeca-aguilera/","url":"https://educacion.udd.cl/practicas-en-terreno/persona/rebeca-aguilera/","name":"Rebeca Aguilera - Prácticas en terreno | Facultad de Educación UDD","isPartOf":{"@id":"https://educacion.udd.cl/practicas-en-terreno/#website"},"primaryImageOfPage":{"@id":"https://educacion.udd.cl/practicas-en-terreno/persona/rebeca-aguilera/#primaryimage"},"image":{"@id":"https://educacion.udd.cl/practicas-en-terreno/persona/rebeca-aguilera/#primaryimage"},"thumbnailUrl":"https://educacion.udd.cl/practicas-en-terreno/files/2022/02/Rebeca-Aguilera.jpeg","datePublished":"2022-02-23T19:47:14+00:00","dateModified":"2022-04-29T19:47:14+00:00","breadcrumb":{"@id":"https://educacion.udd.cl/practicas-en-terreno/persona/rebeca-aguilera/#breadcrumb"},"inLanguage":"es","potentialAction":[{"@type":"ReadAction","target":["https://educacion.udd.cl/practicas-en-terreno/persona/rebeca-aguilera/"]}]},{"@type":"ImageObject","inLanguage":"es","@id":"https://educacion.udd.cl/practicas-en-terreno/persona/rebeca-aguilera/#primaryimage","url":"https://educacion.udd.cl/practicas-en-terreno/files/2022/02/Rebeca-Aguilera.jpeg","contentUrl":"https://educacion.udd.cl/practicas-en-terreno/files/2022/02/Rebeca-Aguilera.jpeg","width":437,"height":508},{"@type":"BreadcrumbList","@id":"https://educacion.udd.cl/practicas-en-terreno/persona/rebeca-aguilera/#breadcrumb","itemListElement":[{"@type":"ListItem","position":1,"name":"Portada","item":"https://educacion.udd.cl/practicas-en-terreno/"},{"@type":"ListItem","position":2,"name":"Personas","item":"https://educacion.udd.cl/practicas-en-terreno/persona/"},{"@type":"ListItem","position":3,"name":"Rebeca Aguilera"}]},{"@type":"WebSite","@id":"https://educacion.udd.cl/practicas-en-terreno/#website","url":"https://educacion.udd.cl/practicas-en-terreno/","name":"Prácticas en terreno | Facultad de Educación UDD","description":"Facultad de Educación UDD","inLanguage":"es"}]}</script>
<!-- / Yoast SEO plugin. -->

Rebeca Aguilera - Prácticas en terreno | Facultad de Educación UDD

Prácticas en terreno | Facultad de Educación UDD

Facultad de Educación UDD

<div class="person-modal person-modal--scl">
	<header class="person-modal__header">
		<div class="person-modal__bg"></div>
		<div class="modal-container">
						<div class="person-modal__media">
				<img width="437" height="500" src="https://educacion.udd.cl/practicas-en-terreno/files/2022/02/Rebeca-Aguilera-62x62.jpeg" class="person-modal__image wp-post-image lazyload" alt="" decoding="async" loading="lazy" data-src="https://educacion.udd.cl/practicas-en-terreno/files/2022/02/Rebeca-Aguilera-437x500.jpeg" />			</div>
						<div class="person-modal__data">
				<h1 class="person-modal__name">Rebeca  Aguilera</h1>
													<a href="mailto:rebe&#099;&#097;a&#103;u&#105;&#108;e&#114;a&#064;&#117;dd&#046;&#099;l" class="person-modal__email">r&#101;&#98;&#101;c&#97;a&#103;&#117;&#105;&#108;e&#114;a&#64;&#117;dd&#46;cl</a>
									</div>
		</div>
	</header>
	<div class="modal-container">
			<div class="person-modal__content text">
										<p dir="ltr"><span>Soy Tutora Docente en Pedagogía en Educación Básica con mención en inglés (PEBI)</span></p>
<p dir="ltr"><span>Profesora General Básica y Licenciada en Educación de la Pontificia Universidad Católica de Chile, Psicopedagoda de la Universidad Educares, Magister en Dirección y Gestión Escolar de la UDD</span></p>
<p dir="ltr"><span>«Profesora, Jefe de Departamento, Coordinadora de Ciclo, Directora Académica y Rectora de colegios por 25 años, docente universitaria en programas de pre y post grado desde 2006. Socia/Consultora en Educación para Gestión Sistémica»</span></p>
<p dir="ltr"><span>Decidí ser tutora porque me encanta aportar a las nuevas generaciones desde el saber y la experiencia en terreno.</span></p>
		</div>
	</div>
</div>
