{"id":2536,"date":"2025-08-06T17:02:28","date_gmt":"2025-08-06T21:02:28","guid":{"rendered":"https:\/\/educacion.udd.cl\/practicas-en-terreno\/?post_type=person&#038;p=2536"},"modified":"2025-08-06T17:02:28","modified_gmt":"2025-08-06T21:02:28","slug":"camila-achondo","status":"publish","type":"person","link":"https:\/\/educacion.udd.cl\/practicas-en-terreno\/persona\/camila-achondo\/","featured_media":2537,"template":"","people_tax":[25],"people_areas":[],"people_levels":[],"class_list":["post-2536","person","type-person","status-publish","has-post-thumbnail","hentry","people_tax-equipo-pedagogia-en-educacion-de-parvulos"],"yoast_head":"<!-- This site is optimized with the Yoast SEO plugin v26.9 - https:\/\/yoast.com\/product\/yoast-seo-wordpress\/ -->\n<title>Camila Achondo - Pr\u00e1cticas en terreno | Facultad de Educaci\u00f3n UDD<\/title>\n<meta name=\"robots\" content=\"index, follow, max-snippet:-1, max-image-preview:large, max-video-preview:-1\" \/>\n<link rel=\"canonical\" href=\"https:\/\/educacion.udd.cl\/practicas-en-terreno\/persona\/camila-achondo\/\" \/>\n<meta property=\"og:locale\" content=\"es_ES\" \/>\n<meta property=\"og:type\" content=\"article\" \/>\n<meta property=\"og:title\" content=\"Camila Achondo - Pr\u00e1cticas en terreno | Facultad de Educaci\u00f3n UDD\" \/>\n<meta property=\"og:url\" content=\"https:\/\/educacion.udd.cl\/practicas-en-terreno\/persona\/camila-achondo\/\" \/>\n<meta property=\"og:site_name\" content=\"Pr\u00e1cticas en terreno | Facultad de Educaci\u00f3n UDD\" \/>\n<meta property=\"og:image\" content=\"https:\/\/educacion.udd.cl\/practicas-en-terreno\/files\/2025\/08\/camilaachondo.png\" \/>\n\t<meta property=\"og:image:width\" content=\"623\" \/>\n\t<meta property=\"og:image:height\" content=\"817\" \/>\n\t<meta property=\"og:image:type\" content=\"image\/png\" \/>\n<meta name=\"twitter:card\" content=\"summary_large_image\" \/>\n<meta name=\"twitter:label1\" content=\"Tiempo de lectura\" \/>\n\t<meta name=\"twitter:data1\" content=\"1 minuto\" \/>\n<script type=\"application\/ld+json\" class=\"yoast-schema-graph\">{\"@context\":\"https:\/\/schema.org\",\"@graph\":[{\"@type\":\"WebPage\",\"@id\":\"https:\/\/educacion.udd.cl\/practicas-en-terreno\/persona\/camila-achondo\/\",\"url\":\"https:\/\/educacion.udd.cl\/practicas-en-terreno\/persona\/camila-achondo\/\",\"name\":\"Camila Achondo - Pr\u00e1cticas en terreno | Facultad de Educaci\u00f3n UDD\",\"isPartOf\":{\"@id\":\"https:\/\/educacion.udd.cl\/practicas-en-terreno\/#website\"},\"primaryImageOfPage\":{\"@id\":\"https:\/\/educacion.udd.cl\/practicas-en-terreno\/persona\/camila-achondo\/#primaryimage\"},\"image\":{\"@id\":\"https:\/\/educacion.udd.cl\/practicas-en-terreno\/persona\/camila-achondo\/#primaryimage\"},\"thumbnailUrl\":\"https:\/\/educacion.udd.cl\/practicas-en-terreno\/files\/2025\/08\/camilaachondo.png\",\"datePublished\":\"2025-08-06T21:02:28+00:00\",\"breadcrumb\":{\"@id\":\"https:\/\/educacion.udd.cl\/practicas-en-terreno\/persona\/camila-achondo\/#breadcrumb\"},\"inLanguage\":\"es\",\"potentialAction\":[{\"@type\":\"ReadAction\",\"target\":[\"https:\/\/educacion.udd.cl\/practicas-en-terreno\/persona\/camila-achondo\/\"]}]},{\"@type\":\"ImageObject\",\"inLanguage\":\"es\",\"@id\":\"https:\/\/educacion.udd.cl\/practicas-en-terreno\/persona\/camila-achondo\/#primaryimage\",\"url\":\"https:\/\/educacion.udd.cl\/practicas-en-terreno\/files\/2025\/08\/camilaachondo.png\",\"contentUrl\":\"https:\/\/educacion.udd.cl\/practicas-en-terreno\/files\/2025\/08\/camilaachondo.png\",\"width\":623,\"height\":817},{\"@type\":\"BreadcrumbList\",\"@id\":\"https:\/\/educacion.udd.cl\/practicas-en-terreno\/persona\/camila-achondo\/#breadcrumb\",\"itemListElement\":[{\"@type\":\"ListItem\",\"position\":1,\"name\":\"Portada\",\"item\":\"https:\/\/educacion.udd.cl\/practicas-en-terreno\/\"},{\"@type\":\"ListItem\",\"position\":2,\"name\":\"Personas\",\"item\":\"https:\/\/educacion.udd.cl\/practicas-en-terreno\/persona\/\"},{\"@type\":\"ListItem\",\"position\":3,\"name\":\"Camila Achondo\"}]},{\"@type\":\"WebSite\",\"@id\":\"https:\/\/educacion.udd.cl\/practicas-en-terreno\/#website\",\"url\":\"https:\/\/educacion.udd.cl\/practicas-en-terreno\/\",\"name\":\"Pr\u00e1cticas en terreno | Facultad de Educaci\u00f3n UDD\",\"description\":\"Facultad de Educaci\u00f3n UDD\",\"inLanguage\":\"es\"}]}<\/script>\n<!-- \/ Yoast SEO plugin. -->","yoast_head_json":{"title":"Camila Achondo - Pr\u00e1cticas en terreno | Facultad de Educaci\u00f3n UDD","robots":{"index":"index","follow":"follow","max-snippet":"max-snippet:-1","max-image-preview":"max-image-preview:large","max-video-preview":"max-video-preview:-1"},"canonical":"https:\/\/educacion.udd.cl\/practicas-en-terreno\/persona\/camila-achondo\/","og_locale":"es_ES","og_type":"article","og_title":"Camila Achondo - Pr\u00e1cticas en terreno | Facultad de Educaci\u00f3n UDD","og_url":"https:\/\/educacion.udd.cl\/practicas-en-terreno\/persona\/camila-achondo\/","og_site_name":"Pr\u00e1cticas en terreno | Facultad de Educaci\u00f3n UDD","og_image":[{"width":623,"height":817,"url":"https:\/\/educacion.udd.cl\/practicas-en-terreno\/files\/2025\/08\/camilaachondo.png","type":"image\/png"}],"twitter_card":"summary_large_image","twitter_misc":{"Tiempo de lectura":"1 minuto"},"schema":{"@context":"https:\/\/schema.org","@graph":[{"@type":"WebPage","@id":"https:\/\/educacion.udd.cl\/practicas-en-terreno\/persona\/camila-achondo\/","url":"https:\/\/educacion.udd.cl\/practicas-en-terreno\/persona\/camila-achondo\/","name":"Camila Achondo - Pr\u00e1cticas en terreno | Facultad de Educaci\u00f3n UDD","isPartOf":{"@id":"https:\/\/educacion.udd.cl\/practicas-en-terreno\/#website"},"primaryImageOfPage":{"@id":"https:\/\/educacion.udd.cl\/practicas-en-terreno\/persona\/camila-achondo\/#primaryimage"},"image":{"@id":"https:\/\/educacion.udd.cl\/practicas-en-terreno\/persona\/camila-achondo\/#primaryimage"},"thumbnailUrl":"https:\/\/educacion.udd.cl\/practicas-en-terreno\/files\/2025\/08\/camilaachondo.png","datePublished":"2025-08-06T21:02:28+00:00","breadcrumb":{"@id":"https:\/\/educacion.udd.cl\/practicas-en-terreno\/persona\/camila-achondo\/#breadcrumb"},"inLanguage":"es","potentialAction":[{"@type":"ReadAction","target":["https:\/\/educacion.udd.cl\/practicas-en-terreno\/persona\/camila-achondo\/"]}]},{"@type":"ImageObject","inLanguage":"es","@id":"https:\/\/educacion.udd.cl\/practicas-en-terreno\/persona\/camila-achondo\/#primaryimage","url":"https:\/\/educacion.udd.cl\/practicas-en-terreno\/files\/2025\/08\/camilaachondo.png","contentUrl":"https:\/\/educacion.udd.cl\/practicas-en-terreno\/files\/2025\/08\/camilaachondo.png","width":623,"height":817},{"@type":"BreadcrumbList","@id":"https:\/\/educacion.udd.cl\/practicas-en-terreno\/persona\/camila-achondo\/#breadcrumb","itemListElement":[{"@type":"ListItem","position":1,"name":"Portada","item":"https:\/\/educacion.udd.cl\/practicas-en-terreno\/"},{"@type":"ListItem","position":2,"name":"Personas","item":"https:\/\/educacion.udd.cl\/practicas-en-terreno\/persona\/"},{"@type":"ListItem","position":3,"name":"Camila Achondo"}]},{"@type":"WebSite","@id":"https:\/\/educacion.udd.cl\/practicas-en-terreno\/#website","url":"https:\/\/educacion.udd.cl\/practicas-en-terreno\/","name":"Pr\u00e1cticas en terreno | Facultad de Educaci\u00f3n UDD","description":"Facultad de Educaci\u00f3n UDD","inLanguage":"es"}]}},"label":"Camila Achondo","title":{"rendered":"Camila Achondo"},"role":false,"thumbnail_url":"https:\/\/educacion.udd.cl\/practicas-en-terreno\/files\/2025\/08\/camilaachondo-500x500.png","email":"","tel_job":"","content":{"rendered":"<div class=\"person-modal person-modal--scl\">\n\t<header class=\"person-modal__header\">\n\t\t<div class=\"person-modal__bg\"><\/div>\n\t\t<div class=\"modal-container\">\n\t\t\t\t\t\t<div class=\"person-modal__media\">\n\t\t\t\t<img width=\"500\" height=\"500\" src=\"https:\/\/educacion.udd.cl\/practicas-en-terreno\/files\/2025\/08\/camilaachondo-62x62.png\" class=\"person-modal__image wp-post-image lazyload\" alt=\"\" decoding=\"async\" loading=\"lazy\" sizes=\"auto, (max-width: 500px) 100vw, 500px\" data-src=\"https:\/\/educacion.udd.cl\/practicas-en-terreno\/files\/2025\/08\/camilaachondo-500x500.png\" data-srcset=\"https:\/\/educacion.udd.cl\/practicas-en-terreno\/files\/2025\/08\/camilaachondo-500x500.png 500w, https:\/\/educacion.udd.cl\/practicas-en-terreno\/files\/2025\/08\/camilaachondo-150x150.png 150w, https:\/\/educacion.udd.cl\/practicas-en-terreno\/files\/2025\/08\/camilaachondo-62x62.png 62w, https:\/\/educacion.udd.cl\/practicas-en-terreno\/files\/2025\/08\/camilaachondo-250x250.png 250w, https:\/\/educacion.udd.cl\/practicas-en-terreno\/files\/2025\/08\/camilaachondo-126x126.png 126w\" \/>\t\t\t<\/div>\n\t\t\t\t\t\t<div class=\"person-modal__data\">\n\t\t\t\t<h1 class=\"person-modal__name\">Camila Achondo<\/h1>\n\t\t\t\t\t\t\t\t\t\t\t\t\t\t\t<\/div>\n\t\t<\/div>\n\t<\/header>\n\t<div class=\"modal-container\">\n\t\t\t<div class=\"person-modal__content text\">\n\t\t\t\t\t\t\t\t\t\t<div class=\"OutlineElement Ltr SCXW248305646 BCX0\">\n<p class=\"Paragraph SCXW248305646 BCX0\"><span class=\"TextRun SCXW248305646 BCX0\" lang=\"ES\" xml:lang=\"ES\" data-contrast=\"none\">Soy Educadora de P\u00e1rvulos UDD, complementado mi educaci\u00f3n continua con\u00a0 Mag\u00edster en Psicopedagog\u00eda UDD y Diplomado en Ajustes Curriculares para N.E.E Universidad de los Andes.<\/span><span class=\"EOP SCXW248305646 BCX0\" data-ccp-props=\"{&quot;335557856&quot;:16777215}\">\u00a0<\/span><\/p>\n<\/div>\n<div class=\"OutlineElement Ltr SCXW248305646 BCX0\">\n<p class=\"Paragraph SCXW248305646 BCX0\"><span class=\"EOP SCXW248305646 BCX0\" data-ccp-props=\"{&quot;335557856&quot;:16777215}\">\u00a0<\/span><\/p>\n<\/div>\n<div class=\"OutlineElement Ltr SCXW248305646 BCX0\">\n<p class=\"Paragraph SCXW248305646 BCX0\"><span class=\"TextRun SCXW248305646 BCX0\" lang=\"ES\" xml:lang=\"ES\" data-contrast=\"none\">Actualmente trabajo en Santiago College, como profesora jefe de K\u00ednder, llevando ya 7 a\u00f1os de trabajo en sala en dicho nivel.\u00a0<\/span><span class=\"EOP SCXW248305646 BCX0\" data-ccp-props=\"{&quot;335557856&quot;:16777215}\">\u00a0<\/span><\/p>\n<\/div>\n<div class=\"OutlineElement Ltr SCXW248305646 BCX0\">\n<p class=\"Paragraph SCXW248305646 BCX0\"><span class=\"EOP SCXW248305646 BCX0\" data-ccp-props=\"{&quot;335557856&quot;:16777215}\">\u00a0<\/span><\/p>\n<\/div>\n<div class=\"OutlineElement Ltr SCXW248305646 BCX0\">\n<p class=\"Paragraph SCXW248305646 BCX0\"><span class=\"TextRun SCXW248305646 BCX0\" lang=\"ES\" xml:lang=\"ES\" data-contrast=\"none\"><span class=\"NormalTextRun SCXW248305646 BCX0\">Adem\u00e1s, he tomado el desaf\u00edo de apoyar la formaci\u00f3n de futuras educadoras siendo Co Tutora de Pr\u00e1ctica V &#8211; PEP Menci\u00f3n Ingl\u00e9s. De esta forma, acompa\u00f1amos a las futuras docentes en este camino de rigor, profesionalismo, responsabilidad y goce por generar interacciones poderosas y ambientes activos modificantes que impacten en estudiantes, que se enfrentan d\u00eda a d\u00eda con un mundo desafiante y que requieren experiencias que promuevan el desarrollo de habilidades que les permitan desenvolverse de manera oportuna<\/span><span class=\"NormalTextRun SCXW248305646 BCX0\"> y con un fuerte pensamiento cr\u00edtico, siendo as\u00ed agentes de cambios y aporte a la ciudadan\u00eda, valorando la diversidad como una oportunidad de aprendizaje con todos y para todos.<\/span><\/span><span class=\"EOP SCXW248305646 BCX0\" data-ccp-props=\"{&quot;335557856&quot;:16777215}\">\u00a0<\/span><\/p>\n<\/div>\n<div class=\"OutlineElement Ltr SCXW248305646 BCX0\">\n<p class=\"Paragraph SCXW248305646 BCX0\">\n<\/div>\n\t\t<\/div>\n\t<\/div>\n<\/div>\n"},"identifier":"05a9882c7ed70136cf712b81ca8319383c737ad0","has_credential":[],"given_name":"Camila","family_name":"Achondo","name":"Camila Achondo","job_title":"","telephone":"","note":"","im":"","_self_schedule":null,"_links":{"self":[{"href":"https:\/\/educacion.udd.cl\/practicas-en-terreno\/wp-json\/wp\/v2\/people\/2536","targetHints":{"allow":["GET"]}}],"collection":[{"href":"https:\/\/educacion.udd.cl\/practicas-en-terreno\/wp-json\/wp\/v2\/people"}],"about":[{"href":"https:\/\/educacion.udd.cl\/practicas-en-terreno\/wp-json\/wp\/v2\/types\/person"}],"wp:featuredmedia":[{"embeddable":true,"href":"https:\/\/educacion.udd.cl\/practicas-en-terreno\/wp-json\/wp\/v2\/media\/2537"}],"wp:attachment":[{"href":"https:\/\/educacion.udd.cl\/practicas-en-terreno\/wp-json\/wp\/v2\/media?parent=2536"}],"wp:term":[{"taxonomy":"people_tax","embeddable":true,"href":"https:\/\/educacion.udd.cl\/practicas-en-terreno\/wp-json\/wp\/v2\/people_tax?post=2536"},{"taxonomy":"people_areas","embeddable":true,"href":"https:\/\/educacion.udd.cl\/practicas-en-terreno\/wp-json\/wp\/v2\/people_areas?post=2536"},{"taxonomy":"people_levels","embeddable":true,"href":"https:\/\/educacion.udd.cl\/practicas-en-terreno\/wp-json\/wp\/v2\/people_levels?post=2536"}],"curies":[{"name":"wp","href":"https:\/\/api.w.org\/{rel}","templated":true}]}}

<!-- This site is optimized with the Yoast SEO plugin v26.9 - https://yoast.com/product/yoast-seo-wordpress/ -->
<title>Camila Achondo - Prácticas en terreno | Facultad de Educación UDD</title>
<meta name="robots" content="index, follow, max-snippet:-1, max-image-preview:large, max-video-preview:-1" />
<link rel="canonical" href="https://educacion.udd.cl/practicas-en-terreno/persona/camila-achondo/" />
<meta property="og:locale" content="es_ES" />
<meta property="og:type" content="article" />
<meta property="og:title" content="Camila Achondo - Prácticas en terreno | Facultad de Educación UDD" />
<meta property="og:url" content="https://educacion.udd.cl/practicas-en-terreno/persona/camila-achondo/" />
<meta property="og:site_name" content="Prácticas en terreno | Facultad de Educación UDD" />
<meta property="og:image" content="https://educacion.udd.cl/practicas-en-terreno/files/2025/08/camilaachondo.png" />
	<meta property="og:image:width" content="623" />
	<meta property="og:image:height" content="817" />
	<meta property="og:image:type" content="image/png" />
<meta name="twitter:card" content="summary_large_image" />
<meta name="twitter:label1" content="Tiempo de lectura" />
	<meta name="twitter:data1" content="1 minuto" />
<script type="application/ld+json" class="yoast-schema-graph">{"@context":"https://schema.org","@graph":[{"@type":"WebPage","@id":"https://educacion.udd.cl/practicas-en-terreno/persona/camila-achondo/","url":"https://educacion.udd.cl/practicas-en-terreno/persona/camila-achondo/","name":"Camila Achondo - Prácticas en terreno | Facultad de Educación UDD","isPartOf":{"@id":"https://educacion.udd.cl/practicas-en-terreno/#website"},"primaryImageOfPage":{"@id":"https://educacion.udd.cl/practicas-en-terreno/persona/camila-achondo/#primaryimage"},"image":{"@id":"https://educacion.udd.cl/practicas-en-terreno/persona/camila-achondo/#primaryimage"},"thumbnailUrl":"https://educacion.udd.cl/practicas-en-terreno/files/2025/08/camilaachondo.png","datePublished":"2025-08-06T21:02:28+00:00","breadcrumb":{"@id":"https://educacion.udd.cl/practicas-en-terreno/persona/camila-achondo/#breadcrumb"},"inLanguage":"es","potentialAction":[{"@type":"ReadAction","target":["https://educacion.udd.cl/practicas-en-terreno/persona/camila-achondo/"]}]},{"@type":"ImageObject","inLanguage":"es","@id":"https://educacion.udd.cl/practicas-en-terreno/persona/camila-achondo/#primaryimage","url":"https://educacion.udd.cl/practicas-en-terreno/files/2025/08/camilaachondo.png","contentUrl":"https://educacion.udd.cl/practicas-en-terreno/files/2025/08/camilaachondo.png","width":623,"height":817},{"@type":"BreadcrumbList","@id":"https://educacion.udd.cl/practicas-en-terreno/persona/camila-achondo/#breadcrumb","itemListElement":[{"@type":"ListItem","position":1,"name":"Portada","item":"https://educacion.udd.cl/practicas-en-terreno/"},{"@type":"ListItem","position":2,"name":"Personas","item":"https://educacion.udd.cl/practicas-en-terreno/persona/"},{"@type":"ListItem","position":3,"name":"Camila Achondo"}]},{"@type":"WebSite","@id":"https://educacion.udd.cl/practicas-en-terreno/#website","url":"https://educacion.udd.cl/practicas-en-terreno/","name":"Prácticas en terreno | Facultad de Educación UDD","description":"Facultad de Educación UDD","inLanguage":"es"}]}</script>
<!-- / Yoast SEO plugin. -->

Camila Achondo - Prácticas en terreno | Facultad de Educación UDD

Prácticas en terreno | Facultad de Educación UDD

Facultad de Educación UDD

<div class="person-modal person-modal--scl">
	<header class="person-modal__header">
		<div class="person-modal__bg"></div>
		<div class="modal-container">
						<div class="person-modal__media">
				<img width="500" height="500" src="https://educacion.udd.cl/practicas-en-terreno/files/2025/08/camilaachondo-62x62.png" class="person-modal__image wp-post-image lazyload" alt="" decoding="async" loading="lazy" sizes="auto, (max-width: 500px) 100vw, 500px" data-src="https://educacion.udd.cl/practicas-en-terreno/files/2025/08/camilaachondo-500x500.png" data-srcset="https://educacion.udd.cl/practicas-en-terreno/files/2025/08/camilaachondo-500x500.png 500w, https://educacion.udd.cl/practicas-en-terreno/files/2025/08/camilaachondo-150x150.png 150w, https://educacion.udd.cl/practicas-en-terreno/files/2025/08/camilaachondo-62x62.png 62w, https://educacion.udd.cl/practicas-en-terreno/files/2025/08/camilaachondo-250x250.png 250w, https://educacion.udd.cl/practicas-en-terreno/files/2025/08/camilaachondo-126x126.png 126w" />			</div>
						<div class="person-modal__data">
				<h1 class="person-modal__name">Camila Achondo</h1>
															</div>
		</div>
	</header>
	<div class="modal-container">
			<div class="person-modal__content text">
										<div class="OutlineElement Ltr SCXW248305646 BCX0">
<p class="Paragraph SCXW248305646 BCX0"><span class="TextRun SCXW248305646 BCX0" lang="ES" xml:lang="ES" data-contrast="none">Soy Educadora de Párvulos UDD, complementado mi educación continua con  Magíster en Psicopedagogía UDD y Diplomado en Ajustes Curriculares para N.E.E Universidad de los Andes.</span><span class="EOP SCXW248305646 BCX0" data-ccp-props="{&quot;335557856&quot;:16777215}"> </span></p>
</div>
<div class="OutlineElement Ltr SCXW248305646 BCX0">
<p class="Paragraph SCXW248305646 BCX0"><span class="EOP SCXW248305646 BCX0" data-ccp-props="{&quot;335557856&quot;:16777215}"> </span></p>
</div>
<div class="OutlineElement Ltr SCXW248305646 BCX0">
<p class="Paragraph SCXW248305646 BCX0"><span class="TextRun SCXW248305646 BCX0" lang="ES" xml:lang="ES" data-contrast="none">Actualmente trabajo en Santiago College, como profesora jefe de Kínder, llevando ya 7 años de trabajo en sala en dicho nivel. </span><span class="EOP SCXW248305646 BCX0" data-ccp-props="{&quot;335557856&quot;:16777215}"> </span></p>
</div>
<div class="OutlineElement Ltr SCXW248305646 BCX0">
<p class="Paragraph SCXW248305646 BCX0"><span class="EOP SCXW248305646 BCX0" data-ccp-props="{&quot;335557856&quot;:16777215}"> </span></p>
</div>
<div class="OutlineElement Ltr SCXW248305646 BCX0">
<p class="Paragraph SCXW248305646 BCX0"><span class="TextRun SCXW248305646 BCX0" lang="ES" xml:lang="ES" data-contrast="none"><span class="NormalTextRun SCXW248305646 BCX0">Además, he tomado el desafío de apoyar la formación de futuras educadoras siendo Co Tutora de Práctica V &#8211; PEP Mención Inglés. De esta forma, acompañamos a las futuras docentes en este camino de rigor, profesionalismo, responsabilidad y goce por generar interacciones poderosas y ambientes activos modificantes que impacten en estudiantes, que se enfrentan día a día con un mundo desafiante y que requieren experiencias que promuevan el desarrollo de habilidades que les permitan desenvolverse de manera oportuna</span><span class="NormalTextRun SCXW248305646 BCX0"> y con un fuerte pensamiento crítico, siendo así agentes de cambios y aporte a la ciudadanía, valorando la diversidad como una oportunidad de aprendizaje con todos y para todos.</span></span><span class="EOP SCXW248305646 BCX0" data-ccp-props="{&quot;335557856&quot;:16777215}"> </span></p>
</div>
<div class="OutlineElement Ltr SCXW248305646 BCX0">
<p class="Paragraph SCXW248305646 BCX0">
</div>
		</div>
	</div>
</div>
