{"id":2534,"date":"2025-08-06T16:58:02","date_gmt":"2025-08-06T20:58:02","guid":{"rendered":"https:\/\/educacion.udd.cl\/practicas-en-terreno\/?post_type=person&#038;p=2534"},"modified":"2025-08-06T16:58:02","modified_gmt":"2025-08-06T20:58:02","slug":"lorena-vasquez-2","status":"publish","type":"person","link":"https:\/\/educacion.udd.cl\/practicas-en-terreno\/persona\/lorena-vasquez-2\/","featured_media":2535,"template":"","people_tax":[25],"people_areas":[],"people_levels":[],"class_list":["post-2534","person","type-person","status-publish","has-post-thumbnail","hentry","people_tax-equipo-pedagogia-en-educacion-de-parvulos"],"yoast_head":"<!-- This site is optimized with the Yoast SEO plugin v26.9 - https:\/\/yoast.com\/product\/yoast-seo-wordpress\/ -->\n<title>Lorena V\u00e1squez - Pr\u00e1cticas en terreno | Facultad de Educaci\u00f3n UDD<\/title>\n<meta name=\"robots\" content=\"index, follow, max-snippet:-1, max-image-preview:large, max-video-preview:-1\" \/>\n<link rel=\"canonical\" href=\"https:\/\/educacion.udd.cl\/practicas-en-terreno\/persona\/lorena-vasquez-2\/\" \/>\n<meta property=\"og:locale\" content=\"es_ES\" \/>\n<meta property=\"og:type\" content=\"article\" \/>\n<meta property=\"og:title\" content=\"Lorena V\u00e1squez - Pr\u00e1cticas en terreno | Facultad de Educaci\u00f3n UDD\" \/>\n<meta property=\"og:url\" content=\"https:\/\/educacion.udd.cl\/practicas-en-terreno\/persona\/lorena-vasquez-2\/\" \/>\n<meta property=\"og:site_name\" content=\"Pr\u00e1cticas en terreno | Facultad de Educaci\u00f3n UDD\" \/>\n<meta property=\"og:image\" content=\"https:\/\/educacion.udd.cl\/practicas-en-terreno\/files\/2025\/08\/lorenavasquez.png\" \/>\n\t<meta property=\"og:image:width\" content=\"617\" \/>\n\t<meta property=\"og:image:height\" content=\"763\" \/>\n\t<meta property=\"og:image:type\" content=\"image\/png\" \/>\n<meta name=\"twitter:card\" content=\"summary_large_image\" \/>\n<meta name=\"twitter:label1\" content=\"Tiempo de lectura\" \/>\n\t<meta name=\"twitter:data1\" content=\"1 minuto\" \/>\n<script type=\"application\/ld+json\" class=\"yoast-schema-graph\">{\"@context\":\"https:\/\/schema.org\",\"@graph\":[{\"@type\":\"WebPage\",\"@id\":\"https:\/\/educacion.udd.cl\/practicas-en-terreno\/persona\/lorena-vasquez-2\/\",\"url\":\"https:\/\/educacion.udd.cl\/practicas-en-terreno\/persona\/lorena-vasquez-2\/\",\"name\":\"Lorena V\u00e1squez - Pr\u00e1cticas en terreno | Facultad de Educaci\u00f3n UDD\",\"isPartOf\":{\"@id\":\"https:\/\/educacion.udd.cl\/practicas-en-terreno\/#website\"},\"primaryImageOfPage\":{\"@id\":\"https:\/\/educacion.udd.cl\/practicas-en-terreno\/persona\/lorena-vasquez-2\/#primaryimage\"},\"image\":{\"@id\":\"https:\/\/educacion.udd.cl\/practicas-en-terreno\/persona\/lorena-vasquez-2\/#primaryimage\"},\"thumbnailUrl\":\"https:\/\/educacion.udd.cl\/practicas-en-terreno\/files\/2025\/08\/lorenavasquez.png\",\"datePublished\":\"2025-08-06T20:58:02+00:00\",\"breadcrumb\":{\"@id\":\"https:\/\/educacion.udd.cl\/practicas-en-terreno\/persona\/lorena-vasquez-2\/#breadcrumb\"},\"inLanguage\":\"es\",\"potentialAction\":[{\"@type\":\"ReadAction\",\"target\":[\"https:\/\/educacion.udd.cl\/practicas-en-terreno\/persona\/lorena-vasquez-2\/\"]}]},{\"@type\":\"ImageObject\",\"inLanguage\":\"es\",\"@id\":\"https:\/\/educacion.udd.cl\/practicas-en-terreno\/persona\/lorena-vasquez-2\/#primaryimage\",\"url\":\"https:\/\/educacion.udd.cl\/practicas-en-terreno\/files\/2025\/08\/lorenavasquez.png\",\"contentUrl\":\"https:\/\/educacion.udd.cl\/practicas-en-terreno\/files\/2025\/08\/lorenavasquez.png\",\"width\":617,\"height\":763},{\"@type\":\"BreadcrumbList\",\"@id\":\"https:\/\/educacion.udd.cl\/practicas-en-terreno\/persona\/lorena-vasquez-2\/#breadcrumb\",\"itemListElement\":[{\"@type\":\"ListItem\",\"position\":1,\"name\":\"Portada\",\"item\":\"https:\/\/educacion.udd.cl\/practicas-en-terreno\/\"},{\"@type\":\"ListItem\",\"position\":2,\"name\":\"Personas\",\"item\":\"https:\/\/educacion.udd.cl\/practicas-en-terreno\/persona\/\"},{\"@type\":\"ListItem\",\"position\":3,\"name\":\"Lorena V\u00e1squez\"}]},{\"@type\":\"WebSite\",\"@id\":\"https:\/\/educacion.udd.cl\/practicas-en-terreno\/#website\",\"url\":\"https:\/\/educacion.udd.cl\/practicas-en-terreno\/\",\"name\":\"Pr\u00e1cticas en terreno | Facultad de Educaci\u00f3n UDD\",\"description\":\"Facultad de Educaci\u00f3n UDD\",\"inLanguage\":\"es\"}]}<\/script>\n<!-- \/ Yoast SEO plugin. -->","yoast_head_json":{"title":"Lorena V\u00e1squez - Pr\u00e1cticas en terreno | Facultad de Educaci\u00f3n UDD","robots":{"index":"index","follow":"follow","max-snippet":"max-snippet:-1","max-image-preview":"max-image-preview:large","max-video-preview":"max-video-preview:-1"},"canonical":"https:\/\/educacion.udd.cl\/practicas-en-terreno\/persona\/lorena-vasquez-2\/","og_locale":"es_ES","og_type":"article","og_title":"Lorena V\u00e1squez - Pr\u00e1cticas en terreno | Facultad de Educaci\u00f3n UDD","og_url":"https:\/\/educacion.udd.cl\/practicas-en-terreno\/persona\/lorena-vasquez-2\/","og_site_name":"Pr\u00e1cticas en terreno | Facultad de Educaci\u00f3n UDD","og_image":[{"width":617,"height":763,"url":"https:\/\/educacion.udd.cl\/practicas-en-terreno\/files\/2025\/08\/lorenavasquez.png","type":"image\/png"}],"twitter_card":"summary_large_image","twitter_misc":{"Tiempo de lectura":"1 minuto"},"schema":{"@context":"https:\/\/schema.org","@graph":[{"@type":"WebPage","@id":"https:\/\/educacion.udd.cl\/practicas-en-terreno\/persona\/lorena-vasquez-2\/","url":"https:\/\/educacion.udd.cl\/practicas-en-terreno\/persona\/lorena-vasquez-2\/","name":"Lorena V\u00e1squez - Pr\u00e1cticas en terreno | Facultad de Educaci\u00f3n UDD","isPartOf":{"@id":"https:\/\/educacion.udd.cl\/practicas-en-terreno\/#website"},"primaryImageOfPage":{"@id":"https:\/\/educacion.udd.cl\/practicas-en-terreno\/persona\/lorena-vasquez-2\/#primaryimage"},"image":{"@id":"https:\/\/educacion.udd.cl\/practicas-en-terreno\/persona\/lorena-vasquez-2\/#primaryimage"},"thumbnailUrl":"https:\/\/educacion.udd.cl\/practicas-en-terreno\/files\/2025\/08\/lorenavasquez.png","datePublished":"2025-08-06T20:58:02+00:00","breadcrumb":{"@id":"https:\/\/educacion.udd.cl\/practicas-en-terreno\/persona\/lorena-vasquez-2\/#breadcrumb"},"inLanguage":"es","potentialAction":[{"@type":"ReadAction","target":["https:\/\/educacion.udd.cl\/practicas-en-terreno\/persona\/lorena-vasquez-2\/"]}]},{"@type":"ImageObject","inLanguage":"es","@id":"https:\/\/educacion.udd.cl\/practicas-en-terreno\/persona\/lorena-vasquez-2\/#primaryimage","url":"https:\/\/educacion.udd.cl\/practicas-en-terreno\/files\/2025\/08\/lorenavasquez.png","contentUrl":"https:\/\/educacion.udd.cl\/practicas-en-terreno\/files\/2025\/08\/lorenavasquez.png","width":617,"height":763},{"@type":"BreadcrumbList","@id":"https:\/\/educacion.udd.cl\/practicas-en-terreno\/persona\/lorena-vasquez-2\/#breadcrumb","itemListElement":[{"@type":"ListItem","position":1,"name":"Portada","item":"https:\/\/educacion.udd.cl\/practicas-en-terreno\/"},{"@type":"ListItem","position":2,"name":"Personas","item":"https:\/\/educacion.udd.cl\/practicas-en-terreno\/persona\/"},{"@type":"ListItem","position":3,"name":"Lorena V\u00e1squez"}]},{"@type":"WebSite","@id":"https:\/\/educacion.udd.cl\/practicas-en-terreno\/#website","url":"https:\/\/educacion.udd.cl\/practicas-en-terreno\/","name":"Pr\u00e1cticas en terreno | Facultad de Educaci\u00f3n UDD","description":"Facultad de Educaci\u00f3n UDD","inLanguage":"es"}]}},"label":"Lorena  V\u00e1squez","title":{"rendered":"Lorena  V\u00e1squez"},"role":false,"thumbnail_url":"https:\/\/educacion.udd.cl\/practicas-en-terreno\/files\/2025\/08\/lorenavasquez-500x500.png","email":"","tel_job":"","content":{"rendered":"<div class=\"person-modal person-modal--scl\">\n\t<header class=\"person-modal__header\">\n\t\t<div class=\"person-modal__bg\"><\/div>\n\t\t<div class=\"modal-container\">\n\t\t\t\t\t\t<div class=\"person-modal__media\">\n\t\t\t\t<img width=\"500\" height=\"500\" src=\"https:\/\/educacion.udd.cl\/practicas-en-terreno\/files\/2025\/08\/lorenavasquez-62x62.png\" class=\"person-modal__image wp-post-image lazyload\" alt=\"\" decoding=\"async\" loading=\"lazy\" sizes=\"auto, (max-width: 500px) 100vw, 500px\" data-src=\"https:\/\/educacion.udd.cl\/practicas-en-terreno\/files\/2025\/08\/lorenavasquez-500x500.png\" data-srcset=\"https:\/\/educacion.udd.cl\/practicas-en-terreno\/files\/2025\/08\/lorenavasquez-500x500.png 500w, https:\/\/educacion.udd.cl\/practicas-en-terreno\/files\/2025\/08\/lorenavasquez-150x150.png 150w, https:\/\/educacion.udd.cl\/practicas-en-terreno\/files\/2025\/08\/lorenavasquez-62x62.png 62w, https:\/\/educacion.udd.cl\/practicas-en-terreno\/files\/2025\/08\/lorenavasquez-250x250.png 250w, https:\/\/educacion.udd.cl\/practicas-en-terreno\/files\/2025\/08\/lorenavasquez-126x126.png 126w\" \/>\t\t\t<\/div>\n\t\t\t\t\t\t<div class=\"person-modal__data\">\n\t\t\t\t<h1 class=\"person-modal__name\">Lorena  V\u00e1squez<\/h1>\n\t\t\t\t\t\t\t\t\t\t\t\t\t\t\t<\/div>\n\t\t<\/div>\n\t<\/header>\n\t<div class=\"modal-container\">\n\t\t\t<div class=\"person-modal__content text\">\n\t\t\t\t\t\t\t\t\t\t<div class=\"OutlineElement Ltr SCXW163783514 BCX0\">\n<p class=\"Paragraph SCXW163783514 BCX0\"><span class=\"TextRun SCXW163783514 BCX0\" lang=\"ES-CL\" xml:lang=\"ES-CL\" data-contrast=\"none\"><span class=\"NormalTextRun SCXW163783514 BCX0\">Soy docente y tutora de pr\u00e1cticas en la carrera pedagog\u00eda en educaci\u00f3n de p\u00e1rvulos. De profesi\u00f3n Educadora de P\u00e1rvulos, Mag\u00edster en educaci\u00f3n <\/span><span class=\"NormalTextRun SCXW163783514 BCX0\">parvularia<\/span><span class=\"NormalTextRun SCXW163783514 BCX0\">, Mag\u00edster en Direcci\u00f3n y Liderazgo Escolar, Doctora en Educaci\u00f3n y recientemente Diplomada en Aprendizaje al Aire Libre. Luego de desempe\u00f1arme en aula por muchos a\u00f1os, inicio el camino de formar a educadoras.<\/span><\/span><span class=\"EOP SCXW163783514 BCX0\" data-ccp-props=\"{&quot;201341983&quot;:0,&quot;335557856&quot;:16777215,&quot;335559739&quot;:0,&quot;335559740&quot;:240}\">\u00a0<\/span><\/p>\n<\/div>\n<div class=\"OutlineElement Ltr SCXW163783514 BCX0\">\n<p class=\"Paragraph SCXW163783514 BCX0\"><span class=\"TextRun SCXW163783514 BCX0\" lang=\"ES-CL\" xml:lang=\"ES-CL\" data-contrast=\"none\"><span class=\"NormalTextRun SCXW163783514 BCX0\">Estoy convencida de que esta facultad ofrece a las futuras profesionales todos los conocimientos y habilidades para contribuir en una educaci\u00f3n <\/span><span class=\"NormalTextRun SCXW163783514 BCX0\">parvularia<\/span><span class=\"NormalTextRun SCXW163783514 BCX0\"> de calidad. Favoreciendo<\/span><span class=\"NormalTextRun SCXW163783514 BCX0\"> un acompa\u00f1amiento y reflexi\u00f3n permanente en cada etapa de su formaci\u00f3n.\u202f<\/span><\/span><span class=\"EOP SCXW163783514 BCX0\" data-ccp-props=\"{&quot;201341983&quot;:0,&quot;335557856&quot;:16777215,&quot;335559739&quot;:0,&quot;335559740&quot;:240}\">\u00a0<\/span><\/p>\n<\/div>\n<div class=\"OutlineElement Ltr SCXW163783514 BCX0\">\n<p class=\"Paragraph SCXW163783514 BCX0\">\n<\/div>\n\t\t<\/div>\n\t<\/div>\n<\/div>\n"},"identifier":"6465bc3ac5b79719f9f3b98ec672dfff71fd41f1","has_credential":[],"given_name":"Lorena ","family_name":"V\u00e1squez","name":"Lorena  V\u00e1squez","job_title":"","telephone":"","note":"","im":"","_self_schedule":null,"_links":{"self":[{"href":"https:\/\/educacion.udd.cl\/practicas-en-terreno\/wp-json\/wp\/v2\/people\/2534","targetHints":{"allow":["GET"]}}],"collection":[{"href":"https:\/\/educacion.udd.cl\/practicas-en-terreno\/wp-json\/wp\/v2\/people"}],"about":[{"href":"https:\/\/educacion.udd.cl\/practicas-en-terreno\/wp-json\/wp\/v2\/types\/person"}],"wp:featuredmedia":[{"embeddable":true,"href":"https:\/\/educacion.udd.cl\/practicas-en-terreno\/wp-json\/wp\/v2\/media\/2535"}],"wp:attachment":[{"href":"https:\/\/educacion.udd.cl\/practicas-en-terreno\/wp-json\/wp\/v2\/media?parent=2534"}],"wp:term":[{"taxonomy":"people_tax","embeddable":true,"href":"https:\/\/educacion.udd.cl\/practicas-en-terreno\/wp-json\/wp\/v2\/people_tax?post=2534"},{"taxonomy":"people_areas","embeddable":true,"href":"https:\/\/educacion.udd.cl\/practicas-en-terreno\/wp-json\/wp\/v2\/people_areas?post=2534"},{"taxonomy":"people_levels","embeddable":true,"href":"https:\/\/educacion.udd.cl\/practicas-en-terreno\/wp-json\/wp\/v2\/people_levels?post=2534"}],"curies":[{"name":"wp","href":"https:\/\/api.w.org\/{rel}","templated":true}]}}

<!-- This site is optimized with the Yoast SEO plugin v26.9 - https://yoast.com/product/yoast-seo-wordpress/ -->
<title>Lorena Vásquez - Prácticas en terreno | Facultad de Educación UDD</title>
<meta name="robots" content="index, follow, max-snippet:-1, max-image-preview:large, max-video-preview:-1" />
<link rel="canonical" href="https://educacion.udd.cl/practicas-en-terreno/persona/lorena-vasquez-2/" />
<meta property="og:locale" content="es_ES" />
<meta property="og:type" content="article" />
<meta property="og:title" content="Lorena Vásquez - Prácticas en terreno | Facultad de Educación UDD" />
<meta property="og:url" content="https://educacion.udd.cl/practicas-en-terreno/persona/lorena-vasquez-2/" />
<meta property="og:site_name" content="Prácticas en terreno | Facultad de Educación UDD" />
<meta property="og:image" content="https://educacion.udd.cl/practicas-en-terreno/files/2025/08/lorenavasquez.png" />
	<meta property="og:image:width" content="617" />
	<meta property="og:image:height" content="763" />
	<meta property="og:image:type" content="image/png" />
<meta name="twitter:card" content="summary_large_image" />
<meta name="twitter:label1" content="Tiempo de lectura" />
	<meta name="twitter:data1" content="1 minuto" />
<script type="application/ld+json" class="yoast-schema-graph">{"@context":"https://schema.org","@graph":[{"@type":"WebPage","@id":"https://educacion.udd.cl/practicas-en-terreno/persona/lorena-vasquez-2/","url":"https://educacion.udd.cl/practicas-en-terreno/persona/lorena-vasquez-2/","name":"Lorena Vásquez - Prácticas en terreno | Facultad de Educación UDD","isPartOf":{"@id":"https://educacion.udd.cl/practicas-en-terreno/#website"},"primaryImageOfPage":{"@id":"https://educacion.udd.cl/practicas-en-terreno/persona/lorena-vasquez-2/#primaryimage"},"image":{"@id":"https://educacion.udd.cl/practicas-en-terreno/persona/lorena-vasquez-2/#primaryimage"},"thumbnailUrl":"https://educacion.udd.cl/practicas-en-terreno/files/2025/08/lorenavasquez.png","datePublished":"2025-08-06T20:58:02+00:00","breadcrumb":{"@id":"https://educacion.udd.cl/practicas-en-terreno/persona/lorena-vasquez-2/#breadcrumb"},"inLanguage":"es","potentialAction":[{"@type":"ReadAction","target":["https://educacion.udd.cl/practicas-en-terreno/persona/lorena-vasquez-2/"]}]},{"@type":"ImageObject","inLanguage":"es","@id":"https://educacion.udd.cl/practicas-en-terreno/persona/lorena-vasquez-2/#primaryimage","url":"https://educacion.udd.cl/practicas-en-terreno/files/2025/08/lorenavasquez.png","contentUrl":"https://educacion.udd.cl/practicas-en-terreno/files/2025/08/lorenavasquez.png","width":617,"height":763},{"@type":"BreadcrumbList","@id":"https://educacion.udd.cl/practicas-en-terreno/persona/lorena-vasquez-2/#breadcrumb","itemListElement":[{"@type":"ListItem","position":1,"name":"Portada","item":"https://educacion.udd.cl/practicas-en-terreno/"},{"@type":"ListItem","position":2,"name":"Personas","item":"https://educacion.udd.cl/practicas-en-terreno/persona/"},{"@type":"ListItem","position":3,"name":"Lorena Vásquez"}]},{"@type":"WebSite","@id":"https://educacion.udd.cl/practicas-en-terreno/#website","url":"https://educacion.udd.cl/practicas-en-terreno/","name":"Prácticas en terreno | Facultad de Educación UDD","description":"Facultad de Educación UDD","inLanguage":"es"}]}</script>
<!-- / Yoast SEO plugin. -->

Lorena Vásquez - Prácticas en terreno | Facultad de Educación UDD

Prácticas en terreno | Facultad de Educación UDD

Lorena Vásquez

Facultad de Educación UDD

Lorena  Vásquez

<div class="person-modal person-modal--scl">
	<header class="person-modal__header">
		<div class="person-modal__bg"></div>
		<div class="modal-container">
						<div class="person-modal__media">
				<img width="500" height="500" src="https://educacion.udd.cl/practicas-en-terreno/files/2025/08/lorenavasquez-62x62.png" class="person-modal__image wp-post-image lazyload" alt="" decoding="async" loading="lazy" sizes="auto, (max-width: 500px) 100vw, 500px" data-src="https://educacion.udd.cl/practicas-en-terreno/files/2025/08/lorenavasquez-500x500.png" data-srcset="https://educacion.udd.cl/practicas-en-terreno/files/2025/08/lorenavasquez-500x500.png 500w, https://educacion.udd.cl/practicas-en-terreno/files/2025/08/lorenavasquez-150x150.png 150w, https://educacion.udd.cl/practicas-en-terreno/files/2025/08/lorenavasquez-62x62.png 62w, https://educacion.udd.cl/practicas-en-terreno/files/2025/08/lorenavasquez-250x250.png 250w, https://educacion.udd.cl/practicas-en-terreno/files/2025/08/lorenavasquez-126x126.png 126w" />			</div>
						<div class="person-modal__data">
				<h1 class="person-modal__name">Lorena  Vásquez</h1>
															</div>
		</div>
	</header>
	<div class="modal-container">
			<div class="person-modal__content text">
										<div class="OutlineElement Ltr SCXW163783514 BCX0">
<p class="Paragraph SCXW163783514 BCX0"><span class="TextRun SCXW163783514 BCX0" lang="ES-CL" xml:lang="ES-CL" data-contrast="none"><span class="NormalTextRun SCXW163783514 BCX0">Soy docente y tutora de prácticas en la carrera pedagogía en educación de párvulos. De profesión Educadora de Párvulos, Magíster en educación </span><span class="NormalTextRun SCXW163783514 BCX0">parvularia</span><span class="NormalTextRun SCXW163783514 BCX0">, Magíster en Dirección y Liderazgo Escolar, Doctora en Educación y recientemente Diplomada en Aprendizaje al Aire Libre. Luego de desempeñarme en aula por muchos años, inicio el camino de formar a educadoras.</span></span><span class="EOP SCXW163783514 BCX0" data-ccp-props="{&quot;201341983&quot;:0,&quot;335557856&quot;:16777215,&quot;335559739&quot;:0,&quot;335559740&quot;:240}"> </span></p>
</div>
<div class="OutlineElement Ltr SCXW163783514 BCX0">
<p class="Paragraph SCXW163783514 BCX0"><span class="TextRun SCXW163783514 BCX0" lang="ES-CL" xml:lang="ES-CL" data-contrast="none"><span class="NormalTextRun SCXW163783514 BCX0">Estoy convencida de que esta facultad ofrece a las futuras profesionales todos los conocimientos y habilidades para contribuir en una educación </span><span class="NormalTextRun SCXW163783514 BCX0">parvularia</span><span class="NormalTextRun SCXW163783514 BCX0"> de calidad. Favoreciendo</span><span class="NormalTextRun SCXW163783514 BCX0"> un acompañamiento y reflexión permanente en cada etapa de su formación. </span></span><span class="EOP SCXW163783514 BCX0" data-ccp-props="{&quot;201341983&quot;:0,&quot;335557856&quot;:16777215,&quot;335559739&quot;:0,&quot;335559740&quot;:240}"> </span></p>
</div>
<div class="OutlineElement Ltr SCXW163783514 BCX0">
<p class="Paragraph SCXW163783514 BCX0">
</div>
		</div>
	</div>
</div>

Vásquez
