{"id":2528,"date":"2025-08-06T12:27:24","date_gmt":"2025-08-06T16:27:24","guid":{"rendered":"https:\/\/educacion.udd.cl\/practicas-en-terreno\/?post_type=person&#038;p=2528"},"modified":"2025-08-06T12:27:24","modified_gmt":"2025-08-06T16:27:24","slug":"alexis-portilla","status":"publish","type":"person","link":"https:\/\/educacion.udd.cl\/practicas-en-terreno\/persona\/alexis-portilla\/","featured_media":2529,"template":"","people_tax":[27],"people_areas":[],"people_levels":[],"class_list":["post-2528","person","type-person","status-publish","has-post-thumbnail","hentry","people_tax-equipo-programa-de-formacion-pedagogica"],"yoast_head":"<!-- This site is optimized with the Yoast SEO plugin v26.9 - https:\/\/yoast.com\/product\/yoast-seo-wordpress\/ -->\n<title>Alexis Portilla - Pr\u00e1cticas en terreno | Facultad de Educaci\u00f3n UDD<\/title>\n<meta name=\"robots\" content=\"index, follow, max-snippet:-1, max-image-preview:large, max-video-preview:-1\" \/>\n<link rel=\"canonical\" href=\"https:\/\/educacion.udd.cl\/practicas-en-terreno\/persona\/alexis-portilla\/\" \/>\n<meta property=\"og:locale\" content=\"es_ES\" \/>\n<meta property=\"og:type\" content=\"article\" \/>\n<meta property=\"og:title\" content=\"Alexis Portilla - Pr\u00e1cticas en terreno | Facultad de Educaci\u00f3n UDD\" \/>\n<meta property=\"og:url\" content=\"https:\/\/educacion.udd.cl\/practicas-en-terreno\/persona\/alexis-portilla\/\" \/>\n<meta property=\"og:site_name\" content=\"Pr\u00e1cticas en terreno | Facultad de Educaci\u00f3n UDD\" \/>\n<meta property=\"og:image\" content=\"https:\/\/educacion.udd.cl\/practicas-en-terreno\/files\/2025\/08\/alexisportilla.png\" \/>\n\t<meta property=\"og:image:width\" content=\"837\" \/>\n\t<meta property=\"og:image:height\" content=\"792\" \/>\n\t<meta property=\"og:image:type\" content=\"image\/png\" \/>\n<meta name=\"twitter:card\" content=\"summary_large_image\" \/>\n<meta name=\"twitter:label1\" content=\"Tiempo de lectura\" \/>\n\t<meta name=\"twitter:data1\" content=\"1 minuto\" \/>\n<script type=\"application\/ld+json\" class=\"yoast-schema-graph\">{\"@context\":\"https:\/\/schema.org\",\"@graph\":[{\"@type\":\"WebPage\",\"@id\":\"https:\/\/educacion.udd.cl\/practicas-en-terreno\/persona\/alexis-portilla\/\",\"url\":\"https:\/\/educacion.udd.cl\/practicas-en-terreno\/persona\/alexis-portilla\/\",\"name\":\"Alexis Portilla - Pr\u00e1cticas en terreno | Facultad de Educaci\u00f3n UDD\",\"isPartOf\":{\"@id\":\"https:\/\/educacion.udd.cl\/practicas-en-terreno\/#website\"},\"primaryImageOfPage\":{\"@id\":\"https:\/\/educacion.udd.cl\/practicas-en-terreno\/persona\/alexis-portilla\/#primaryimage\"},\"image\":{\"@id\":\"https:\/\/educacion.udd.cl\/practicas-en-terreno\/persona\/alexis-portilla\/#primaryimage\"},\"thumbnailUrl\":\"https:\/\/educacion.udd.cl\/practicas-en-terreno\/files\/2025\/08\/alexisportilla.png\",\"datePublished\":\"2025-08-06T16:27:24+00:00\",\"breadcrumb\":{\"@id\":\"https:\/\/educacion.udd.cl\/practicas-en-terreno\/persona\/alexis-portilla\/#breadcrumb\"},\"inLanguage\":\"es\",\"potentialAction\":[{\"@type\":\"ReadAction\",\"target\":[\"https:\/\/educacion.udd.cl\/practicas-en-terreno\/persona\/alexis-portilla\/\"]}]},{\"@type\":\"ImageObject\",\"inLanguage\":\"es\",\"@id\":\"https:\/\/educacion.udd.cl\/practicas-en-terreno\/persona\/alexis-portilla\/#primaryimage\",\"url\":\"https:\/\/educacion.udd.cl\/practicas-en-terreno\/files\/2025\/08\/alexisportilla.png\",\"contentUrl\":\"https:\/\/educacion.udd.cl\/practicas-en-terreno\/files\/2025\/08\/alexisportilla.png\",\"width\":837,\"height\":792},{\"@type\":\"BreadcrumbList\",\"@id\":\"https:\/\/educacion.udd.cl\/practicas-en-terreno\/persona\/alexis-portilla\/#breadcrumb\",\"itemListElement\":[{\"@type\":\"ListItem\",\"position\":1,\"name\":\"Portada\",\"item\":\"https:\/\/educacion.udd.cl\/practicas-en-terreno\/\"},{\"@type\":\"ListItem\",\"position\":2,\"name\":\"Personas\",\"item\":\"https:\/\/educacion.udd.cl\/practicas-en-terreno\/persona\/\"},{\"@type\":\"ListItem\",\"position\":3,\"name\":\"Alexis Portilla\"}]},{\"@type\":\"WebSite\",\"@id\":\"https:\/\/educacion.udd.cl\/practicas-en-terreno\/#website\",\"url\":\"https:\/\/educacion.udd.cl\/practicas-en-terreno\/\",\"name\":\"Pr\u00e1cticas en terreno | Facultad de Educaci\u00f3n UDD\",\"description\":\"Facultad de Educaci\u00f3n UDD\",\"inLanguage\":\"es\"}]}<\/script>\n<!-- \/ Yoast SEO plugin. -->","yoast_head_json":{"title":"Alexis Portilla - Pr\u00e1cticas en terreno | Facultad de Educaci\u00f3n UDD","robots":{"index":"index","follow":"follow","max-snippet":"max-snippet:-1","max-image-preview":"max-image-preview:large","max-video-preview":"max-video-preview:-1"},"canonical":"https:\/\/educacion.udd.cl\/practicas-en-terreno\/persona\/alexis-portilla\/","og_locale":"es_ES","og_type":"article","og_title":"Alexis Portilla - Pr\u00e1cticas en terreno | Facultad de Educaci\u00f3n UDD","og_url":"https:\/\/educacion.udd.cl\/practicas-en-terreno\/persona\/alexis-portilla\/","og_site_name":"Pr\u00e1cticas en terreno | Facultad de Educaci\u00f3n UDD","og_image":[{"width":837,"height":792,"url":"https:\/\/educacion.udd.cl\/practicas-en-terreno\/files\/2025\/08\/alexisportilla.png","type":"image\/png"}],"twitter_card":"summary_large_image","twitter_misc":{"Tiempo de lectura":"1 minuto"},"schema":{"@context":"https:\/\/schema.org","@graph":[{"@type":"WebPage","@id":"https:\/\/educacion.udd.cl\/practicas-en-terreno\/persona\/alexis-portilla\/","url":"https:\/\/educacion.udd.cl\/practicas-en-terreno\/persona\/alexis-portilla\/","name":"Alexis Portilla - Pr\u00e1cticas en terreno | Facultad de Educaci\u00f3n UDD","isPartOf":{"@id":"https:\/\/educacion.udd.cl\/practicas-en-terreno\/#website"},"primaryImageOfPage":{"@id":"https:\/\/educacion.udd.cl\/practicas-en-terreno\/persona\/alexis-portilla\/#primaryimage"},"image":{"@id":"https:\/\/educacion.udd.cl\/practicas-en-terreno\/persona\/alexis-portilla\/#primaryimage"},"thumbnailUrl":"https:\/\/educacion.udd.cl\/practicas-en-terreno\/files\/2025\/08\/alexisportilla.png","datePublished":"2025-08-06T16:27:24+00:00","breadcrumb":{"@id":"https:\/\/educacion.udd.cl\/practicas-en-terreno\/persona\/alexis-portilla\/#breadcrumb"},"inLanguage":"es","potentialAction":[{"@type":"ReadAction","target":["https:\/\/educacion.udd.cl\/practicas-en-terreno\/persona\/alexis-portilla\/"]}]},{"@type":"ImageObject","inLanguage":"es","@id":"https:\/\/educacion.udd.cl\/practicas-en-terreno\/persona\/alexis-portilla\/#primaryimage","url":"https:\/\/educacion.udd.cl\/practicas-en-terreno\/files\/2025\/08\/alexisportilla.png","contentUrl":"https:\/\/educacion.udd.cl\/practicas-en-terreno\/files\/2025\/08\/alexisportilla.png","width":837,"height":792},{"@type":"BreadcrumbList","@id":"https:\/\/educacion.udd.cl\/practicas-en-terreno\/persona\/alexis-portilla\/#breadcrumb","itemListElement":[{"@type":"ListItem","position":1,"name":"Portada","item":"https:\/\/educacion.udd.cl\/practicas-en-terreno\/"},{"@type":"ListItem","position":2,"name":"Personas","item":"https:\/\/educacion.udd.cl\/practicas-en-terreno\/persona\/"},{"@type":"ListItem","position":3,"name":"Alexis Portilla"}]},{"@type":"WebSite","@id":"https:\/\/educacion.udd.cl\/practicas-en-terreno\/#website","url":"https:\/\/educacion.udd.cl\/practicas-en-terreno\/","name":"Pr\u00e1cticas en terreno | Facultad de Educaci\u00f3n UDD","description":"Facultad de Educaci\u00f3n UDD","inLanguage":"es"}]}},"label":"Alexis Portilla","title":{"rendered":"Alexis Portilla"},"role":false,"thumbnail_url":"https:\/\/educacion.udd.cl\/practicas-en-terreno\/files\/2025\/08\/alexisportilla-500x500.png","email":"","tel_job":"","content":{"rendered":"<div class=\"person-modal person-modal--scl\">\n\t<header class=\"person-modal__header\">\n\t\t<div class=\"person-modal__bg\"><\/div>\n\t\t<div class=\"modal-container\">\n\t\t\t\t\t\t<div class=\"person-modal__media\">\n\t\t\t\t<img width=\"500\" height=\"500\" src=\"https:\/\/educacion.udd.cl\/practicas-en-terreno\/files\/2025\/08\/alexisportilla-62x62.png\" class=\"person-modal__image wp-post-image lazyload\" alt=\"\" decoding=\"async\" loading=\"lazy\" sizes=\"auto, (max-width: 500px) 100vw, 500px\" data-src=\"https:\/\/educacion.udd.cl\/practicas-en-terreno\/files\/2025\/08\/alexisportilla-500x500.png\" data-srcset=\"https:\/\/educacion.udd.cl\/practicas-en-terreno\/files\/2025\/08\/alexisportilla-500x500.png 500w, https:\/\/educacion.udd.cl\/practicas-en-terreno\/files\/2025\/08\/alexisportilla-150x150.png 150w, https:\/\/educacion.udd.cl\/practicas-en-terreno\/files\/2025\/08\/alexisportilla-62x62.png 62w, https:\/\/educacion.udd.cl\/practicas-en-terreno\/files\/2025\/08\/alexisportilla-750x750.png 750w, https:\/\/educacion.udd.cl\/practicas-en-terreno\/files\/2025\/08\/alexisportilla-250x250.png 250w, https:\/\/educacion.udd.cl\/practicas-en-terreno\/files\/2025\/08\/alexisportilla-126x126.png 126w\" \/>\t\t\t<\/div>\n\t\t\t\t\t\t<div class=\"person-modal__data\">\n\t\t\t\t<h1 class=\"person-modal__name\">Alexis Portilla<\/h1>\n\t\t\t\t\t\t\t\t\t\t\t\t\t\t\t<\/div>\n\t\t<\/div>\n\t<\/header>\n\t<div class=\"modal-container\">\n\t\t\t<div class=\"person-modal__content text\">\n\t\t\t\t\t\t\t\t\t\t<p>Soy un profesor con una s\u00f3lida formaci\u00f3n acad\u00e9mica en la ense\u00f1anza de la\u00a0Biolog\u00eda y las Ciencias, poseo una amplia experiencia en la planificaci\u00f3n y ejecuci\u00f3n de metodolog\u00edas educativas, fomentando el inter\u00e9s y la participaci\u00f3n activa de los y las estudiantes. Mi paradigma pedag\u00f3gico se basa en estrategias did\u00e1cticas efectivas e innovadoras que promueven el pensamiento cr\u00edtico, la resoluci\u00f3n de problemas y el aprendizaje profundo, lo que me motivo a\u00a0obtener un magister en Did\u00e1ctica de las Ciencias Experimentales de la Pontificia Universidad Cat\u00f3lica de Valpara\u00edso, adem\u00e1s realic\u00e9 una pasant\u00eda en\u00a0el CINVESTAV (Centro de Investigaci\u00f3n y de Estudios Avanzados) en Monterrey, M\u00e9xico, sobre la did\u00e1ctica de la biolog\u00eda y su implementaci\u00f3n en las aulas.<\/p>\n<p>Por otro lado, poseo un diplomado en Liderazgo Educativo en la Pontificia\u00a0Universidad Cat\u00f3lica que me ha permitido ampliar mis conocimientos en funciones administrativas de gesti\u00f3n escolar y profundizar las competencias en\u00a0el acompa\u00f1amiento docente.<\/p>\n<p>Me he desempe\u00f1ado durante 17 a\u00f1os en diferentes realidades educativas de\u00a0nuestro pa\u00eds, actualmente acompa\u00f1o y asesoro proyectos basados en la consolidaci\u00f3n de competencias en el \u00e1mbito escolar, tambi\u00e9n ejerzo docencia\u00a0universitaria en la Universidad de Chile. Finalmente decid\u00ed ser co tutor en la Universidad del Desarrollo para acompa\u00f1ar y guiar a los futuros profesores que tendr\u00e1n la desafiante misi\u00f3n de liderar las\u00a0salas de clases y potenciar las habilidades de cada uno\/a de sus estudiantes.<\/p>\n\t\t<\/div>\n\t<\/div>\n<\/div>\n"},"identifier":"5dd803ba7425d4d4918d4d4e912494d5d3afb646","has_credential":[],"given_name":"Alexis","family_name":"Portilla","name":"Alexis Portilla","job_title":"","telephone":"","note":"","im":"","_self_schedule":null,"_links":{"self":[{"href":"https:\/\/educacion.udd.cl\/practicas-en-terreno\/wp-json\/wp\/v2\/people\/2528","targetHints":{"allow":["GET"]}}],"collection":[{"href":"https:\/\/educacion.udd.cl\/practicas-en-terreno\/wp-json\/wp\/v2\/people"}],"about":[{"href":"https:\/\/educacion.udd.cl\/practicas-en-terreno\/wp-json\/wp\/v2\/types\/person"}],"wp:featuredmedia":[{"embeddable":true,"href":"https:\/\/educacion.udd.cl\/practicas-en-terreno\/wp-json\/wp\/v2\/media\/2529"}],"wp:attachment":[{"href":"https:\/\/educacion.udd.cl\/practicas-en-terreno\/wp-json\/wp\/v2\/media?parent=2528"}],"wp:term":[{"taxonomy":"people_tax","embeddable":true,"href":"https:\/\/educacion.udd.cl\/practicas-en-terreno\/wp-json\/wp\/v2\/people_tax?post=2528"},{"taxonomy":"people_areas","embeddable":true,"href":"https:\/\/educacion.udd.cl\/practicas-en-terreno\/wp-json\/wp\/v2\/people_areas?post=2528"},{"taxonomy":"people_levels","embeddable":true,"href":"https:\/\/educacion.udd.cl\/practicas-en-terreno\/wp-json\/wp\/v2\/people_levels?post=2528"}],"curies":[{"name":"wp","href":"https:\/\/api.w.org\/{rel}","templated":true}]}}

<!-- This site is optimized with the Yoast SEO plugin v26.9 - https://yoast.com/product/yoast-seo-wordpress/ -->
<title>Alexis Portilla - Prácticas en terreno | Facultad de Educación UDD</title>
<meta name="robots" content="index, follow, max-snippet:-1, max-image-preview:large, max-video-preview:-1" />
<link rel="canonical" href="https://educacion.udd.cl/practicas-en-terreno/persona/alexis-portilla/" />
<meta property="og:locale" content="es_ES" />
<meta property="og:type" content="article" />
<meta property="og:title" content="Alexis Portilla - Prácticas en terreno | Facultad de Educación UDD" />
<meta property="og:url" content="https://educacion.udd.cl/practicas-en-terreno/persona/alexis-portilla/" />
<meta property="og:site_name" content="Prácticas en terreno | Facultad de Educación UDD" />
<meta property="og:image" content="https://educacion.udd.cl/practicas-en-terreno/files/2025/08/alexisportilla.png" />
	<meta property="og:image:width" content="837" />
	<meta property="og:image:height" content="792" />
	<meta property="og:image:type" content="image/png" />
<meta name="twitter:card" content="summary_large_image" />
<meta name="twitter:label1" content="Tiempo de lectura" />
	<meta name="twitter:data1" content="1 minuto" />
<script type="application/ld+json" class="yoast-schema-graph">{"@context":"https://schema.org","@graph":[{"@type":"WebPage","@id":"https://educacion.udd.cl/practicas-en-terreno/persona/alexis-portilla/","url":"https://educacion.udd.cl/practicas-en-terreno/persona/alexis-portilla/","name":"Alexis Portilla - Prácticas en terreno | Facultad de Educación UDD","isPartOf":{"@id":"https://educacion.udd.cl/practicas-en-terreno/#website"},"primaryImageOfPage":{"@id":"https://educacion.udd.cl/practicas-en-terreno/persona/alexis-portilla/#primaryimage"},"image":{"@id":"https://educacion.udd.cl/practicas-en-terreno/persona/alexis-portilla/#primaryimage"},"thumbnailUrl":"https://educacion.udd.cl/practicas-en-terreno/files/2025/08/alexisportilla.png","datePublished":"2025-08-06T16:27:24+00:00","breadcrumb":{"@id":"https://educacion.udd.cl/practicas-en-terreno/persona/alexis-portilla/#breadcrumb"},"inLanguage":"es","potentialAction":[{"@type":"ReadAction","target":["https://educacion.udd.cl/practicas-en-terreno/persona/alexis-portilla/"]}]},{"@type":"ImageObject","inLanguage":"es","@id":"https://educacion.udd.cl/practicas-en-terreno/persona/alexis-portilla/#primaryimage","url":"https://educacion.udd.cl/practicas-en-terreno/files/2025/08/alexisportilla.png","contentUrl":"https://educacion.udd.cl/practicas-en-terreno/files/2025/08/alexisportilla.png","width":837,"height":792},{"@type":"BreadcrumbList","@id":"https://educacion.udd.cl/practicas-en-terreno/persona/alexis-portilla/#breadcrumb","itemListElement":[{"@type":"ListItem","position":1,"name":"Portada","item":"https://educacion.udd.cl/practicas-en-terreno/"},{"@type":"ListItem","position":2,"name":"Personas","item":"https://educacion.udd.cl/practicas-en-terreno/persona/"},{"@type":"ListItem","position":3,"name":"Alexis Portilla"}]},{"@type":"WebSite","@id":"https://educacion.udd.cl/practicas-en-terreno/#website","url":"https://educacion.udd.cl/practicas-en-terreno/","name":"Prácticas en terreno | Facultad de Educación UDD","description":"Facultad de Educación UDD","inLanguage":"es"}]}</script>
<!-- / Yoast SEO plugin. -->

Alexis Portilla - Prácticas en terreno | Facultad de Educación UDD

Prácticas en terreno | Facultad de Educación UDD

Facultad de Educación UDD

<div class="person-modal person-modal--scl">
	<header class="person-modal__header">
		<div class="person-modal__bg"></div>
		<div class="modal-container">
						<div class="person-modal__media">
				<img width="500" height="500" src="https://educacion.udd.cl/practicas-en-terreno/files/2025/08/alexisportilla-62x62.png" class="person-modal__image wp-post-image lazyload" alt="" decoding="async" loading="lazy" sizes="auto, (max-width: 500px) 100vw, 500px" data-src="https://educacion.udd.cl/practicas-en-terreno/files/2025/08/alexisportilla-500x500.png" data-srcset="https://educacion.udd.cl/practicas-en-terreno/files/2025/08/alexisportilla-500x500.png 500w, https://educacion.udd.cl/practicas-en-terreno/files/2025/08/alexisportilla-150x150.png 150w, https://educacion.udd.cl/practicas-en-terreno/files/2025/08/alexisportilla-62x62.png 62w, https://educacion.udd.cl/practicas-en-terreno/files/2025/08/alexisportilla-750x750.png 750w, https://educacion.udd.cl/practicas-en-terreno/files/2025/08/alexisportilla-250x250.png 250w, https://educacion.udd.cl/practicas-en-terreno/files/2025/08/alexisportilla-126x126.png 126w" />			</div>
						<div class="person-modal__data">
				<h1 class="person-modal__name">Alexis Portilla</h1>
															</div>
		</div>
	</header>
	<div class="modal-container">
			<div class="person-modal__content text">
										<p>Soy un profesor con una sólida formación académica en la enseñanza de la Biología y las Ciencias, poseo una amplia experiencia en la planificación y ejecución de metodologías educativas, fomentando el interés y la participación activa de los y las estudiantes. Mi paradigma pedagógico se basa en estrategias didácticas efectivas e innovadoras que promueven el pensamiento crítico, la resolución de problemas y el aprendizaje profundo, lo que me motivo a obtener un magister en Didáctica de las Ciencias Experimentales de la Pontificia Universidad Católica de Valparaíso, además realicé una pasantía en el CINVESTAV (Centro de Investigación y de Estudios Avanzados) en Monterrey, México, sobre la didáctica de la biología y su implementación en las aulas.</p>
<p>Por otro lado, poseo un diplomado en Liderazgo Educativo en la Pontificia Universidad Católica que me ha permitido ampliar mis conocimientos en funciones administrativas de gestión escolar y profundizar las competencias en el acompañamiento docente.</p>
<p>Me he desempeñado durante 17 años en diferentes realidades educativas de nuestro país, actualmente acompaño y asesoro proyectos basados en la consolidación de competencias en el ámbito escolar, también ejerzo docencia universitaria en la Universidad de Chile. Finalmente decidí ser co tutor en la Universidad del Desarrollo para acompañar y guiar a los futuros profesores que tendrán la desafiante misión de liderar las salas de clases y potenciar las habilidades de cada uno/a de sus estudiantes.</p>
		</div>
	</div>
</div>
