{"id":2515,"date":"2025-08-06T11:27:52","date_gmt":"2025-08-06T15:27:52","guid":{"rendered":"https:\/\/educacion.udd.cl\/practicas-en-terreno\/?post_type=person&#038;p=2515"},"modified":"2025-08-06T11:49:27","modified_gmt":"2025-08-06T15:49:27","slug":"sebastian-gonzalez-calderon","status":"publish","type":"person","link":"https:\/\/educacion.udd.cl\/practicas-en-terreno\/persona\/sebastian-gonzalez-calderon\/","featured_media":2516,"template":"","people_tax":[27],"people_areas":[],"people_levels":[],"class_list":["post-2515","person","type-person","status-publish","has-post-thumbnail","hentry","people_tax-equipo-programa-de-formacion-pedagogica"],"yoast_head":"<!-- This site is optimized with the Yoast SEO plugin v26.9 - https:\/\/yoast.com\/product\/yoast-seo-wordpress\/ -->\n<title>Sebasti\u00e1n Gonz\u00e1lez Calder\u00f3n - Pr\u00e1cticas en terreno | Facultad de Educaci\u00f3n UDD<\/title>\n<meta name=\"robots\" content=\"index, follow, max-snippet:-1, max-image-preview:large, max-video-preview:-1\" \/>\n<link rel=\"canonical\" href=\"https:\/\/educacion.udd.cl\/practicas-en-terreno\/persona\/sebastian-gonzalez-calderon\/\" \/>\n<meta property=\"og:locale\" content=\"es_ES\" \/>\n<meta property=\"og:type\" content=\"article\" \/>\n<meta property=\"og:title\" content=\"Sebasti\u00e1n Gonz\u00e1lez Calder\u00f3n - Pr\u00e1cticas en terreno | Facultad de Educaci\u00f3n UDD\" \/>\n<meta property=\"og:url\" content=\"https:\/\/educacion.udd.cl\/practicas-en-terreno\/persona\/sebastian-gonzalez-calderon\/\" \/>\n<meta property=\"og:site_name\" content=\"Pr\u00e1cticas en terreno | Facultad de Educaci\u00f3n UDD\" \/>\n<meta property=\"article:modified_time\" content=\"2025-08-06T15:49:27+00:00\" \/>\n<meta property=\"og:image\" content=\"https:\/\/educacion.udd.cl\/practicas-en-terreno\/files\/2025\/08\/sebagonzalez.png\" \/>\n\t<meta property=\"og:image:width\" content=\"795\" \/>\n\t<meta property=\"og:image:height\" content=\"828\" \/>\n\t<meta property=\"og:image:type\" content=\"image\/png\" \/>\n<meta name=\"twitter:card\" content=\"summary_large_image\" \/>\n<meta name=\"twitter:label1\" content=\"Tiempo de lectura\" \/>\n\t<meta name=\"twitter:data1\" content=\"1 minuto\" \/>\n<script type=\"application\/ld+json\" class=\"yoast-schema-graph\">{\"@context\":\"https:\/\/schema.org\",\"@graph\":[{\"@type\":\"WebPage\",\"@id\":\"https:\/\/educacion.udd.cl\/practicas-en-terreno\/persona\/sebastian-gonzalez-calderon\/\",\"url\":\"https:\/\/educacion.udd.cl\/practicas-en-terreno\/persona\/sebastian-gonzalez-calderon\/\",\"name\":\"Sebasti\u00e1n Gonz\u00e1lez Calder\u00f3n - Pr\u00e1cticas en terreno | Facultad de Educaci\u00f3n UDD\",\"isPartOf\":{\"@id\":\"https:\/\/educacion.udd.cl\/practicas-en-terreno\/#website\"},\"primaryImageOfPage\":{\"@id\":\"https:\/\/educacion.udd.cl\/practicas-en-terreno\/persona\/sebastian-gonzalez-calderon\/#primaryimage\"},\"image\":{\"@id\":\"https:\/\/educacion.udd.cl\/practicas-en-terreno\/persona\/sebastian-gonzalez-calderon\/#primaryimage\"},\"thumbnailUrl\":\"https:\/\/educacion.udd.cl\/practicas-en-terreno\/files\/2025\/08\/sebagonzalez.png\",\"datePublished\":\"2025-08-06T15:27:52+00:00\",\"dateModified\":\"2025-08-06T15:49:27+00:00\",\"breadcrumb\":{\"@id\":\"https:\/\/educacion.udd.cl\/practicas-en-terreno\/persona\/sebastian-gonzalez-calderon\/#breadcrumb\"},\"inLanguage\":\"es\",\"potentialAction\":[{\"@type\":\"ReadAction\",\"target\":[\"https:\/\/educacion.udd.cl\/practicas-en-terreno\/persona\/sebastian-gonzalez-calderon\/\"]}]},{\"@type\":\"ImageObject\",\"inLanguage\":\"es\",\"@id\":\"https:\/\/educacion.udd.cl\/practicas-en-terreno\/persona\/sebastian-gonzalez-calderon\/#primaryimage\",\"url\":\"https:\/\/educacion.udd.cl\/practicas-en-terreno\/files\/2025\/08\/sebagonzalez.png\",\"contentUrl\":\"https:\/\/educacion.udd.cl\/practicas-en-terreno\/files\/2025\/08\/sebagonzalez.png\",\"width\":795,\"height\":828},{\"@type\":\"BreadcrumbList\",\"@id\":\"https:\/\/educacion.udd.cl\/practicas-en-terreno\/persona\/sebastian-gonzalez-calderon\/#breadcrumb\",\"itemListElement\":[{\"@type\":\"ListItem\",\"position\":1,\"name\":\"Portada\",\"item\":\"https:\/\/educacion.udd.cl\/practicas-en-terreno\/\"},{\"@type\":\"ListItem\",\"position\":2,\"name\":\"Personas\",\"item\":\"https:\/\/educacion.udd.cl\/practicas-en-terreno\/persona\/\"},{\"@type\":\"ListItem\",\"position\":3,\"name\":\"Sebasti\u00e1n Gonz\u00e1lez Calder\u00f3n\"}]},{\"@type\":\"WebSite\",\"@id\":\"https:\/\/educacion.udd.cl\/practicas-en-terreno\/#website\",\"url\":\"https:\/\/educacion.udd.cl\/practicas-en-terreno\/\",\"name\":\"Pr\u00e1cticas en terreno | Facultad de Educaci\u00f3n UDD\",\"description\":\"Facultad de Educaci\u00f3n UDD\",\"inLanguage\":\"es\"}]}<\/script>\n<!-- \/ Yoast SEO plugin. -->","yoast_head_json":{"title":"Sebasti\u00e1n Gonz\u00e1lez Calder\u00f3n - Pr\u00e1cticas en terreno | Facultad de Educaci\u00f3n UDD","robots":{"index":"index","follow":"follow","max-snippet":"max-snippet:-1","max-image-preview":"max-image-preview:large","max-video-preview":"max-video-preview:-1"},"canonical":"https:\/\/educacion.udd.cl\/practicas-en-terreno\/persona\/sebastian-gonzalez-calderon\/","og_locale":"es_ES","og_type":"article","og_title":"Sebasti\u00e1n Gonz\u00e1lez Calder\u00f3n - Pr\u00e1cticas en terreno | Facultad de Educaci\u00f3n UDD","og_url":"https:\/\/educacion.udd.cl\/practicas-en-terreno\/persona\/sebastian-gonzalez-calderon\/","og_site_name":"Pr\u00e1cticas en terreno | Facultad de Educaci\u00f3n UDD","article_modified_time":"2025-08-06T15:49:27+00:00","og_image":[{"width":795,"height":828,"url":"https:\/\/educacion.udd.cl\/practicas-en-terreno\/files\/2025\/08\/sebagonzalez.png","type":"image\/png"}],"twitter_card":"summary_large_image","twitter_misc":{"Tiempo de lectura":"1 minuto"},"schema":{"@context":"https:\/\/schema.org","@graph":[{"@type":"WebPage","@id":"https:\/\/educacion.udd.cl\/practicas-en-terreno\/persona\/sebastian-gonzalez-calderon\/","url":"https:\/\/educacion.udd.cl\/practicas-en-terreno\/persona\/sebastian-gonzalez-calderon\/","name":"Sebasti\u00e1n Gonz\u00e1lez Calder\u00f3n - Pr\u00e1cticas en terreno | Facultad de Educaci\u00f3n UDD","isPartOf":{"@id":"https:\/\/educacion.udd.cl\/practicas-en-terreno\/#website"},"primaryImageOfPage":{"@id":"https:\/\/educacion.udd.cl\/practicas-en-terreno\/persona\/sebastian-gonzalez-calderon\/#primaryimage"},"image":{"@id":"https:\/\/educacion.udd.cl\/practicas-en-terreno\/persona\/sebastian-gonzalez-calderon\/#primaryimage"},"thumbnailUrl":"https:\/\/educacion.udd.cl\/practicas-en-terreno\/files\/2025\/08\/sebagonzalez.png","datePublished":"2025-08-06T15:27:52+00:00","dateModified":"2025-08-06T15:49:27+00:00","breadcrumb":{"@id":"https:\/\/educacion.udd.cl\/practicas-en-terreno\/persona\/sebastian-gonzalez-calderon\/#breadcrumb"},"inLanguage":"es","potentialAction":[{"@type":"ReadAction","target":["https:\/\/educacion.udd.cl\/practicas-en-terreno\/persona\/sebastian-gonzalez-calderon\/"]}]},{"@type":"ImageObject","inLanguage":"es","@id":"https:\/\/educacion.udd.cl\/practicas-en-terreno\/persona\/sebastian-gonzalez-calderon\/#primaryimage","url":"https:\/\/educacion.udd.cl\/practicas-en-terreno\/files\/2025\/08\/sebagonzalez.png","contentUrl":"https:\/\/educacion.udd.cl\/practicas-en-terreno\/files\/2025\/08\/sebagonzalez.png","width":795,"height":828},{"@type":"BreadcrumbList","@id":"https:\/\/educacion.udd.cl\/practicas-en-terreno\/persona\/sebastian-gonzalez-calderon\/#breadcrumb","itemListElement":[{"@type":"ListItem","position":1,"name":"Portada","item":"https:\/\/educacion.udd.cl\/practicas-en-terreno\/"},{"@type":"ListItem","position":2,"name":"Personas","item":"https:\/\/educacion.udd.cl\/practicas-en-terreno\/persona\/"},{"@type":"ListItem","position":3,"name":"Sebasti\u00e1n Gonz\u00e1lez Calder\u00f3n"}]},{"@type":"WebSite","@id":"https:\/\/educacion.udd.cl\/practicas-en-terreno\/#website","url":"https:\/\/educacion.udd.cl\/practicas-en-terreno\/","name":"Pr\u00e1cticas en terreno | Facultad de Educaci\u00f3n UDD","description":"Facultad de Educaci\u00f3n UDD","inLanguage":"es"}]}},"label":"Sebasti\u00e1n Gonz\u00e1lez Calder\u00f3n","title":{"rendered":"Sebasti\u00e1n Gonz\u00e1lez Calder\u00f3n"},"role":false,"thumbnail_url":"https:\/\/educacion.udd.cl\/practicas-en-terreno\/files\/2025\/08\/sebagonzalez-500x500.png","email":"","tel_job":"","content":{"rendered":"<div class=\"person-modal person-modal--scl\">\n\t<header class=\"person-modal__header\">\n\t\t<div class=\"person-modal__bg\"><\/div>\n\t\t<div class=\"modal-container\">\n\t\t\t\t\t\t<div class=\"person-modal__media\">\n\t\t\t\t<img width=\"500\" height=\"500\" src=\"https:\/\/educacion.udd.cl\/practicas-en-terreno\/files\/2025\/08\/sebagonzalez-62x62.png\" class=\"person-modal__image wp-post-image lazyload\" alt=\"\" decoding=\"async\" loading=\"lazy\" sizes=\"auto, (max-width: 500px) 100vw, 500px\" data-src=\"https:\/\/educacion.udd.cl\/practicas-en-terreno\/files\/2025\/08\/sebagonzalez-500x500.png\" data-srcset=\"https:\/\/educacion.udd.cl\/practicas-en-terreno\/files\/2025\/08\/sebagonzalez-500x500.png 500w, https:\/\/educacion.udd.cl\/practicas-en-terreno\/files\/2025\/08\/sebagonzalez-150x150.png 150w, https:\/\/educacion.udd.cl\/practicas-en-terreno\/files\/2025\/08\/sebagonzalez-62x62.png 62w, https:\/\/educacion.udd.cl\/practicas-en-terreno\/files\/2025\/08\/sebagonzalez-750x750.png 750w, https:\/\/educacion.udd.cl\/practicas-en-terreno\/files\/2025\/08\/sebagonzalez-250x250.png 250w, https:\/\/educacion.udd.cl\/practicas-en-terreno\/files\/2025\/08\/sebagonzalez-126x126.png 126w\" \/>\t\t\t<\/div>\n\t\t\t\t\t\t<div class=\"person-modal__data\">\n\t\t\t\t<h1 class=\"person-modal__name\">Sebasti\u00e1n Gonz\u00e1lez Calder\u00f3n<\/h1>\n\t\t\t\t\t\t\t\t\t\t\t\t\t\t\t<\/div>\n\t\t<\/div>\n\t<\/header>\n\t<div class=\"modal-container\">\n\t\t\t<div class=\"person-modal__content text\">\n\t\t\t\t\t\t\t\t\t\t<p>Soy Mag\u00edster en Psicolog\u00eda Educacional, Diplomado en Aprendizaje Profundo, Licenciado en\u00a0Teolog\u00eda, Licenciado en Educaci\u00f3n y Profesor de Ense\u00f1anza Media menci\u00f3n Religi\u00f3n, todo ello\u00a0en la Pontificia Universidad Cat\u00f3lica de Chile.<\/p>\n<p>Actualmente trabajo como Docente y Supervisor de pr\u00e1cticas en la Facultad de Educaci\u00f3n\u00a0para el programa de formaci\u00f3n pedag\u00f3gica de la Universidad del Desarrollo y hace 7 a\u00f1os\u00a0como Acad\u00e9mico del Departamento de Did\u00e1ctica y Supervisi\u00f3n de pr\u00e1cticas en la Pontificia\u00a0Universidad Cat\u00f3lica de Chile. Tambi\u00e9n me desempe\u00f1o como Director Acad\u00e9mico de la\u00a0Fundaci\u00f3n @MejorEduc asesorando y capacitando a diferentes equipos y colegios de Chile;\u00a0Fundador de @Linxisentrenadores educacionales, dedicados a potenciar y mejorar la\u00a0motivaci\u00f3n y calidad acad\u00e9mica de estudiantes de ense\u00f1anza media y universitarios. Trabaj\u00e9\u00a0durante m\u00e1s de diez a\u00f1os como profesor, profesor jefe y jefe de departamento en diversos\u00a0colegios de Santiago.<\/p>\n<p>Opt\u00e9 por desempe\u00f1arme como tutor en la UDD debido a que considero que la pr\u00e1ctica\u00a0constituye un entorno privilegiado para promover el trabajo colaborativo, reflexionar sobre los\u00a0aprendizajes adquiridos y comprender c\u00f3mo llevamos a cabo la planificaci\u00f3n de manera\u00a0deliberada para potenciar y agilizar el desarrollo de competencias.<\/p>\n\t\t<\/div>\n\t<\/div>\n<\/div>\n"},"identifier":"80d73e0ff917ce8f2b73af1463aace2de2854553","has_credential":[],"given_name":"Sebasti\u00e1n","family_name":"Gonz\u00e1lez Calder\u00f3n","name":"Sebasti\u00e1n Gonz\u00e1lez Calder\u00f3n","job_title":"","telephone":"","note":"","im":"","_self_schedule":null,"_links":{"self":[{"href":"https:\/\/educacion.udd.cl\/practicas-en-terreno\/wp-json\/wp\/v2\/people\/2515","targetHints":{"allow":["GET"]}}],"collection":[{"href":"https:\/\/educacion.udd.cl\/practicas-en-terreno\/wp-json\/wp\/v2\/people"}],"about":[{"href":"https:\/\/educacion.udd.cl\/practicas-en-terreno\/wp-json\/wp\/v2\/types\/person"}],"wp:featuredmedia":[{"embeddable":true,"href":"https:\/\/educacion.udd.cl\/practicas-en-terreno\/wp-json\/wp\/v2\/media\/2516"}],"wp:attachment":[{"href":"https:\/\/educacion.udd.cl\/practicas-en-terreno\/wp-json\/wp\/v2\/media?parent=2515"}],"wp:term":[{"taxonomy":"people_tax","embeddable":true,"href":"https:\/\/educacion.udd.cl\/practicas-en-terreno\/wp-json\/wp\/v2\/people_tax?post=2515"},{"taxonomy":"people_areas","embeddable":true,"href":"https:\/\/educacion.udd.cl\/practicas-en-terreno\/wp-json\/wp\/v2\/people_areas?post=2515"},{"taxonomy":"people_levels","embeddable":true,"href":"https:\/\/educacion.udd.cl\/practicas-en-terreno\/wp-json\/wp\/v2\/people_levels?post=2515"}],"curies":[{"name":"wp","href":"https:\/\/api.w.org\/{rel}","templated":true}]}}

<!-- This site is optimized with the Yoast SEO plugin v26.9 - https://yoast.com/product/yoast-seo-wordpress/ -->
<title>Sebastián González Calderón - Prácticas en terreno | Facultad de Educación UDD</title>
<meta name="robots" content="index, follow, max-snippet:-1, max-image-preview:large, max-video-preview:-1" />
<link rel="canonical" href="https://educacion.udd.cl/practicas-en-terreno/persona/sebastian-gonzalez-calderon/" />
<meta property="og:locale" content="es_ES" />
<meta property="og:type" content="article" />
<meta property="og:title" content="Sebastián González Calderón - Prácticas en terreno | Facultad de Educación UDD" />
<meta property="og:url" content="https://educacion.udd.cl/practicas-en-terreno/persona/sebastian-gonzalez-calderon/" />
<meta property="og:site_name" content="Prácticas en terreno | Facultad de Educación UDD" />
<meta property="article:modified_time" content="2025-08-06T15:49:27+00:00" />
<meta property="og:image" content="https://educacion.udd.cl/practicas-en-terreno/files/2025/08/sebagonzalez.png" />
	<meta property="og:image:width" content="795" />
	<meta property="og:image:height" content="828" />
	<meta property="og:image:type" content="image/png" />
<meta name="twitter:card" content="summary_large_image" />
<meta name="twitter:label1" content="Tiempo de lectura" />
	<meta name="twitter:data1" content="1 minuto" />
<script type="application/ld+json" class="yoast-schema-graph">{"@context":"https://schema.org","@graph":[{"@type":"WebPage","@id":"https://educacion.udd.cl/practicas-en-terreno/persona/sebastian-gonzalez-calderon/","url":"https://educacion.udd.cl/practicas-en-terreno/persona/sebastian-gonzalez-calderon/","name":"Sebastián González Calderón - Prácticas en terreno | Facultad de Educación UDD","isPartOf":{"@id":"https://educacion.udd.cl/practicas-en-terreno/#website"},"primaryImageOfPage":{"@id":"https://educacion.udd.cl/practicas-en-terreno/persona/sebastian-gonzalez-calderon/#primaryimage"},"image":{"@id":"https://educacion.udd.cl/practicas-en-terreno/persona/sebastian-gonzalez-calderon/#primaryimage"},"thumbnailUrl":"https://educacion.udd.cl/practicas-en-terreno/files/2025/08/sebagonzalez.png","datePublished":"2025-08-06T15:27:52+00:00","dateModified":"2025-08-06T15:49:27+00:00","breadcrumb":{"@id":"https://educacion.udd.cl/practicas-en-terreno/persona/sebastian-gonzalez-calderon/#breadcrumb"},"inLanguage":"es","potentialAction":[{"@type":"ReadAction","target":["https://educacion.udd.cl/practicas-en-terreno/persona/sebastian-gonzalez-calderon/"]}]},{"@type":"ImageObject","inLanguage":"es","@id":"https://educacion.udd.cl/practicas-en-terreno/persona/sebastian-gonzalez-calderon/#primaryimage","url":"https://educacion.udd.cl/practicas-en-terreno/files/2025/08/sebagonzalez.png","contentUrl":"https://educacion.udd.cl/practicas-en-terreno/files/2025/08/sebagonzalez.png","width":795,"height":828},{"@type":"BreadcrumbList","@id":"https://educacion.udd.cl/practicas-en-terreno/persona/sebastian-gonzalez-calderon/#breadcrumb","itemListElement":[{"@type":"ListItem","position":1,"name":"Portada","item":"https://educacion.udd.cl/practicas-en-terreno/"},{"@type":"ListItem","position":2,"name":"Personas","item":"https://educacion.udd.cl/practicas-en-terreno/persona/"},{"@type":"ListItem","position":3,"name":"Sebastián González Calderón"}]},{"@type":"WebSite","@id":"https://educacion.udd.cl/practicas-en-terreno/#website","url":"https://educacion.udd.cl/practicas-en-terreno/","name":"Prácticas en terreno | Facultad de Educación UDD","description":"Facultad de Educación UDD","inLanguage":"es"}]}</script>
<!-- / Yoast SEO plugin. -->

Sebastián González Calderón - Prácticas en terreno | Facultad de Educación UDD

Prácticas en terreno | Facultad de Educación UDD

Sebastián González Calderón

Facultad de Educación UDD

<div class="person-modal person-modal--scl">
	<header class="person-modal__header">
		<div class="person-modal__bg"></div>
		<div class="modal-container">
						<div class="person-modal__media">
				<img width="500" height="500" src="https://educacion.udd.cl/practicas-en-terreno/files/2025/08/sebagonzalez-62x62.png" class="person-modal__image wp-post-image lazyload" alt="" decoding="async" loading="lazy" sizes="auto, (max-width: 500px) 100vw, 500px" data-src="https://educacion.udd.cl/practicas-en-terreno/files/2025/08/sebagonzalez-500x500.png" data-srcset="https://educacion.udd.cl/practicas-en-terreno/files/2025/08/sebagonzalez-500x500.png 500w, https://educacion.udd.cl/practicas-en-terreno/files/2025/08/sebagonzalez-150x150.png 150w, https://educacion.udd.cl/practicas-en-terreno/files/2025/08/sebagonzalez-62x62.png 62w, https://educacion.udd.cl/practicas-en-terreno/files/2025/08/sebagonzalez-750x750.png 750w, https://educacion.udd.cl/practicas-en-terreno/files/2025/08/sebagonzalez-250x250.png 250w, https://educacion.udd.cl/practicas-en-terreno/files/2025/08/sebagonzalez-126x126.png 126w" />			</div>
						<div class="person-modal__data">
				<h1 class="person-modal__name">Sebastián González Calderón</h1>
															</div>
		</div>
	</header>
	<div class="modal-container">
			<div class="person-modal__content text">
										<p>Soy Magíster en Psicología Educacional, Diplomado en Aprendizaje Profundo, Licenciado en Teología, Licenciado en Educación y Profesor de Enseñanza Media mención Religión, todo ello en la Pontificia Universidad Católica de Chile.</p>
<p>Actualmente trabajo como Docente y Supervisor de prácticas en la Facultad de Educación para el programa de formación pedagógica de la Universidad del Desarrollo y hace 7 años como Académico del Departamento de Didáctica y Supervisión de prácticas en la Pontificia Universidad Católica de Chile. También me desempeño como Director Académico de la Fundación @MejorEduc asesorando y capacitando a diferentes equipos y colegios de Chile; Fundador de @Linxisentrenadores educacionales, dedicados a potenciar y mejorar la motivación y calidad académica de estudiantes de enseñanza media y universitarios. Trabajé durante más de diez años como profesor, profesor jefe y jefe de departamento en diversos colegios de Santiago.</p>
<p>Opté por desempeñarme como tutor en la UDD debido a que considero que la práctica constituye un entorno privilegiado para promover el trabajo colaborativo, reflexionar sobre los aprendizajes adquiridos y comprender cómo llevamos a cabo la planificación de manera deliberada para potenciar y agilizar el desarrollo de competencias.</p>
		</div>
	</div>
</div>

Sebastián

González Calderón
