{"id":1258,"date":"2022-04-04T14:50:58","date_gmt":"2022-04-04T12:50:58","guid":{"rendered":"https:\/\/educacion.udd.cl\/practicas-en-terreno\/?post_type=person&#038;p=1258"},"modified":"2022-04-19T13:02:30","modified_gmt":"2022-04-19T17:02:30","slug":"paulette-conget","status":"publish","type":"person","link":"https:\/\/educacion.udd.cl\/practicas-en-terreno\/persona\/paulette-conget\/","featured_media":1259,"template":"","people_tax":[27],"people_areas":[],"people_levels":[],"class_list":["post-1258","person","type-person","status-publish","has-post-thumbnail","hentry","people_tax-equipo-programa-de-formacion-pedagogica"],"yoast_head":"<!-- This site is optimized with the Yoast SEO plugin v26.9 - https:\/\/yoast.com\/product\/yoast-seo-wordpress\/ -->\n<title>Paulette Conget - Pr\u00e1cticas en terreno | Facultad de Educaci\u00f3n UDD<\/title>\n<meta name=\"robots\" content=\"index, follow, max-snippet:-1, max-image-preview:large, max-video-preview:-1\" \/>\n<link rel=\"canonical\" href=\"https:\/\/educacion.udd.cl\/practicas-en-terreno\/persona\/paulette-conget\/\" \/>\n<meta property=\"og:locale\" content=\"es_ES\" \/>\n<meta property=\"og:type\" content=\"article\" \/>\n<meta property=\"og:title\" content=\"Paulette Conget - Pr\u00e1cticas en terreno | Facultad de Educaci\u00f3n UDD\" \/>\n<meta property=\"og:url\" content=\"https:\/\/educacion.udd.cl\/practicas-en-terreno\/persona\/paulette-conget\/\" \/>\n<meta property=\"og:site_name\" content=\"Pr\u00e1cticas en terreno | Facultad de Educaci\u00f3n UDD\" \/>\n<meta property=\"article:modified_time\" content=\"2022-04-19T17:02:30+00:00\" \/>\n<meta property=\"og:image\" content=\"https:\/\/educacion.udd.cl\/practicas-en-terreno\/files\/2022\/04\/PConget-Paulette-Conget.jpg\" \/>\n\t<meta property=\"og:image:width\" content=\"898\" \/>\n\t<meta property=\"og:image:height\" content=\"929\" \/>\n\t<meta property=\"og:image:type\" content=\"image\/jpeg\" \/>\n<meta name=\"twitter:card\" content=\"summary_large_image\" \/>\n<script type=\"application\/ld+json\" class=\"yoast-schema-graph\">{\"@context\":\"https:\/\/schema.org\",\"@graph\":[{\"@type\":\"WebPage\",\"@id\":\"https:\/\/educacion.udd.cl\/practicas-en-terreno\/persona\/paulette-conget\/\",\"url\":\"https:\/\/educacion.udd.cl\/practicas-en-terreno\/persona\/paulette-conget\/\",\"name\":\"Paulette Conget - Pr\u00e1cticas en terreno | Facultad de Educaci\u00f3n UDD\",\"isPartOf\":{\"@id\":\"https:\/\/educacion.udd.cl\/practicas-en-terreno\/#website\"},\"primaryImageOfPage\":{\"@id\":\"https:\/\/educacion.udd.cl\/practicas-en-terreno\/persona\/paulette-conget\/#primaryimage\"},\"image\":{\"@id\":\"https:\/\/educacion.udd.cl\/practicas-en-terreno\/persona\/paulette-conget\/#primaryimage\"},\"thumbnailUrl\":\"https:\/\/educacion.udd.cl\/practicas-en-terreno\/files\/2022\/04\/PConget-Paulette-Conget.jpg\",\"datePublished\":\"2022-04-04T12:50:58+00:00\",\"dateModified\":\"2022-04-19T17:02:30+00:00\",\"breadcrumb\":{\"@id\":\"https:\/\/educacion.udd.cl\/practicas-en-terreno\/persona\/paulette-conget\/#breadcrumb\"},\"inLanguage\":\"es\",\"potentialAction\":[{\"@type\":\"ReadAction\",\"target\":[\"https:\/\/educacion.udd.cl\/practicas-en-terreno\/persona\/paulette-conget\/\"]}]},{\"@type\":\"ImageObject\",\"inLanguage\":\"es\",\"@id\":\"https:\/\/educacion.udd.cl\/practicas-en-terreno\/persona\/paulette-conget\/#primaryimage\",\"url\":\"https:\/\/educacion.udd.cl\/practicas-en-terreno\/files\/2022\/04\/PConget-Paulette-Conget.jpg\",\"contentUrl\":\"https:\/\/educacion.udd.cl\/practicas-en-terreno\/files\/2022\/04\/PConget-Paulette-Conget.jpg\",\"width\":898,\"height\":929},{\"@type\":\"BreadcrumbList\",\"@id\":\"https:\/\/educacion.udd.cl\/practicas-en-terreno\/persona\/paulette-conget\/#breadcrumb\",\"itemListElement\":[{\"@type\":\"ListItem\",\"position\":1,\"name\":\"Portada\",\"item\":\"https:\/\/educacion.udd.cl\/practicas-en-terreno\/\"},{\"@type\":\"ListItem\",\"position\":2,\"name\":\"Personas\",\"item\":\"https:\/\/educacion.udd.cl\/practicas-en-terreno\/persona\/\"},{\"@type\":\"ListItem\",\"position\":3,\"name\":\"Paulette Conget\"}]},{\"@type\":\"WebSite\",\"@id\":\"https:\/\/educacion.udd.cl\/practicas-en-terreno\/#website\",\"url\":\"https:\/\/educacion.udd.cl\/practicas-en-terreno\/\",\"name\":\"Pr\u00e1cticas en terreno | Facultad de Educaci\u00f3n UDD\",\"description\":\"Facultad de Educaci\u00f3n UDD\",\"inLanguage\":\"es\"}]}<\/script>\n<!-- \/ Yoast SEO plugin. -->","yoast_head_json":{"title":"Paulette Conget - Pr\u00e1cticas en terreno | Facultad de Educaci\u00f3n UDD","robots":{"index":"index","follow":"follow","max-snippet":"max-snippet:-1","max-image-preview":"max-image-preview:large","max-video-preview":"max-video-preview:-1"},"canonical":"https:\/\/educacion.udd.cl\/practicas-en-terreno\/persona\/paulette-conget\/","og_locale":"es_ES","og_type":"article","og_title":"Paulette Conget - Pr\u00e1cticas en terreno | Facultad de Educaci\u00f3n UDD","og_url":"https:\/\/educacion.udd.cl\/practicas-en-terreno\/persona\/paulette-conget\/","og_site_name":"Pr\u00e1cticas en terreno | Facultad de Educaci\u00f3n UDD","article_modified_time":"2022-04-19T17:02:30+00:00","og_image":[{"width":898,"height":929,"url":"https:\/\/educacion.udd.cl\/practicas-en-terreno\/files\/2022\/04\/PConget-Paulette-Conget.jpg","type":"image\/jpeg"}],"twitter_card":"summary_large_image","schema":{"@context":"https:\/\/schema.org","@graph":[{"@type":"WebPage","@id":"https:\/\/educacion.udd.cl\/practicas-en-terreno\/persona\/paulette-conget\/","url":"https:\/\/educacion.udd.cl\/practicas-en-terreno\/persona\/paulette-conget\/","name":"Paulette Conget - Pr\u00e1cticas en terreno | Facultad de Educaci\u00f3n UDD","isPartOf":{"@id":"https:\/\/educacion.udd.cl\/practicas-en-terreno\/#website"},"primaryImageOfPage":{"@id":"https:\/\/educacion.udd.cl\/practicas-en-terreno\/persona\/paulette-conget\/#primaryimage"},"image":{"@id":"https:\/\/educacion.udd.cl\/practicas-en-terreno\/persona\/paulette-conget\/#primaryimage"},"thumbnailUrl":"https:\/\/educacion.udd.cl\/practicas-en-terreno\/files\/2022\/04\/PConget-Paulette-Conget.jpg","datePublished":"2022-04-04T12:50:58+00:00","dateModified":"2022-04-19T17:02:30+00:00","breadcrumb":{"@id":"https:\/\/educacion.udd.cl\/practicas-en-terreno\/persona\/paulette-conget\/#breadcrumb"},"inLanguage":"es","potentialAction":[{"@type":"ReadAction","target":["https:\/\/educacion.udd.cl\/practicas-en-terreno\/persona\/paulette-conget\/"]}]},{"@type":"ImageObject","inLanguage":"es","@id":"https:\/\/educacion.udd.cl\/practicas-en-terreno\/persona\/paulette-conget\/#primaryimage","url":"https:\/\/educacion.udd.cl\/practicas-en-terreno\/files\/2022\/04\/PConget-Paulette-Conget.jpg","contentUrl":"https:\/\/educacion.udd.cl\/practicas-en-terreno\/files\/2022\/04\/PConget-Paulette-Conget.jpg","width":898,"height":929},{"@type":"BreadcrumbList","@id":"https:\/\/educacion.udd.cl\/practicas-en-terreno\/persona\/paulette-conget\/#breadcrumb","itemListElement":[{"@type":"ListItem","position":1,"name":"Portada","item":"https:\/\/educacion.udd.cl\/practicas-en-terreno\/"},{"@type":"ListItem","position":2,"name":"Personas","item":"https:\/\/educacion.udd.cl\/practicas-en-terreno\/persona\/"},{"@type":"ListItem","position":3,"name":"Paulette Conget"}]},{"@type":"WebSite","@id":"https:\/\/educacion.udd.cl\/practicas-en-terreno\/#website","url":"https:\/\/educacion.udd.cl\/practicas-en-terreno\/","name":"Pr\u00e1cticas en terreno | Facultad de Educaci\u00f3n UDD","description":"Facultad de Educaci\u00f3n UDD","inLanguage":"es"}]}},"label":"Paulette  Conget","title":{"rendered":"Paulette  Conget"},"role":false,"thumbnail_url":"https:\/\/educacion.udd.cl\/practicas-en-terreno\/files\/2022\/04\/PConget-Paulette-Conget-500x500.jpg","email":"pconget@udd.cl","tel_job":"","content":{"rendered":"<div class=\"person-modal person-modal--scl\">\n\t<header class=\"person-modal__header\">\n\t\t<div class=\"person-modal__bg\"><\/div>\n\t\t<div class=\"modal-container\">\n\t\t\t\t\t\t<div class=\"person-modal__media\">\n\t\t\t\t<img width=\"500\" height=\"500\" src=\"https:\/\/educacion.udd.cl\/practicas-en-terreno\/files\/2022\/04\/PConget-Paulette-Conget-62x62.jpg\" class=\"person-modal__image wp-post-image lazyload\" alt=\"\" decoding=\"async\" loading=\"lazy\" sizes=\"auto, (max-width: 500px) 100vw, 500px\" data-src=\"https:\/\/educacion.udd.cl\/practicas-en-terreno\/files\/2022\/04\/PConget-Paulette-Conget-500x500.jpg\" data-srcset=\"https:\/\/educacion.udd.cl\/practicas-en-terreno\/files\/2022\/04\/PConget-Paulette-Conget-500x500.jpg 500w, https:\/\/educacion.udd.cl\/practicas-en-terreno\/files\/2022\/04\/PConget-Paulette-Conget-150x150.jpg 150w, https:\/\/educacion.udd.cl\/practicas-en-terreno\/files\/2022\/04\/PConget-Paulette-Conget-62x62.jpg 62w, https:\/\/educacion.udd.cl\/practicas-en-terreno\/files\/2022\/04\/PConget-Paulette-Conget-750x750.jpg 750w, https:\/\/educacion.udd.cl\/practicas-en-terreno\/files\/2022\/04\/PConget-Paulette-Conget-250x250.jpg 250w, https:\/\/educacion.udd.cl\/practicas-en-terreno\/files\/2022\/04\/PConget-Paulette-Conget-126x126.jpg 126w\" \/>\t\t\t<\/div>\n\t\t\t\t\t\t<div class=\"person-modal__data\">\n\t\t\t\t<h1 class=\"person-modal__name\">Paulette  Conget<\/h1>\n\t\t\t\t\t\t\t\t\t\t\t\t\t<a href=\"mailto:&#112;&#099;&#111;n&#103;&#101;&#116;&#064;&#117;d&#100;.c&#108;\" class=\"person-modal__email\">p&#99;ong&#101;&#116;&#64;udd.c&#108;<\/a>\n\t\t\t\t\t\t\t\t\t<\/div>\n\t\t<\/div>\n\t<\/header>\n\t<div class=\"modal-container\">\n\t\t\t<div class=\"person-modal__content text\">\n\t\t\t\t\t\t\t\t\t\t<p dir=\"ltr\"><span>Soy Docente en la Facultad de Educaci\u00f3n y la Facultad de Medicina. Tambi\u00e9n, co-tutora de pr\u00e1ctica en PFP y profesor en College La Girouette..<\/span><\/p>\n<p dir=\"ltr\"><span>Soy Bioqu\u00edmico, Doctor en Ciencias con menci\u00f3n en Biolog\u00eda Molecular y Celular y profesora de Ense\u00f1anza Media menci\u00f3n Biolog\u00eda.<\/span><\/p>\n<p dir=\"ltr\"><span>Particip\u00e9 en la fundaci\u00f3n de FM. Dirig\u00ed 11 a\u00f1os su centro de investigaci\u00f3n. Lider\u00e9 2 procesos de acreditaci\u00f3n. Contribuyo a formar profesores novicios y en ejercicio. Trabajo en aula y apoyo a la Direcci\u00f3n de colegio en decisiones estrat\u00e9gicas. Soy revisor experto de CNED y coordin\u00e9 la elaboraci\u00f3n los est\u00e1ndares FID Ciencias.<\/span><\/p>\n<p dir=\"ltr\"><span>Decid\u00ed ser co-tutora porque creo firmemente en el aprendizaje experiencial. Sigo siendo co-tutora porque he vivenciado la transformaci\u00f3n que experimenta un profesor en formaci\u00f3n al practicar, analizar su pr\u00e1ctica, definir y ejecutar sus planes de mejora, y porque aprendo cada vez que ingreso al aula.<\/span><\/p>\n\t\t<\/div>\n\t<\/div>\n<\/div>\n"},"identifier":"555eaa1bd57265aefa8f7e1b7b71c03284449304","has_credential":[],"given_name":"Paulette ","family_name":"Conget","name":"Paulette  Conget","job_title":"","telephone":"","note":"","im":"","_self_schedule":null,"_links":{"self":[{"href":"https:\/\/educacion.udd.cl\/practicas-en-terreno\/wp-json\/wp\/v2\/people\/1258","targetHints":{"allow":["GET"]}}],"collection":[{"href":"https:\/\/educacion.udd.cl\/practicas-en-terreno\/wp-json\/wp\/v2\/people"}],"about":[{"href":"https:\/\/educacion.udd.cl\/practicas-en-terreno\/wp-json\/wp\/v2\/types\/person"}],"wp:featuredmedia":[{"embeddable":true,"href":"https:\/\/educacion.udd.cl\/practicas-en-terreno\/wp-json\/wp\/v2\/media\/1259"}],"wp:attachment":[{"href":"https:\/\/educacion.udd.cl\/practicas-en-terreno\/wp-json\/wp\/v2\/media?parent=1258"}],"wp:term":[{"taxonomy":"people_tax","embeddable":true,"href":"https:\/\/educacion.udd.cl\/practicas-en-terreno\/wp-json\/wp\/v2\/people_tax?post=1258"},{"taxonomy":"people_areas","embeddable":true,"href":"https:\/\/educacion.udd.cl\/practicas-en-terreno\/wp-json\/wp\/v2\/people_areas?post=1258"},{"taxonomy":"people_levels","embeddable":true,"href":"https:\/\/educacion.udd.cl\/practicas-en-terreno\/wp-json\/wp\/v2\/people_levels?post=1258"}],"curies":[{"name":"wp","href":"https:\/\/api.w.org\/{rel}","templated":true}]}}

<!-- This site is optimized with the Yoast SEO plugin v26.9 - https://yoast.com/product/yoast-seo-wordpress/ -->
<title>Paulette Conget - Prácticas en terreno | Facultad de Educación UDD</title>
<meta name="robots" content="index, follow, max-snippet:-1, max-image-preview:large, max-video-preview:-1" />
<link rel="canonical" href="https://educacion.udd.cl/practicas-en-terreno/persona/paulette-conget/" />
<meta property="og:locale" content="es_ES" />
<meta property="og:type" content="article" />
<meta property="og:title" content="Paulette Conget - Prácticas en terreno | Facultad de Educación UDD" />
<meta property="og:url" content="https://educacion.udd.cl/practicas-en-terreno/persona/paulette-conget/" />
<meta property="og:site_name" content="Prácticas en terreno | Facultad de Educación UDD" />
<meta property="article:modified_time" content="2022-04-19T17:02:30+00:00" />
<meta property="og:image" content="https://educacion.udd.cl/practicas-en-terreno/files/2022/04/PConget-Paulette-Conget.jpg" />
	<meta property="og:image:width" content="898" />
	<meta property="og:image:height" content="929" />
	<meta property="og:image:type" content="image/jpeg" />
<meta name="twitter:card" content="summary_large_image" />
<script type="application/ld+json" class="yoast-schema-graph">{"@context":"https://schema.org","@graph":[{"@type":"WebPage","@id":"https://educacion.udd.cl/practicas-en-terreno/persona/paulette-conget/","url":"https://educacion.udd.cl/practicas-en-terreno/persona/paulette-conget/","name":"Paulette Conget - Prácticas en terreno | Facultad de Educación UDD","isPartOf":{"@id":"https://educacion.udd.cl/practicas-en-terreno/#website"},"primaryImageOfPage":{"@id":"https://educacion.udd.cl/practicas-en-terreno/persona/paulette-conget/#primaryimage"},"image":{"@id":"https://educacion.udd.cl/practicas-en-terreno/persona/paulette-conget/#primaryimage"},"thumbnailUrl":"https://educacion.udd.cl/practicas-en-terreno/files/2022/04/PConget-Paulette-Conget.jpg","datePublished":"2022-04-04T12:50:58+00:00","dateModified":"2022-04-19T17:02:30+00:00","breadcrumb":{"@id":"https://educacion.udd.cl/practicas-en-terreno/persona/paulette-conget/#breadcrumb"},"inLanguage":"es","potentialAction":[{"@type":"ReadAction","target":["https://educacion.udd.cl/practicas-en-terreno/persona/paulette-conget/"]}]},{"@type":"ImageObject","inLanguage":"es","@id":"https://educacion.udd.cl/practicas-en-terreno/persona/paulette-conget/#primaryimage","url":"https://educacion.udd.cl/practicas-en-terreno/files/2022/04/PConget-Paulette-Conget.jpg","contentUrl":"https://educacion.udd.cl/practicas-en-terreno/files/2022/04/PConget-Paulette-Conget.jpg","width":898,"height":929},{"@type":"BreadcrumbList","@id":"https://educacion.udd.cl/practicas-en-terreno/persona/paulette-conget/#breadcrumb","itemListElement":[{"@type":"ListItem","position":1,"name":"Portada","item":"https://educacion.udd.cl/practicas-en-terreno/"},{"@type":"ListItem","position":2,"name":"Personas","item":"https://educacion.udd.cl/practicas-en-terreno/persona/"},{"@type":"ListItem","position":3,"name":"Paulette Conget"}]},{"@type":"WebSite","@id":"https://educacion.udd.cl/practicas-en-terreno/#website","url":"https://educacion.udd.cl/practicas-en-terreno/","name":"Prácticas en terreno | Facultad de Educación UDD","description":"Facultad de Educación UDD","inLanguage":"es"}]}</script>
<!-- / Yoast SEO plugin. -->

Paulette Conget - Prácticas en terreno | Facultad de Educación UDD

Prácticas en terreno | Facultad de Educación UDD

Facultad de Educación UDD

<div class="person-modal person-modal--scl">
	<header class="person-modal__header">
		<div class="person-modal__bg"></div>
		<div class="modal-container">
						<div class="person-modal__media">
				<img width="500" height="500" src="https://educacion.udd.cl/practicas-en-terreno/files/2022/04/PConget-Paulette-Conget-62x62.jpg" class="person-modal__image wp-post-image lazyload" alt="" decoding="async" loading="lazy" sizes="auto, (max-width: 500px) 100vw, 500px" data-src="https://educacion.udd.cl/practicas-en-terreno/files/2022/04/PConget-Paulette-Conget-500x500.jpg" data-srcset="https://educacion.udd.cl/practicas-en-terreno/files/2022/04/PConget-Paulette-Conget-500x500.jpg 500w, https://educacion.udd.cl/practicas-en-terreno/files/2022/04/PConget-Paulette-Conget-150x150.jpg 150w, https://educacion.udd.cl/practicas-en-terreno/files/2022/04/PConget-Paulette-Conget-62x62.jpg 62w, https://educacion.udd.cl/practicas-en-terreno/files/2022/04/PConget-Paulette-Conget-750x750.jpg 750w, https://educacion.udd.cl/practicas-en-terreno/files/2022/04/PConget-Paulette-Conget-250x250.jpg 250w, https://educacion.udd.cl/practicas-en-terreno/files/2022/04/PConget-Paulette-Conget-126x126.jpg 126w" />			</div>
						<div class="person-modal__data">
				<h1 class="person-modal__name">Paulette  Conget</h1>
													<a href="mailto:&#112;&#099;&#111;n&#103;&#101;&#116;&#064;&#117;d&#100;.c&#108;" class="person-modal__email">p&#99;ong&#101;&#116;&#64;udd.c&#108;</a>
									</div>
		</div>
	</header>
	<div class="modal-container">
			<div class="person-modal__content text">
										<p dir="ltr"><span>Soy Docente en la Facultad de Educación y la Facultad de Medicina. También, co-tutora de práctica en PFP y profesor en College La Girouette..</span></p>
<p dir="ltr"><span>Soy Bioquímico, Doctor en Ciencias con mención en Biología Molecular y Celular y profesora de Enseñanza Media mención Biología.</span></p>
<p dir="ltr"><span>Participé en la fundación de FM. Dirigí 11 años su centro de investigación. Lideré 2 procesos de acreditación. Contribuyo a formar profesores novicios y en ejercicio. Trabajo en aula y apoyo a la Dirección de colegio en decisiones estratégicas. Soy revisor experto de CNED y coordiné la elaboración los estándares FID Ciencias.</span></p>
<p dir="ltr"><span>Decidí ser co-tutora porque creo firmemente en el aprendizaje experiencial. Sigo siendo co-tutora porque he vivenciado la transformación que experimenta un profesor en formación al practicar, analizar su práctica, definir y ejecutar sus planes de mejora, y porque aprendo cada vez que ingreso al aula.</span></p>
		</div>
	</div>
</div>
