{"id":1257,"date":"2022-04-04T14:48:43","date_gmt":"2022-04-04T12:48:43","guid":{"rendered":"https:\/\/educacion.udd.cl\/practicas-en-terreno\/?post_type=person&#038;p=1257"},"modified":"2022-04-19T16:27:04","modified_gmt":"2022-04-19T20:27:04","slug":"marcela-rojas-figueroa","status":"publish","type":"person","link":"https:\/\/educacion.udd.cl\/practicas-en-terreno\/persona\/marcela-rojas-figueroa\/","featured_media":1386,"template":"","people_tax":[27],"people_areas":[],"people_levels":[],"class_list":["post-1257","person","type-person","status-publish","has-post-thumbnail","hentry","people_tax-equipo-programa-de-formacion-pedagogica"],"yoast_head":"<!-- This site is optimized with the Yoast SEO plugin v26.9 - https:\/\/yoast.com\/product\/yoast-seo-wordpress\/ -->\n<title>Marcela Rojas Figueroa - Pr\u00e1cticas en terreno | Facultad de Educaci\u00f3n UDD<\/title>\n<meta name=\"robots\" content=\"index, follow, max-snippet:-1, max-image-preview:large, max-video-preview:-1\" \/>\n<link rel=\"canonical\" href=\"https:\/\/educacion.udd.cl\/practicas-en-terreno\/persona\/marcela-rojas-figueroa\/\" \/>\n<meta property=\"og:locale\" content=\"es_ES\" \/>\n<meta property=\"og:type\" content=\"article\" \/>\n<meta property=\"og:title\" content=\"Marcela Rojas Figueroa - Pr\u00e1cticas en terreno | Facultad de Educaci\u00f3n UDD\" \/>\n<meta property=\"og:url\" content=\"https:\/\/educacion.udd.cl\/practicas-en-terreno\/persona\/marcela-rojas-figueroa\/\" \/>\n<meta property=\"og:site_name\" content=\"Pr\u00e1cticas en terreno | Facultad de Educaci\u00f3n UDD\" \/>\n<meta property=\"article:modified_time\" content=\"2022-04-19T20:27:04+00:00\" \/>\n<meta property=\"og:image\" content=\"https:\/\/educacion.udd.cl\/practicas-en-terreno\/files\/2022\/04\/Marcela-Rojas-scaled.jpg\" \/>\n\t<meta property=\"og:image:width\" content=\"2560\" \/>\n\t<meta property=\"og:image:height\" content=\"2527\" \/>\n\t<meta property=\"og:image:type\" content=\"image\/jpeg\" \/>\n<meta name=\"twitter:card\" content=\"summary_large_image\" \/>\n<script type=\"application\/ld+json\" class=\"yoast-schema-graph\">{\"@context\":\"https:\/\/schema.org\",\"@graph\":[{\"@type\":\"WebPage\",\"@id\":\"https:\/\/educacion.udd.cl\/practicas-en-terreno\/persona\/marcela-rojas-figueroa\/\",\"url\":\"https:\/\/educacion.udd.cl\/practicas-en-terreno\/persona\/marcela-rojas-figueroa\/\",\"name\":\"Marcela Rojas Figueroa - Pr\u00e1cticas en terreno | Facultad de Educaci\u00f3n UDD\",\"isPartOf\":{\"@id\":\"https:\/\/educacion.udd.cl\/practicas-en-terreno\/#website\"},\"primaryImageOfPage\":{\"@id\":\"https:\/\/educacion.udd.cl\/practicas-en-terreno\/persona\/marcela-rojas-figueroa\/#primaryimage\"},\"image\":{\"@id\":\"https:\/\/educacion.udd.cl\/practicas-en-terreno\/persona\/marcela-rojas-figueroa\/#primaryimage\"},\"thumbnailUrl\":\"https:\/\/educacion.udd.cl\/practicas-en-terreno\/files\/2022\/04\/Marcela-Rojas-scaled.jpg\",\"datePublished\":\"2022-04-04T12:48:43+00:00\",\"dateModified\":\"2022-04-19T20:27:04+00:00\",\"breadcrumb\":{\"@id\":\"https:\/\/educacion.udd.cl\/practicas-en-terreno\/persona\/marcela-rojas-figueroa\/#breadcrumb\"},\"inLanguage\":\"es\",\"potentialAction\":[{\"@type\":\"ReadAction\",\"target\":[\"https:\/\/educacion.udd.cl\/practicas-en-terreno\/persona\/marcela-rojas-figueroa\/\"]}]},{\"@type\":\"ImageObject\",\"inLanguage\":\"es\",\"@id\":\"https:\/\/educacion.udd.cl\/practicas-en-terreno\/persona\/marcela-rojas-figueroa\/#primaryimage\",\"url\":\"https:\/\/educacion.udd.cl\/practicas-en-terreno\/files\/2022\/04\/Marcela-Rojas-scaled.jpg\",\"contentUrl\":\"https:\/\/educacion.udd.cl\/practicas-en-terreno\/files\/2022\/04\/Marcela-Rojas-scaled.jpg\",\"width\":2560,\"height\":2527},{\"@type\":\"BreadcrumbList\",\"@id\":\"https:\/\/educacion.udd.cl\/practicas-en-terreno\/persona\/marcela-rojas-figueroa\/#breadcrumb\",\"itemListElement\":[{\"@type\":\"ListItem\",\"position\":1,\"name\":\"Portada\",\"item\":\"https:\/\/educacion.udd.cl\/practicas-en-terreno\/\"},{\"@type\":\"ListItem\",\"position\":2,\"name\":\"Personas\",\"item\":\"https:\/\/educacion.udd.cl\/practicas-en-terreno\/persona\/\"},{\"@type\":\"ListItem\",\"position\":3,\"name\":\"Marcela Rojas Figueroa\"}]},{\"@type\":\"WebSite\",\"@id\":\"https:\/\/educacion.udd.cl\/practicas-en-terreno\/#website\",\"url\":\"https:\/\/educacion.udd.cl\/practicas-en-terreno\/\",\"name\":\"Pr\u00e1cticas en terreno | Facultad de Educaci\u00f3n UDD\",\"description\":\"Facultad de Educaci\u00f3n UDD\",\"inLanguage\":\"es\"}]}<\/script>\n<!-- \/ Yoast SEO plugin. -->","yoast_head_json":{"title":"Marcela Rojas Figueroa - Pr\u00e1cticas en terreno | Facultad de Educaci\u00f3n UDD","robots":{"index":"index","follow":"follow","max-snippet":"max-snippet:-1","max-image-preview":"max-image-preview:large","max-video-preview":"max-video-preview:-1"},"canonical":"https:\/\/educacion.udd.cl\/practicas-en-terreno\/persona\/marcela-rojas-figueroa\/","og_locale":"es_ES","og_type":"article","og_title":"Marcela Rojas Figueroa - Pr\u00e1cticas en terreno | Facultad de Educaci\u00f3n UDD","og_url":"https:\/\/educacion.udd.cl\/practicas-en-terreno\/persona\/marcela-rojas-figueroa\/","og_site_name":"Pr\u00e1cticas en terreno | Facultad de Educaci\u00f3n UDD","article_modified_time":"2022-04-19T20:27:04+00:00","og_image":[{"width":2560,"height":2527,"url":"https:\/\/educacion.udd.cl\/practicas-en-terreno\/files\/2022\/04\/Marcela-Rojas-scaled.jpg","type":"image\/jpeg"}],"twitter_card":"summary_large_image","schema":{"@context":"https:\/\/schema.org","@graph":[{"@type":"WebPage","@id":"https:\/\/educacion.udd.cl\/practicas-en-terreno\/persona\/marcela-rojas-figueroa\/","url":"https:\/\/educacion.udd.cl\/practicas-en-terreno\/persona\/marcela-rojas-figueroa\/","name":"Marcela Rojas Figueroa - Pr\u00e1cticas en terreno | Facultad de Educaci\u00f3n UDD","isPartOf":{"@id":"https:\/\/educacion.udd.cl\/practicas-en-terreno\/#website"},"primaryImageOfPage":{"@id":"https:\/\/educacion.udd.cl\/practicas-en-terreno\/persona\/marcela-rojas-figueroa\/#primaryimage"},"image":{"@id":"https:\/\/educacion.udd.cl\/practicas-en-terreno\/persona\/marcela-rojas-figueroa\/#primaryimage"},"thumbnailUrl":"https:\/\/educacion.udd.cl\/practicas-en-terreno\/files\/2022\/04\/Marcela-Rojas-scaled.jpg","datePublished":"2022-04-04T12:48:43+00:00","dateModified":"2022-04-19T20:27:04+00:00","breadcrumb":{"@id":"https:\/\/educacion.udd.cl\/practicas-en-terreno\/persona\/marcela-rojas-figueroa\/#breadcrumb"},"inLanguage":"es","potentialAction":[{"@type":"ReadAction","target":["https:\/\/educacion.udd.cl\/practicas-en-terreno\/persona\/marcela-rojas-figueroa\/"]}]},{"@type":"ImageObject","inLanguage":"es","@id":"https:\/\/educacion.udd.cl\/practicas-en-terreno\/persona\/marcela-rojas-figueroa\/#primaryimage","url":"https:\/\/educacion.udd.cl\/practicas-en-terreno\/files\/2022\/04\/Marcela-Rojas-scaled.jpg","contentUrl":"https:\/\/educacion.udd.cl\/practicas-en-terreno\/files\/2022\/04\/Marcela-Rojas-scaled.jpg","width":2560,"height":2527},{"@type":"BreadcrumbList","@id":"https:\/\/educacion.udd.cl\/practicas-en-terreno\/persona\/marcela-rojas-figueroa\/#breadcrumb","itemListElement":[{"@type":"ListItem","position":1,"name":"Portada","item":"https:\/\/educacion.udd.cl\/practicas-en-terreno\/"},{"@type":"ListItem","position":2,"name":"Personas","item":"https:\/\/educacion.udd.cl\/practicas-en-terreno\/persona\/"},{"@type":"ListItem","position":3,"name":"Marcela Rojas Figueroa"}]},{"@type":"WebSite","@id":"https:\/\/educacion.udd.cl\/practicas-en-terreno\/#website","url":"https:\/\/educacion.udd.cl\/practicas-en-terreno\/","name":"Pr\u00e1cticas en terreno | Facultad de Educaci\u00f3n UDD","description":"Facultad de Educaci\u00f3n UDD","inLanguage":"es"}]}},"label":"Marcela  Rojas Figueroa","title":{"rendered":"Marcela  Rojas Figueroa"},"role":false,"thumbnail_url":"https:\/\/educacion.udd.cl\/practicas-en-terreno\/files\/2022\/04\/Marcela-Rojas-500x500.jpg","email":"silvia.rojas@udd.cl","tel_job":"","content":{"rendered":"<div class=\"person-modal person-modal--scl\">\n\t<header class=\"person-modal__header\">\n\t\t<div class=\"person-modal__bg\"><\/div>\n\t\t<div class=\"modal-container\">\n\t\t\t\t\t\t<div class=\"person-modal__media\">\n\t\t\t\t<img width=\"500\" height=\"500\" src=\"https:\/\/educacion.udd.cl\/practicas-en-terreno\/files\/2022\/04\/Marcela-Rojas-62x62.jpg\" class=\"person-modal__image wp-post-image lazyload\" alt=\"\" decoding=\"async\" loading=\"lazy\" sizes=\"auto, (max-width: 500px) 100vw, 500px\" data-src=\"https:\/\/educacion.udd.cl\/practicas-en-terreno\/files\/2022\/04\/Marcela-Rojas-500x500.jpg\" data-srcset=\"https:\/\/educacion.udd.cl\/practicas-en-terreno\/files\/2022\/04\/Marcela-Rojas-500x500.jpg 500w, https:\/\/educacion.udd.cl\/practicas-en-terreno\/files\/2022\/04\/Marcela-Rojas-150x150.jpg 150w, https:\/\/educacion.udd.cl\/practicas-en-terreno\/files\/2022\/04\/Marcela-Rojas-62x62.jpg 62w, https:\/\/educacion.udd.cl\/practicas-en-terreno\/files\/2022\/04\/Marcela-Rojas-750x750.jpg 750w, https:\/\/educacion.udd.cl\/practicas-en-terreno\/files\/2022\/04\/Marcela-Rojas-250x250.jpg 250w, https:\/\/educacion.udd.cl\/practicas-en-terreno\/files\/2022\/04\/Marcela-Rojas-126x126.jpg 126w\" \/>\t\t\t<\/div>\n\t\t\t\t\t\t<div class=\"person-modal__data\">\n\t\t\t\t<h1 class=\"person-modal__name\">Marcela  Rojas Figueroa<\/h1>\n\t\t\t\t\t\t\t\t\t\t\t\t\t<a href=\"mailto:&#115;ilvia&#046;r&#111;ja&#115;&#064;&#117;&#100;d&#046;&#099;l\" class=\"person-modal__email\">&#115;i&#108;&#118;ia&#46;r&#111;&#106;&#97;&#115;&#64;udd&#46;c&#108;<\/a>\n\t\t\t\t\t\t\t\t\t<\/div>\n\t\t<\/div>\n\t<\/header>\n\t<div class=\"modal-container\">\n\t\t\t<div class=\"person-modal__content text\">\n\t\t\t\t\t\t\t\t\t\t<p dir=\"ltr\"><span>Soy Co-tutora de pr\u00e1cticas en\u00a0 PFP de Artes Visuales<\/span><\/p>\n<p dir=\"ltr\"><span>Soy Pintora titulada de la carrera de Artes Pl\u00e1sticas de la U. de Chile, Profesora de Artes Visuales de la Pontificia Universidad Cat\u00f3lica de Chile, Postitulada en Arteterapia de la U. de Chile.<\/span><\/p>\n<p dir=\"ltr\"><span>Soy profesora de Artes Visuales en el Instituto Hebreo hace 12 a\u00f1os. Presidenta de EDUCARTE A.G. Fui mediadora en el Museo de Artes Visuales por doce a\u00f1os. <\/span><\/p>\n<p dir=\"ltr\"><span>Soy voluntaria como Arteterapeuta en el programa NIID de la Universidad de Chile en desastres naturales y actualmente soy Ilustradora en la Editorial Hilo de Estados Unidos.<\/span><\/p>\n<p dir=\"ltr\"><span>Decid\u00ed ser co-tutora porque me parece interesante traspasar y compartir conocimientos con las y los estudiantes que van a realizar un recorrido como el que hice yo y acompa\u00f1arlos en este proceso.<\/span><\/p>\n\t\t<\/div>\n\t<\/div>\n<\/div>\n"},"identifier":"d9cf173233d7339e13715bf799b75076039595f4","has_credential":[],"given_name":"Marcela ","family_name":"Rojas Figueroa","name":"Marcela  Rojas Figueroa","job_title":"","telephone":"","note":"","im":"","_self_schedule":null,"_links":{"self":[{"href":"https:\/\/educacion.udd.cl\/practicas-en-terreno\/wp-json\/wp\/v2\/people\/1257","targetHints":{"allow":["GET"]}}],"collection":[{"href":"https:\/\/educacion.udd.cl\/practicas-en-terreno\/wp-json\/wp\/v2\/people"}],"about":[{"href":"https:\/\/educacion.udd.cl\/practicas-en-terreno\/wp-json\/wp\/v2\/types\/person"}],"wp:featuredmedia":[{"embeddable":true,"href":"https:\/\/educacion.udd.cl\/practicas-en-terreno\/wp-json\/wp\/v2\/media\/1386"}],"wp:attachment":[{"href":"https:\/\/educacion.udd.cl\/practicas-en-terreno\/wp-json\/wp\/v2\/media?parent=1257"}],"wp:term":[{"taxonomy":"people_tax","embeddable":true,"href":"https:\/\/educacion.udd.cl\/practicas-en-terreno\/wp-json\/wp\/v2\/people_tax?post=1257"},{"taxonomy":"people_areas","embeddable":true,"href":"https:\/\/educacion.udd.cl\/practicas-en-terreno\/wp-json\/wp\/v2\/people_areas?post=1257"},{"taxonomy":"people_levels","embeddable":true,"href":"https:\/\/educacion.udd.cl\/practicas-en-terreno\/wp-json\/wp\/v2\/people_levels?post=1257"}],"curies":[{"name":"wp","href":"https:\/\/api.w.org\/{rel}","templated":true}]}}

<!-- This site is optimized with the Yoast SEO plugin v26.9 - https://yoast.com/product/yoast-seo-wordpress/ -->
<title>Marcela Rojas Figueroa - Prácticas en terreno | Facultad de Educación UDD</title>
<meta name="robots" content="index, follow, max-snippet:-1, max-image-preview:large, max-video-preview:-1" />
<link rel="canonical" href="https://educacion.udd.cl/practicas-en-terreno/persona/marcela-rojas-figueroa/" />
<meta property="og:locale" content="es_ES" />
<meta property="og:type" content="article" />
<meta property="og:title" content="Marcela Rojas Figueroa - Prácticas en terreno | Facultad de Educación UDD" />
<meta property="og:url" content="https://educacion.udd.cl/practicas-en-terreno/persona/marcela-rojas-figueroa/" />
<meta property="og:site_name" content="Prácticas en terreno | Facultad de Educación UDD" />
<meta property="article:modified_time" content="2022-04-19T20:27:04+00:00" />
<meta property="og:image" content="https://educacion.udd.cl/practicas-en-terreno/files/2022/04/Marcela-Rojas-scaled.jpg" />
	<meta property="og:image:width" content="2560" />
	<meta property="og:image:height" content="2527" />
	<meta property="og:image:type" content="image/jpeg" />
<meta name="twitter:card" content="summary_large_image" />
<script type="application/ld+json" class="yoast-schema-graph">{"@context":"https://schema.org","@graph":[{"@type":"WebPage","@id":"https://educacion.udd.cl/practicas-en-terreno/persona/marcela-rojas-figueroa/","url":"https://educacion.udd.cl/practicas-en-terreno/persona/marcela-rojas-figueroa/","name":"Marcela Rojas Figueroa - Prácticas en terreno | Facultad de Educación UDD","isPartOf":{"@id":"https://educacion.udd.cl/practicas-en-terreno/#website"},"primaryImageOfPage":{"@id":"https://educacion.udd.cl/practicas-en-terreno/persona/marcela-rojas-figueroa/#primaryimage"},"image":{"@id":"https://educacion.udd.cl/practicas-en-terreno/persona/marcela-rojas-figueroa/#primaryimage"},"thumbnailUrl":"https://educacion.udd.cl/practicas-en-terreno/files/2022/04/Marcela-Rojas-scaled.jpg","datePublished":"2022-04-04T12:48:43+00:00","dateModified":"2022-04-19T20:27:04+00:00","breadcrumb":{"@id":"https://educacion.udd.cl/practicas-en-terreno/persona/marcela-rojas-figueroa/#breadcrumb"},"inLanguage":"es","potentialAction":[{"@type":"ReadAction","target":["https://educacion.udd.cl/practicas-en-terreno/persona/marcela-rojas-figueroa/"]}]},{"@type":"ImageObject","inLanguage":"es","@id":"https://educacion.udd.cl/practicas-en-terreno/persona/marcela-rojas-figueroa/#primaryimage","url":"https://educacion.udd.cl/practicas-en-terreno/files/2022/04/Marcela-Rojas-scaled.jpg","contentUrl":"https://educacion.udd.cl/practicas-en-terreno/files/2022/04/Marcela-Rojas-scaled.jpg","width":2560,"height":2527},{"@type":"BreadcrumbList","@id":"https://educacion.udd.cl/practicas-en-terreno/persona/marcela-rojas-figueroa/#breadcrumb","itemListElement":[{"@type":"ListItem","position":1,"name":"Portada","item":"https://educacion.udd.cl/practicas-en-terreno/"},{"@type":"ListItem","position":2,"name":"Personas","item":"https://educacion.udd.cl/practicas-en-terreno/persona/"},{"@type":"ListItem","position":3,"name":"Marcela Rojas Figueroa"}]},{"@type":"WebSite","@id":"https://educacion.udd.cl/practicas-en-terreno/#website","url":"https://educacion.udd.cl/practicas-en-terreno/","name":"Prácticas en terreno | Facultad de Educación UDD","description":"Facultad de Educación UDD","inLanguage":"es"}]}</script>
<!-- / Yoast SEO plugin. -->

Marcela Rojas Figueroa - Prácticas en terreno | Facultad de Educación UDD

Prácticas en terreno | Facultad de Educación UDD

Facultad de Educación UDD

<div class="person-modal person-modal--scl">
	<header class="person-modal__header">
		<div class="person-modal__bg"></div>
		<div class="modal-container">
						<div class="person-modal__media">
				<img width="500" height="500" src="https://educacion.udd.cl/practicas-en-terreno/files/2022/04/Marcela-Rojas-62x62.jpg" class="person-modal__image wp-post-image lazyload" alt="" decoding="async" loading="lazy" sizes="auto, (max-width: 500px) 100vw, 500px" data-src="https://educacion.udd.cl/practicas-en-terreno/files/2022/04/Marcela-Rojas-500x500.jpg" data-srcset="https://educacion.udd.cl/practicas-en-terreno/files/2022/04/Marcela-Rojas-500x500.jpg 500w, https://educacion.udd.cl/practicas-en-terreno/files/2022/04/Marcela-Rojas-150x150.jpg 150w, https://educacion.udd.cl/practicas-en-terreno/files/2022/04/Marcela-Rojas-62x62.jpg 62w, https://educacion.udd.cl/practicas-en-terreno/files/2022/04/Marcela-Rojas-750x750.jpg 750w, https://educacion.udd.cl/practicas-en-terreno/files/2022/04/Marcela-Rojas-250x250.jpg 250w, https://educacion.udd.cl/practicas-en-terreno/files/2022/04/Marcela-Rojas-126x126.jpg 126w" />			</div>
						<div class="person-modal__data">
				<h1 class="person-modal__name">Marcela  Rojas Figueroa</h1>
													<a href="mailto:&#115;ilvia&#046;r&#111;ja&#115;&#064;&#117;&#100;d&#046;&#099;l" class="person-modal__email">&#115;i&#108;&#118;ia&#46;r&#111;&#106;&#97;&#115;&#64;udd&#46;c&#108;</a>
									</div>
		</div>
	</header>
	<div class="modal-container">
			<div class="person-modal__content text">
										<p dir="ltr"><span>Soy Co-tutora de prácticas en  PFP de Artes Visuales</span></p>
<p dir="ltr"><span>Soy Pintora titulada de la carrera de Artes Plásticas de la U. de Chile, Profesora de Artes Visuales de la Pontificia Universidad Católica de Chile, Postitulada en Arteterapia de la U. de Chile.</span></p>
<p dir="ltr"><span>Soy profesora de Artes Visuales en el Instituto Hebreo hace 12 años. Presidenta de EDUCARTE A.G. Fui mediadora en el Museo de Artes Visuales por doce años. </span></p>
<p dir="ltr"><span>Soy voluntaria como Arteterapeuta en el programa NIID de la Universidad de Chile en desastres naturales y actualmente soy Ilustradora en la Editorial Hilo de Estados Unidos.</span></p>
<p dir="ltr"><span>Decidí ser co-tutora porque me parece interesante traspasar y compartir conocimientos con las y los estudiantes que van a realizar un recorrido como el que hice yo y acompañarlos en este proceso.</span></p>
		</div>
	</div>
</div>
