{"id":1255,"date":"2022-04-04T14:46:01","date_gmt":"2022-04-04T12:46:01","guid":{"rendered":"https:\/\/educacion.udd.cl\/practicas-en-terreno\/?post_type=person&#038;p=1255"},"modified":"2022-04-19T13:14:37","modified_gmt":"2022-04-19T17:14:37","slug":"lorena-ventura","status":"publish","type":"person","link":"https:\/\/educacion.udd.cl\/practicas-en-terreno\/persona\/lorena-ventura\/","featured_media":1256,"template":"","people_tax":[25],"people_areas":[],"people_levels":[],"class_list":["post-1255","person","type-person","status-publish","has-post-thumbnail","hentry","people_tax-equipo-pedagogia-en-educacion-de-parvulos"],"yoast_head":"<!-- This site is optimized with the Yoast SEO plugin v26.9 - https:\/\/yoast.com\/product\/yoast-seo-wordpress\/ -->\n<title>Lorena Ventura - Pr\u00e1cticas en terreno | Facultad de Educaci\u00f3n UDD<\/title>\n<meta name=\"robots\" content=\"index, follow, max-snippet:-1, max-image-preview:large, max-video-preview:-1\" \/>\n<link rel=\"canonical\" href=\"https:\/\/educacion.udd.cl\/practicas-en-terreno\/persona\/lorena-ventura\/\" \/>\n<meta property=\"og:locale\" content=\"es_ES\" \/>\n<meta property=\"og:type\" content=\"article\" \/>\n<meta property=\"og:title\" content=\"Lorena Ventura - Pr\u00e1cticas en terreno | Facultad de Educaci\u00f3n UDD\" \/>\n<meta property=\"og:url\" content=\"https:\/\/educacion.udd.cl\/practicas-en-terreno\/persona\/lorena-ventura\/\" \/>\n<meta property=\"og:site_name\" content=\"Pr\u00e1cticas en terreno | Facultad de Educaci\u00f3n UDD\" \/>\n<meta property=\"article:modified_time\" content=\"2022-04-19T17:14:37+00:00\" \/>\n<meta property=\"og:image\" content=\"https:\/\/educacion.udd.cl\/practicas-en-terreno\/files\/2022\/04\/Lorena_Ventura.jpeg\" \/>\n\t<meta property=\"og:image:width\" content=\"1082\" \/>\n\t<meta property=\"og:image:height\" content=\"1600\" \/>\n\t<meta property=\"og:image:type\" content=\"image\/jpeg\" \/>\n<meta name=\"twitter:card\" content=\"summary_large_image\" \/>\n<script type=\"application\/ld+json\" class=\"yoast-schema-graph\">{\"@context\":\"https:\/\/schema.org\",\"@graph\":[{\"@type\":\"WebPage\",\"@id\":\"https:\/\/educacion.udd.cl\/practicas-en-terreno\/persona\/lorena-ventura\/\",\"url\":\"https:\/\/educacion.udd.cl\/practicas-en-terreno\/persona\/lorena-ventura\/\",\"name\":\"Lorena Ventura - Pr\u00e1cticas en terreno | Facultad de Educaci\u00f3n UDD\",\"isPartOf\":{\"@id\":\"https:\/\/educacion.udd.cl\/practicas-en-terreno\/#website\"},\"primaryImageOfPage\":{\"@id\":\"https:\/\/educacion.udd.cl\/practicas-en-terreno\/persona\/lorena-ventura\/#primaryimage\"},\"image\":{\"@id\":\"https:\/\/educacion.udd.cl\/practicas-en-terreno\/persona\/lorena-ventura\/#primaryimage\"},\"thumbnailUrl\":\"https:\/\/educacion.udd.cl\/practicas-en-terreno\/files\/2022\/04\/Lorena_Ventura.jpeg\",\"datePublished\":\"2022-04-04T12:46:01+00:00\",\"dateModified\":\"2022-04-19T17:14:37+00:00\",\"breadcrumb\":{\"@id\":\"https:\/\/educacion.udd.cl\/practicas-en-terreno\/persona\/lorena-ventura\/#breadcrumb\"},\"inLanguage\":\"es\",\"potentialAction\":[{\"@type\":\"ReadAction\",\"target\":[\"https:\/\/educacion.udd.cl\/practicas-en-terreno\/persona\/lorena-ventura\/\"]}]},{\"@type\":\"ImageObject\",\"inLanguage\":\"es\",\"@id\":\"https:\/\/educacion.udd.cl\/practicas-en-terreno\/persona\/lorena-ventura\/#primaryimage\",\"url\":\"https:\/\/educacion.udd.cl\/practicas-en-terreno\/files\/2022\/04\/Lorena_Ventura.jpeg\",\"contentUrl\":\"https:\/\/educacion.udd.cl\/practicas-en-terreno\/files\/2022\/04\/Lorena_Ventura.jpeg\",\"width\":1082,\"height\":1600},{\"@type\":\"BreadcrumbList\",\"@id\":\"https:\/\/educacion.udd.cl\/practicas-en-terreno\/persona\/lorena-ventura\/#breadcrumb\",\"itemListElement\":[{\"@type\":\"ListItem\",\"position\":1,\"name\":\"Portada\",\"item\":\"https:\/\/educacion.udd.cl\/practicas-en-terreno\/\"},{\"@type\":\"ListItem\",\"position\":2,\"name\":\"Personas\",\"item\":\"https:\/\/educacion.udd.cl\/practicas-en-terreno\/persona\/\"},{\"@type\":\"ListItem\",\"position\":3,\"name\":\"Lorena Ventura\"}]},{\"@type\":\"WebSite\",\"@id\":\"https:\/\/educacion.udd.cl\/practicas-en-terreno\/#website\",\"url\":\"https:\/\/educacion.udd.cl\/practicas-en-terreno\/\",\"name\":\"Pr\u00e1cticas en terreno | Facultad de Educaci\u00f3n UDD\",\"description\":\"Facultad de Educaci\u00f3n UDD\",\"inLanguage\":\"es\"}]}<\/script>\n<!-- \/ Yoast SEO plugin. -->","yoast_head_json":{"title":"Lorena Ventura - Pr\u00e1cticas en terreno | Facultad de Educaci\u00f3n UDD","robots":{"index":"index","follow":"follow","max-snippet":"max-snippet:-1","max-image-preview":"max-image-preview:large","max-video-preview":"max-video-preview:-1"},"canonical":"https:\/\/educacion.udd.cl\/practicas-en-terreno\/persona\/lorena-ventura\/","og_locale":"es_ES","og_type":"article","og_title":"Lorena Ventura - Pr\u00e1cticas en terreno | Facultad de Educaci\u00f3n UDD","og_url":"https:\/\/educacion.udd.cl\/practicas-en-terreno\/persona\/lorena-ventura\/","og_site_name":"Pr\u00e1cticas en terreno | Facultad de Educaci\u00f3n UDD","article_modified_time":"2022-04-19T17:14:37+00:00","og_image":[{"width":1082,"height":1600,"url":"https:\/\/educacion.udd.cl\/practicas-en-terreno\/files\/2022\/04\/Lorena_Ventura.jpeg","type":"image\/jpeg"}],"twitter_card":"summary_large_image","schema":{"@context":"https:\/\/schema.org","@graph":[{"@type":"WebPage","@id":"https:\/\/educacion.udd.cl\/practicas-en-terreno\/persona\/lorena-ventura\/","url":"https:\/\/educacion.udd.cl\/practicas-en-terreno\/persona\/lorena-ventura\/","name":"Lorena Ventura - Pr\u00e1cticas en terreno | Facultad de Educaci\u00f3n UDD","isPartOf":{"@id":"https:\/\/educacion.udd.cl\/practicas-en-terreno\/#website"},"primaryImageOfPage":{"@id":"https:\/\/educacion.udd.cl\/practicas-en-terreno\/persona\/lorena-ventura\/#primaryimage"},"image":{"@id":"https:\/\/educacion.udd.cl\/practicas-en-terreno\/persona\/lorena-ventura\/#primaryimage"},"thumbnailUrl":"https:\/\/educacion.udd.cl\/practicas-en-terreno\/files\/2022\/04\/Lorena_Ventura.jpeg","datePublished":"2022-04-04T12:46:01+00:00","dateModified":"2022-04-19T17:14:37+00:00","breadcrumb":{"@id":"https:\/\/educacion.udd.cl\/practicas-en-terreno\/persona\/lorena-ventura\/#breadcrumb"},"inLanguage":"es","potentialAction":[{"@type":"ReadAction","target":["https:\/\/educacion.udd.cl\/practicas-en-terreno\/persona\/lorena-ventura\/"]}]},{"@type":"ImageObject","inLanguage":"es","@id":"https:\/\/educacion.udd.cl\/practicas-en-terreno\/persona\/lorena-ventura\/#primaryimage","url":"https:\/\/educacion.udd.cl\/practicas-en-terreno\/files\/2022\/04\/Lorena_Ventura.jpeg","contentUrl":"https:\/\/educacion.udd.cl\/practicas-en-terreno\/files\/2022\/04\/Lorena_Ventura.jpeg","width":1082,"height":1600},{"@type":"BreadcrumbList","@id":"https:\/\/educacion.udd.cl\/practicas-en-terreno\/persona\/lorena-ventura\/#breadcrumb","itemListElement":[{"@type":"ListItem","position":1,"name":"Portada","item":"https:\/\/educacion.udd.cl\/practicas-en-terreno\/"},{"@type":"ListItem","position":2,"name":"Personas","item":"https:\/\/educacion.udd.cl\/practicas-en-terreno\/persona\/"},{"@type":"ListItem","position":3,"name":"Lorena Ventura"}]},{"@type":"WebSite","@id":"https:\/\/educacion.udd.cl\/practicas-en-terreno\/#website","url":"https:\/\/educacion.udd.cl\/practicas-en-terreno\/","name":"Pr\u00e1cticas en terreno | Facultad de Educaci\u00f3n UDD","description":"Facultad de Educaci\u00f3n UDD","inLanguage":"es"}]}},"label":"Lorena  Ventura","title":{"rendered":"Lorena  Ventura"},"role":false,"thumbnail_url":"https:\/\/educacion.udd.cl\/practicas-en-terreno\/files\/2022\/04\/Lorena_Ventura-500x500.jpeg","email":"l.ventura@udd.cl","tel_job":"","content":{"rendered":"<div class=\"person-modal person-modal--scl\">\n\t<header class=\"person-modal__header\">\n\t\t<div class=\"person-modal__bg\"><\/div>\n\t\t<div class=\"modal-container\">\n\t\t\t\t\t\t<div class=\"person-modal__media\">\n\t\t\t\t<img width=\"500\" height=\"500\" src=\"https:\/\/educacion.udd.cl\/practicas-en-terreno\/files\/2022\/04\/Lorena_Ventura-62x62.jpeg\" class=\"person-modal__image wp-post-image lazyload\" alt=\"\" decoding=\"async\" loading=\"lazy\" sizes=\"auto, (max-width: 500px) 100vw, 500px\" data-src=\"https:\/\/educacion.udd.cl\/practicas-en-terreno\/files\/2022\/04\/Lorena_Ventura-500x500.jpeg\" data-srcset=\"https:\/\/educacion.udd.cl\/practicas-en-terreno\/files\/2022\/04\/Lorena_Ventura-500x500.jpeg 500w, https:\/\/educacion.udd.cl\/practicas-en-terreno\/files\/2022\/04\/Lorena_Ventura-150x150.jpeg 150w, https:\/\/educacion.udd.cl\/practicas-en-terreno\/files\/2022\/04\/Lorena_Ventura-62x62.jpeg 62w, https:\/\/educacion.udd.cl\/practicas-en-terreno\/files\/2022\/04\/Lorena_Ventura-1082x1080.jpeg 1082w, https:\/\/educacion.udd.cl\/practicas-en-terreno\/files\/2022\/04\/Lorena_Ventura-750x750.jpeg 750w, https:\/\/educacion.udd.cl\/practicas-en-terreno\/files\/2022\/04\/Lorena_Ventura-250x250.jpeg 250w, https:\/\/educacion.udd.cl\/practicas-en-terreno\/files\/2022\/04\/Lorena_Ventura-126x126.jpeg 126w\" \/>\t\t\t<\/div>\n\t\t\t\t\t\t<div class=\"person-modal__data\">\n\t\t\t\t<h1 class=\"person-modal__name\">Lorena  Ventura<\/h1>\n\t\t\t\t\t\t\t\t\t\t\t\t\t<a href=\"mailto:&#108;&#046;&#118;&#101;&#110;t&#117;&#114;&#097;&#064;&#117;&#100;&#100;.&#099;l\" class=\"person-modal__email\">&#108;&#46;ventura&#64;u&#100;&#100;&#46;c&#108;<\/a>\n\t\t\t\t\t\t\t\t\t<\/div>\n\t\t<\/div>\n\t<\/header>\n\t<div class=\"modal-container\">\n\t\t\t<div class=\"person-modal__content text\">\n\t\t\t\t\t\t\t\t\t\t<p dir=\"ltr\"><span>Soy Tutora y co-tutora de Pr\u00e1ctica en la carrera de Pedagog\u00eda en Educaci\u00f3n de P\u00e1rvulos.<\/span><\/p>\n<p dir=\"ltr\"><span>Soy Licenciada en Educaci\u00f3n, Educadora de P\u00e1rvulos de la Pontificia Universidad Cat\u00f3lica de Chile y Mag\u00edster en Psicopedagog\u00eda de la Universidad de Los Andes.<\/span><\/p>\n<p dir=\"ltr\"><span>Trabaj\u00e9 15 a\u00f1os en aulas de establecimientos privados biling\u00fces, asumiendo roles de co educadora, educadora y coordinadora de niveles iniciales. Desde el a\u00f1o 2019, soy parte del equipo de Formaci\u00f3n Pr\u00e1ctica de la UDD y del \u00c1rea de Gesti\u00f3n Pedag\u00f3gica de una Fundaci\u00f3n Educacional. Adem\u00e1s, atiendo a ni\u00f1os y ni\u00f1as con NEE.<\/span><\/p>\n<p dir=\"ltr\"><span>Actualmente, existe evidencia contundente que avala el impacto de la educaci\u00f3n inicial en el desarrollo de los ni\u00f1os y ni\u00f1as. Por ello, me parece fundamental contribuir en la formaci\u00f3n de educadoras de p\u00e1rvulos de excelencia, l\u00edderes en su \u00e1rea, con vocaci\u00f3n de servicio y con una s\u00f3lida formaci\u00f3n pr\u00e1ctica.<\/span><\/p>\n\t\t<\/div>\n\t<\/div>\n<\/div>\n"},"identifier":"9c00e8af0fe515d0931c8a78d0d445ab3e0348d3","has_credential":[],"given_name":"Lorena ","family_name":"Ventura","name":"Lorena  Ventura","job_title":"","telephone":"","note":"","im":"","_self_schedule":null,"_links":{"self":[{"href":"https:\/\/educacion.udd.cl\/practicas-en-terreno\/wp-json\/wp\/v2\/people\/1255","targetHints":{"allow":["GET"]}}],"collection":[{"href":"https:\/\/educacion.udd.cl\/practicas-en-terreno\/wp-json\/wp\/v2\/people"}],"about":[{"href":"https:\/\/educacion.udd.cl\/practicas-en-terreno\/wp-json\/wp\/v2\/types\/person"}],"wp:featuredmedia":[{"embeddable":true,"href":"https:\/\/educacion.udd.cl\/practicas-en-terreno\/wp-json\/wp\/v2\/media\/1256"}],"wp:attachment":[{"href":"https:\/\/educacion.udd.cl\/practicas-en-terreno\/wp-json\/wp\/v2\/media?parent=1255"}],"wp:term":[{"taxonomy":"people_tax","embeddable":true,"href":"https:\/\/educacion.udd.cl\/practicas-en-terreno\/wp-json\/wp\/v2\/people_tax?post=1255"},{"taxonomy":"people_areas","embeddable":true,"href":"https:\/\/educacion.udd.cl\/practicas-en-terreno\/wp-json\/wp\/v2\/people_areas?post=1255"},{"taxonomy":"people_levels","embeddable":true,"href":"https:\/\/educacion.udd.cl\/practicas-en-terreno\/wp-json\/wp\/v2\/people_levels?post=1255"}],"curies":[{"name":"wp","href":"https:\/\/api.w.org\/{rel}","templated":true}]}}

<!-- This site is optimized with the Yoast SEO plugin v26.9 - https://yoast.com/product/yoast-seo-wordpress/ -->
<title>Lorena Ventura - Prácticas en terreno | Facultad de Educación UDD</title>
<meta name="robots" content="index, follow, max-snippet:-1, max-image-preview:large, max-video-preview:-1" />
<link rel="canonical" href="https://educacion.udd.cl/practicas-en-terreno/persona/lorena-ventura/" />
<meta property="og:locale" content="es_ES" />
<meta property="og:type" content="article" />
<meta property="og:title" content="Lorena Ventura - Prácticas en terreno | Facultad de Educación UDD" />
<meta property="og:url" content="https://educacion.udd.cl/practicas-en-terreno/persona/lorena-ventura/" />
<meta property="og:site_name" content="Prácticas en terreno | Facultad de Educación UDD" />
<meta property="article:modified_time" content="2022-04-19T17:14:37+00:00" />
<meta property="og:image" content="https://educacion.udd.cl/practicas-en-terreno/files/2022/04/Lorena_Ventura.jpeg" />
	<meta property="og:image:width" content="1082" />
	<meta property="og:image:height" content="1600" />
	<meta property="og:image:type" content="image/jpeg" />
<meta name="twitter:card" content="summary_large_image" />
<script type="application/ld+json" class="yoast-schema-graph">{"@context":"https://schema.org","@graph":[{"@type":"WebPage","@id":"https://educacion.udd.cl/practicas-en-terreno/persona/lorena-ventura/","url":"https://educacion.udd.cl/practicas-en-terreno/persona/lorena-ventura/","name":"Lorena Ventura - Prácticas en terreno | Facultad de Educación UDD","isPartOf":{"@id":"https://educacion.udd.cl/practicas-en-terreno/#website"},"primaryImageOfPage":{"@id":"https://educacion.udd.cl/practicas-en-terreno/persona/lorena-ventura/#primaryimage"},"image":{"@id":"https://educacion.udd.cl/practicas-en-terreno/persona/lorena-ventura/#primaryimage"},"thumbnailUrl":"https://educacion.udd.cl/practicas-en-terreno/files/2022/04/Lorena_Ventura.jpeg","datePublished":"2022-04-04T12:46:01+00:00","dateModified":"2022-04-19T17:14:37+00:00","breadcrumb":{"@id":"https://educacion.udd.cl/practicas-en-terreno/persona/lorena-ventura/#breadcrumb"},"inLanguage":"es","potentialAction":[{"@type":"ReadAction","target":["https://educacion.udd.cl/practicas-en-terreno/persona/lorena-ventura/"]}]},{"@type":"ImageObject","inLanguage":"es","@id":"https://educacion.udd.cl/practicas-en-terreno/persona/lorena-ventura/#primaryimage","url":"https://educacion.udd.cl/practicas-en-terreno/files/2022/04/Lorena_Ventura.jpeg","contentUrl":"https://educacion.udd.cl/practicas-en-terreno/files/2022/04/Lorena_Ventura.jpeg","width":1082,"height":1600},{"@type":"BreadcrumbList","@id":"https://educacion.udd.cl/practicas-en-terreno/persona/lorena-ventura/#breadcrumb","itemListElement":[{"@type":"ListItem","position":1,"name":"Portada","item":"https://educacion.udd.cl/practicas-en-terreno/"},{"@type":"ListItem","position":2,"name":"Personas","item":"https://educacion.udd.cl/practicas-en-terreno/persona/"},{"@type":"ListItem","position":3,"name":"Lorena Ventura"}]},{"@type":"WebSite","@id":"https://educacion.udd.cl/practicas-en-terreno/#website","url":"https://educacion.udd.cl/practicas-en-terreno/","name":"Prácticas en terreno | Facultad de Educación UDD","description":"Facultad de Educación UDD","inLanguage":"es"}]}</script>
<!-- / Yoast SEO plugin. -->

Lorena Ventura - Prácticas en terreno | Facultad de Educación UDD

Prácticas en terreno | Facultad de Educación UDD

Facultad de Educación UDD

<div class="person-modal person-modal--scl">
	<header class="person-modal__header">
		<div class="person-modal__bg"></div>
		<div class="modal-container">
						<div class="person-modal__media">
				<img width="500" height="500" src="https://educacion.udd.cl/practicas-en-terreno/files/2022/04/Lorena_Ventura-62x62.jpeg" class="person-modal__image wp-post-image lazyload" alt="" decoding="async" loading="lazy" sizes="auto, (max-width: 500px) 100vw, 500px" data-src="https://educacion.udd.cl/practicas-en-terreno/files/2022/04/Lorena_Ventura-500x500.jpeg" data-srcset="https://educacion.udd.cl/practicas-en-terreno/files/2022/04/Lorena_Ventura-500x500.jpeg 500w, https://educacion.udd.cl/practicas-en-terreno/files/2022/04/Lorena_Ventura-150x150.jpeg 150w, https://educacion.udd.cl/practicas-en-terreno/files/2022/04/Lorena_Ventura-62x62.jpeg 62w, https://educacion.udd.cl/practicas-en-terreno/files/2022/04/Lorena_Ventura-1082x1080.jpeg 1082w, https://educacion.udd.cl/practicas-en-terreno/files/2022/04/Lorena_Ventura-750x750.jpeg 750w, https://educacion.udd.cl/practicas-en-terreno/files/2022/04/Lorena_Ventura-250x250.jpeg 250w, https://educacion.udd.cl/practicas-en-terreno/files/2022/04/Lorena_Ventura-126x126.jpeg 126w" />			</div>
						<div class="person-modal__data">
				<h1 class="person-modal__name">Lorena  Ventura</h1>
													<a href="mailto:&#108;&#046;&#118;&#101;&#110;t&#117;&#114;&#097;&#064;&#117;&#100;&#100;.&#099;l" class="person-modal__email">&#108;&#46;ventura&#64;u&#100;&#100;&#46;c&#108;</a>
									</div>
		</div>
	</header>
	<div class="modal-container">
			<div class="person-modal__content text">
										<p dir="ltr"><span>Soy Tutora y co-tutora de Práctica en la carrera de Pedagogía en Educación de Párvulos.</span></p>
<p dir="ltr"><span>Soy Licenciada en Educación, Educadora de Párvulos de la Pontificia Universidad Católica de Chile y Magíster en Psicopedagogía de la Universidad de Los Andes.</span></p>
<p dir="ltr"><span>Trabajé 15 años en aulas de establecimientos privados bilingües, asumiendo roles de co educadora, educadora y coordinadora de niveles iniciales. Desde el año 2019, soy parte del equipo de Formación Práctica de la UDD y del Área de Gestión Pedagógica de una Fundación Educacional. Además, atiendo a niños y niñas con NEE.</span></p>
<p dir="ltr"><span>Actualmente, existe evidencia contundente que avala el impacto de la educación inicial en el desarrollo de los niños y niñas. Por ello, me parece fundamental contribuir en la formación de educadoras de párvulos de excelencia, líderes en su área, con vocación de servicio y con una sólida formación práctica.</span></p>
		</div>
	</div>
</div>
