{"id":892,"date":"2026-04-08T09:09:18","date_gmt":"2026-04-08T13:09:18","guid":{"rendered":"https:\/\/educacion.udd.cl\/cima\/?post_type=person&#038;p=892"},"modified":"2026-04-08T09:09:18","modified_gmt":"2026-04-08T13:09:18","slug":"fernando-bolanos","status":"publish","type":"person","link":"https:\/\/educacion.udd.cl\/cima\/persona\/fernando-bolanos\/","featured_media":893,"template":"","people_tax":[],"people_areas":[],"people_levels":[],"class_list":["post-892","person","type-person","status-publish","has-post-thumbnail","hentry"],"yoast_head":"<!-- This site is optimized with the Yoast SEO plugin v26.9 - https:\/\/yoast.com\/product\/yoast-seo-wordpress\/ -->\n<title>Fernando Bola\u00f1os - CIMA<\/title>\n<meta name=\"robots\" content=\"index, follow, max-snippet:-1, max-image-preview:large, max-video-preview:-1\" \/>\n<link rel=\"canonical\" href=\"https:\/\/educacion.udd.cl\/cima\/persona\/fernando-bolanos\/\" \/>\n<meta property=\"og:locale\" content=\"es_ES\" \/>\n<meta property=\"og:type\" content=\"article\" \/>\n<meta property=\"og:title\" content=\"Fernando Bola\u00f1os - CIMA\" \/>\n<meta property=\"og:url\" content=\"https:\/\/educacion.udd.cl\/cima\/persona\/fernando-bolanos\/\" \/>\n<meta property=\"og:site_name\" content=\"CIMA\" \/>\n<meta property=\"og:image\" content=\"http:\/\/educacion.udd.cl\/cima\/files\/2026\/04\/whatsapp-image-2026-04-08-at-09-08-59.jpeg\" \/>\n\t<meta property=\"og:image:width\" content=\"1066\" \/>\n\t<meta property=\"og:image:height\" content=\"1600\" \/>\n\t<meta property=\"og:image:type\" content=\"image\/jpeg\" \/>\n<meta name=\"twitter:card\" content=\"summary_large_image\" \/>\n<script type=\"application\/ld+json\" class=\"yoast-schema-graph\">{\"@context\":\"https:\/\/schema.org\",\"@graph\":[{\"@type\":\"WebPage\",\"@id\":\"https:\/\/educacion.udd.cl\/cima\/persona\/fernando-bolanos\/\",\"url\":\"https:\/\/educacion.udd.cl\/cima\/persona\/fernando-bolanos\/\",\"name\":\"Fernando Bola\u00f1os - CIMA\",\"isPartOf\":{\"@id\":\"https:\/\/educacion.udd.cl\/cima\/#website\"},\"primaryImageOfPage\":{\"@id\":\"https:\/\/educacion.udd.cl\/cima\/persona\/fernando-bolanos\/#primaryimage\"},\"image\":{\"@id\":\"https:\/\/educacion.udd.cl\/cima\/persona\/fernando-bolanos\/#primaryimage\"},\"thumbnailUrl\":\"https:\/\/educacion.udd.cl\/cima\/files\/2026\/04\/whatsapp-image-2026-04-08-at-09-08-59.jpeg\",\"datePublished\":\"2026-04-08T13:09:18+00:00\",\"breadcrumb\":{\"@id\":\"https:\/\/educacion.udd.cl\/cima\/persona\/fernando-bolanos\/#breadcrumb\"},\"inLanguage\":\"es\",\"potentialAction\":[{\"@type\":\"ReadAction\",\"target\":[\"https:\/\/educacion.udd.cl\/cima\/persona\/fernando-bolanos\/\"]}]},{\"@type\":\"ImageObject\",\"inLanguage\":\"es\",\"@id\":\"https:\/\/educacion.udd.cl\/cima\/persona\/fernando-bolanos\/#primaryimage\",\"url\":\"https:\/\/educacion.udd.cl\/cima\/files\/2026\/04\/whatsapp-image-2026-04-08-at-09-08-59.jpeg\",\"contentUrl\":\"https:\/\/educacion.udd.cl\/cima\/files\/2026\/04\/whatsapp-image-2026-04-08-at-09-08-59.jpeg\",\"width\":1066,\"height\":1600},{\"@type\":\"BreadcrumbList\",\"@id\":\"https:\/\/educacion.udd.cl\/cima\/persona\/fernando-bolanos\/#breadcrumb\",\"itemListElement\":[{\"@type\":\"ListItem\",\"position\":1,\"name\":\"Portada\",\"item\":\"https:\/\/educacion.udd.cl\/cima\/\"},{\"@type\":\"ListItem\",\"position\":2,\"name\":\"Personas\",\"item\":\"https:\/\/educacion.udd.cl\/cima\/persona\/\"},{\"@type\":\"ListItem\",\"position\":3,\"name\":\"Fernando Bola\u00f1os\"}]},{\"@type\":\"WebSite\",\"@id\":\"https:\/\/educacion.udd.cl\/cima\/#website\",\"url\":\"https:\/\/educacion.udd.cl\/cima\/\",\"name\":\"CIMA\",\"description\":\"\",\"inLanguage\":\"es\"}]}<\/script>\n<!-- \/ Yoast SEO plugin. -->","yoast_head_json":{"title":"Fernando Bola\u00f1os - CIMA","robots":{"index":"index","follow":"follow","max-snippet":"max-snippet:-1","max-image-preview":"max-image-preview:large","max-video-preview":"max-video-preview:-1"},"canonical":"https:\/\/educacion.udd.cl\/cima\/persona\/fernando-bolanos\/","og_locale":"es_ES","og_type":"article","og_title":"Fernando Bola\u00f1os - CIMA","og_url":"https:\/\/educacion.udd.cl\/cima\/persona\/fernando-bolanos\/","og_site_name":"CIMA","og_image":[{"width":1066,"height":1600,"url":"http:\/\/educacion.udd.cl\/cima\/files\/2026\/04\/whatsapp-image-2026-04-08-at-09-08-59.jpeg","type":"image\/jpeg"}],"twitter_card":"summary_large_image","schema":{"@context":"https:\/\/schema.org","@graph":[{"@type":"WebPage","@id":"https:\/\/educacion.udd.cl\/cima\/persona\/fernando-bolanos\/","url":"https:\/\/educacion.udd.cl\/cima\/persona\/fernando-bolanos\/","name":"Fernando Bola\u00f1os - CIMA","isPartOf":{"@id":"https:\/\/educacion.udd.cl\/cima\/#website"},"primaryImageOfPage":{"@id":"https:\/\/educacion.udd.cl\/cima\/persona\/fernando-bolanos\/#primaryimage"},"image":{"@id":"https:\/\/educacion.udd.cl\/cima\/persona\/fernando-bolanos\/#primaryimage"},"thumbnailUrl":"https:\/\/educacion.udd.cl\/cima\/files\/2026\/04\/whatsapp-image-2026-04-08-at-09-08-59.jpeg","datePublished":"2026-04-08T13:09:18+00:00","breadcrumb":{"@id":"https:\/\/educacion.udd.cl\/cima\/persona\/fernando-bolanos\/#breadcrumb"},"inLanguage":"es","potentialAction":[{"@type":"ReadAction","target":["https:\/\/educacion.udd.cl\/cima\/persona\/fernando-bolanos\/"]}]},{"@type":"ImageObject","inLanguage":"es","@id":"https:\/\/educacion.udd.cl\/cima\/persona\/fernando-bolanos\/#primaryimage","url":"https:\/\/educacion.udd.cl\/cima\/files\/2026\/04\/whatsapp-image-2026-04-08-at-09-08-59.jpeg","contentUrl":"https:\/\/educacion.udd.cl\/cima\/files\/2026\/04\/whatsapp-image-2026-04-08-at-09-08-59.jpeg","width":1066,"height":1600},{"@type":"BreadcrumbList","@id":"https:\/\/educacion.udd.cl\/cima\/persona\/fernando-bolanos\/#breadcrumb","itemListElement":[{"@type":"ListItem","position":1,"name":"Portada","item":"https:\/\/educacion.udd.cl\/cima\/"},{"@type":"ListItem","position":2,"name":"Personas","item":"https:\/\/educacion.udd.cl\/cima\/persona\/"},{"@type":"ListItem","position":3,"name":"Fernando Bola\u00f1os"}]},{"@type":"WebSite","@id":"https:\/\/educacion.udd.cl\/cima\/#website","url":"https:\/\/educacion.udd.cl\/cima\/","name":"CIMA","description":"","inLanguage":"es"}]}},"label":"Fernando Bola\u00f1os","title":{"rendered":"Fernando Bola\u00f1os"},"role":false,"thumbnail_url":"https:\/\/educacion.udd.cl\/cima\/files\/2026\/04\/whatsapp-image-2026-04-08-at-09-08-59-500x500.jpeg","email":"fernando.bolanos@udd.cl","tel_job":"","content":{"rendered":"<div class=\"person-modal person-modal--scl\">\n\t<header class=\"person-modal__header\">\n\t\t<div class=\"person-modal__bg\"><\/div>\n\t\t<div class=\"modal-container\">\n\t\t\t\t\t\t<div class=\"person-modal__media\">\n\t\t\t\t<img width=\"500\" height=\"500\" src=\"https:\/\/educacion.udd.cl\/cima\/files\/2026\/04\/whatsapp-image-2026-04-08-at-09-08-59-62x62.jpeg\" class=\"person-modal__image wp-post-image lazyload\" alt=\"\" decoding=\"async\" loading=\"lazy\" sizes=\"auto, (max-width: 500px) 100vw, 500px\" data-src=\"https:\/\/educacion.udd.cl\/cima\/files\/2026\/04\/whatsapp-image-2026-04-08-at-09-08-59-500x500.jpeg\" data-srcset=\"https:\/\/educacion.udd.cl\/cima\/files\/2026\/04\/whatsapp-image-2026-04-08-at-09-08-59-500x500.jpeg 500w, https:\/\/educacion.udd.cl\/cima\/files\/2026\/04\/whatsapp-image-2026-04-08-at-09-08-59-150x150.jpeg 150w, https:\/\/educacion.udd.cl\/cima\/files\/2026\/04\/whatsapp-image-2026-04-08-at-09-08-59-62x62.jpeg 62w, https:\/\/educacion.udd.cl\/cima\/files\/2026\/04\/whatsapp-image-2026-04-08-at-09-08-59-750x750.jpeg 750w, https:\/\/educacion.udd.cl\/cima\/files\/2026\/04\/whatsapp-image-2026-04-08-at-09-08-59-250x250.jpeg 250w, https:\/\/educacion.udd.cl\/cima\/files\/2026\/04\/whatsapp-image-2026-04-08-at-09-08-59-126x126.jpeg 126w\" \/>\t\t\t<\/div>\n\t\t\t\t\t\t<div class=\"person-modal__data\">\n\t\t\t\t<h1 class=\"person-modal__name\">Fernando Bola\u00f1os<\/h1>\n\t\t\t\t\t\t\t\t\t\t\t\t\t<a href=\"mailto:&#102;e&#114;n&#097;nd&#111;.&#098;o&#108;&#097;n&#111;s&#064;&#117;&#100;&#100;.c&#108;\" class=\"person-modal__email\">&#102;er&#110;&#97;nd&#111;.bolan&#111;&#115;&#64;ud&#100;.cl<\/a>\n\t\t\t\t\t\t\t\t\t<\/div>\n\t\t<\/div>\n\t<\/header>\n\t<div class=\"modal-container\">\n\t\t\t<div class=\"person-modal__content text\">\n\t\t\t\t\t\t\t\t\t\t<ul>\n<li>Doctor en Educaci\u00f3n, Pontifica Universidad Cat\u00f3lica de Chile.<\/li>\n<li>Mag\u00edster en Educaci\u00f3n, Pontificia Universidad Cat\u00f3lica de Chile.<\/li>\n<li>Mag\u00edster en Periodismo y Asuntos P\u00fablicos, Centro de Investigaci\u00f3n y Docencias Econ\u00f3micas A.C., CIDE, Ciudad de M\u00e9xico, M\u00e9xico.<\/li>\n<li>Licenciatura y T\u00edtulo Profesional en Administraci\u00f3n de Empresas, Universidad Iberoamericana, Ciudad de M\u00e9xico, M\u00e9xico.<\/li>\n<\/ul>\n\t\t<\/div>\n\t<\/div>\n<\/div>\n"},"identifier":"ca5052b02fdee269f8f0a7eabc5646792420b724","has_credential":[],"given_name":"Fernando","family_name":"Bola\u00f1os","name":"Fernando Bola\u00f1os","job_title":"","telephone":"","note":"","im":"","_self_schedule":null,"_links":{"self":[{"href":"https:\/\/educacion.udd.cl\/cima\/wp-json\/wp\/v2\/people\/892","targetHints":{"allow":["GET"]}}],"collection":[{"href":"https:\/\/educacion.udd.cl\/cima\/wp-json\/wp\/v2\/people"}],"about":[{"href":"https:\/\/educacion.udd.cl\/cima\/wp-json\/wp\/v2\/types\/person"}],"wp:featuredmedia":[{"embeddable":true,"href":"https:\/\/educacion.udd.cl\/cima\/wp-json\/wp\/v2\/media\/893"}],"wp:attachment":[{"href":"https:\/\/educacion.udd.cl\/cima\/wp-json\/wp\/v2\/media?parent=892"}],"wp:term":[{"taxonomy":"people_tax","embeddable":true,"href":"https:\/\/educacion.udd.cl\/cima\/wp-json\/wp\/v2\/people_tax?post=892"},{"taxonomy":"people_areas","embeddable":true,"href":"https:\/\/educacion.udd.cl\/cima\/wp-json\/wp\/v2\/people_areas?post=892"},{"taxonomy":"people_levels","embeddable":true,"href":"https:\/\/educacion.udd.cl\/cima\/wp-json\/wp\/v2\/people_levels?post=892"}],"curies":[{"name":"wp","href":"https:\/\/api.w.org\/{rel}","templated":true}]}}

<!-- This site is optimized with the Yoast SEO plugin v26.9 - https://yoast.com/product/yoast-seo-wordpress/ -->
<title>Fernando Bolaños - CIMA</title>
<meta name="robots" content="index, follow, max-snippet:-1, max-image-preview:large, max-video-preview:-1" />
<link rel="canonical" href="https://educacion.udd.cl/cima/persona/fernando-bolanos/" />
<meta property="og:locale" content="es_ES" />
<meta property="og:type" content="article" />
<meta property="og:title" content="Fernando Bolaños - CIMA" />
<meta property="og:url" content="https://educacion.udd.cl/cima/persona/fernando-bolanos/" />
<meta property="og:site_name" content="CIMA" />
<meta property="og:image" content="http://educacion.udd.cl/cima/files/2026/04/whatsapp-image-2026-04-08-at-09-08-59.jpeg" />
	<meta property="og:image:width" content="1066" />
	<meta property="og:image:height" content="1600" />
	<meta property="og:image:type" content="image/jpeg" />
<meta name="twitter:card" content="summary_large_image" />
<script type="application/ld+json" class="yoast-schema-graph">{"@context":"https://schema.org","@graph":[{"@type":"WebPage","@id":"https://educacion.udd.cl/cima/persona/fernando-bolanos/","url":"https://educacion.udd.cl/cima/persona/fernando-bolanos/","name":"Fernando Bolaños - CIMA","isPartOf":{"@id":"https://educacion.udd.cl/cima/#website"},"primaryImageOfPage":{"@id":"https://educacion.udd.cl/cima/persona/fernando-bolanos/#primaryimage"},"image":{"@id":"https://educacion.udd.cl/cima/persona/fernando-bolanos/#primaryimage"},"thumbnailUrl":"https://educacion.udd.cl/cima/files/2026/04/whatsapp-image-2026-04-08-at-09-08-59.jpeg","datePublished":"2026-04-08T13:09:18+00:00","breadcrumb":{"@id":"https://educacion.udd.cl/cima/persona/fernando-bolanos/#breadcrumb"},"inLanguage":"es","potentialAction":[{"@type":"ReadAction","target":["https://educacion.udd.cl/cima/persona/fernando-bolanos/"]}]},{"@type":"ImageObject","inLanguage":"es","@id":"https://educacion.udd.cl/cima/persona/fernando-bolanos/#primaryimage","url":"https://educacion.udd.cl/cima/files/2026/04/whatsapp-image-2026-04-08-at-09-08-59.jpeg","contentUrl":"https://educacion.udd.cl/cima/files/2026/04/whatsapp-image-2026-04-08-at-09-08-59.jpeg","width":1066,"height":1600},{"@type":"BreadcrumbList","@id":"https://educacion.udd.cl/cima/persona/fernando-bolanos/#breadcrumb","itemListElement":[{"@type":"ListItem","position":1,"name":"Portada","item":"https://educacion.udd.cl/cima/"},{"@type":"ListItem","position":2,"name":"Personas","item":"https://educacion.udd.cl/cima/persona/"},{"@type":"ListItem","position":3,"name":"Fernando Bolaños"}]},{"@type":"WebSite","@id":"https://educacion.udd.cl/cima/#website","url":"https://educacion.udd.cl/cima/","name":"CIMA","description":"","inLanguage":"es"}]}</script>
<!-- / Yoast SEO plugin. -->

Fernando Bolaños - CIMA

Fernando Bolaños

<div class="person-modal person-modal--scl">
	<header class="person-modal__header">
		<div class="person-modal__bg"></div>
		<div class="modal-container">
						<div class="person-modal__media">
				<img width="500" height="500" src="https://educacion.udd.cl/cima/files/2026/04/whatsapp-image-2026-04-08-at-09-08-59-62x62.jpeg" class="person-modal__image wp-post-image lazyload" alt="" decoding="async" loading="lazy" sizes="auto, (max-width: 500px) 100vw, 500px" data-src="https://educacion.udd.cl/cima/files/2026/04/whatsapp-image-2026-04-08-at-09-08-59-500x500.jpeg" data-srcset="https://educacion.udd.cl/cima/files/2026/04/whatsapp-image-2026-04-08-at-09-08-59-500x500.jpeg 500w, https://educacion.udd.cl/cima/files/2026/04/whatsapp-image-2026-04-08-at-09-08-59-150x150.jpeg 150w, https://educacion.udd.cl/cima/files/2026/04/whatsapp-image-2026-04-08-at-09-08-59-62x62.jpeg 62w, https://educacion.udd.cl/cima/files/2026/04/whatsapp-image-2026-04-08-at-09-08-59-750x750.jpeg 750w, https://educacion.udd.cl/cima/files/2026/04/whatsapp-image-2026-04-08-at-09-08-59-250x250.jpeg 250w, https://educacion.udd.cl/cima/files/2026/04/whatsapp-image-2026-04-08-at-09-08-59-126x126.jpeg 126w" />			</div>
						<div class="person-modal__data">
				<h1 class="person-modal__name">Fernando Bolaños</h1>
													<a href="mailto:&#102;e&#114;n&#097;nd&#111;.&#098;o&#108;&#097;n&#111;s&#064;&#117;&#100;&#100;.c&#108;" class="person-modal__email">&#102;er&#110;&#97;nd&#111;.bolan&#111;&#115;&#64;ud&#100;.cl</a>
									</div>
		</div>
	</header>
	<div class="modal-container">
			<div class="person-modal__content text">
										<ul>
<li>Doctor en Educación, Pontifica Universidad Católica de Chile.</li>
<li>Magíster en Educación, Pontificia Universidad Católica de Chile.</li>
<li>Magíster en Periodismo y Asuntos Públicos, Centro de Investigación y Docencias Económicas A.C., CIDE, Ciudad de México, México.</li>
<li>Licenciatura y Título Profesional en Administración de Empresas, Universidad Iberoamericana, Ciudad de México, México.</li>
</ul>
		</div>
	</div>
</div>

Bolaños
