{"id":81,"date":"2024-03-11T17:55:00","date_gmt":"2024-03-11T20:55:00","guid":{"rendered":"https:\/\/educacion.udd.cl\/cima\/?post_type=person&#038;p=81"},"modified":"2024-03-18T10:52:28","modified_gmt":"2024-03-18T13:52:28","slug":"ana-maria-jimenez","status":"publish","type":"person","link":"https:\/\/educacion.udd.cl\/cima\/persona\/ana-maria-jimenez\/","featured_media":234,"template":"","people_tax":[],"people_areas":[],"people_levels":[],"class_list":["post-81","person","type-person","status-publish","has-post-thumbnail","hentry"],"yoast_head":"<!-- This site is optimized with the Yoast SEO plugin v26.9 - https:\/\/yoast.com\/product\/yoast-seo-wordpress\/ -->\n<title>Ana Mar\u00eda Jim\u00e9nez - CIMA<\/title>\n<meta name=\"robots\" content=\"index, follow, max-snippet:-1, max-image-preview:large, max-video-preview:-1\" \/>\n<link rel=\"canonical\" href=\"https:\/\/educacion.udd.cl\/cima\/persona\/ana-maria-jimenez\/\" \/>\n<meta property=\"og:locale\" content=\"es_ES\" \/>\n<meta property=\"og:type\" content=\"article\" \/>\n<meta property=\"og:title\" content=\"Ana Mar\u00eda Jim\u00e9nez - CIMA\" \/>\n<meta property=\"og:url\" content=\"https:\/\/educacion.udd.cl\/cima\/persona\/ana-maria-jimenez\/\" \/>\n<meta property=\"og:site_name\" content=\"CIMA\" \/>\n<meta property=\"article:modified_time\" content=\"2024-03-18T13:52:28+00:00\" \/>\n<meta property=\"og:image\" content=\"http:\/\/educacion.udd.cl\/cima\/files\/2024\/03\/equipo-udd200-scaled.jpg\" \/>\n\t<meta property=\"og:image:width\" content=\"1704\" \/>\n\t<meta property=\"og:image:height\" content=\"2560\" \/>\n\t<meta property=\"og:image:type\" content=\"image\/jpeg\" \/>\n<meta name=\"twitter:card\" content=\"summary_large_image\" \/>\n<meta name=\"twitter:label1\" content=\"Tiempo de lectura\" \/>\n\t<meta name=\"twitter:data1\" content=\"1 minuto\" \/>\n<script type=\"application\/ld+json\" class=\"yoast-schema-graph\">{\"@context\":\"https:\/\/schema.org\",\"@graph\":[{\"@type\":\"WebPage\",\"@id\":\"https:\/\/educacion.udd.cl\/cima\/persona\/ana-maria-jimenez\/\",\"url\":\"https:\/\/educacion.udd.cl\/cima\/persona\/ana-maria-jimenez\/\",\"name\":\"Ana Mar\u00eda Jim\u00e9nez - CIMA\",\"isPartOf\":{\"@id\":\"https:\/\/educacion.udd.cl\/cima\/#website\"},\"primaryImageOfPage\":{\"@id\":\"https:\/\/educacion.udd.cl\/cima\/persona\/ana-maria-jimenez\/#primaryimage\"},\"image\":{\"@id\":\"https:\/\/educacion.udd.cl\/cima\/persona\/ana-maria-jimenez\/#primaryimage\"},\"thumbnailUrl\":\"https:\/\/educacion.udd.cl\/cima\/files\/2024\/03\/equipo-udd200-scaled.jpg\",\"datePublished\":\"2024-03-11T20:55:00+00:00\",\"dateModified\":\"2024-03-18T13:52:28+00:00\",\"breadcrumb\":{\"@id\":\"https:\/\/educacion.udd.cl\/cima\/persona\/ana-maria-jimenez\/#breadcrumb\"},\"inLanguage\":\"es\",\"potentialAction\":[{\"@type\":\"ReadAction\",\"target\":[\"https:\/\/educacion.udd.cl\/cima\/persona\/ana-maria-jimenez\/\"]}]},{\"@type\":\"ImageObject\",\"inLanguage\":\"es\",\"@id\":\"https:\/\/educacion.udd.cl\/cima\/persona\/ana-maria-jimenez\/#primaryimage\",\"url\":\"https:\/\/educacion.udd.cl\/cima\/files\/2024\/03\/equipo-udd200-scaled.jpg\",\"contentUrl\":\"https:\/\/educacion.udd.cl\/cima\/files\/2024\/03\/equipo-udd200-scaled.jpg\",\"width\":1704,\"height\":2560},{\"@type\":\"BreadcrumbList\",\"@id\":\"https:\/\/educacion.udd.cl\/cima\/persona\/ana-maria-jimenez\/#breadcrumb\",\"itemListElement\":[{\"@type\":\"ListItem\",\"position\":1,\"name\":\"Portada\",\"item\":\"https:\/\/educacion.udd.cl\/cima\/\"},{\"@type\":\"ListItem\",\"position\":2,\"name\":\"Personas\",\"item\":\"https:\/\/educacion.udd.cl\/cima\/persona\/\"},{\"@type\":\"ListItem\",\"position\":3,\"name\":\"Ana Mar\u00eda Jim\u00e9nez\"}]},{\"@type\":\"WebSite\",\"@id\":\"https:\/\/educacion.udd.cl\/cima\/#website\",\"url\":\"https:\/\/educacion.udd.cl\/cima\/\",\"name\":\"CIMA\",\"description\":\"\",\"inLanguage\":\"es\"}]}<\/script>\n<!-- \/ Yoast SEO plugin. -->","yoast_head_json":{"title":"Ana Mar\u00eda Jim\u00e9nez - CIMA","robots":{"index":"index","follow":"follow","max-snippet":"max-snippet:-1","max-image-preview":"max-image-preview:large","max-video-preview":"max-video-preview:-1"},"canonical":"https:\/\/educacion.udd.cl\/cima\/persona\/ana-maria-jimenez\/","og_locale":"es_ES","og_type":"article","og_title":"Ana Mar\u00eda Jim\u00e9nez - CIMA","og_url":"https:\/\/educacion.udd.cl\/cima\/persona\/ana-maria-jimenez\/","og_site_name":"CIMA","article_modified_time":"2024-03-18T13:52:28+00:00","og_image":[{"width":1704,"height":2560,"url":"http:\/\/educacion.udd.cl\/cima\/files\/2024\/03\/equipo-udd200-scaled.jpg","type":"image\/jpeg"}],"twitter_card":"summary_large_image","twitter_misc":{"Tiempo de lectura":"1 minuto"},"schema":{"@context":"https:\/\/schema.org","@graph":[{"@type":"WebPage","@id":"https:\/\/educacion.udd.cl\/cima\/persona\/ana-maria-jimenez\/","url":"https:\/\/educacion.udd.cl\/cima\/persona\/ana-maria-jimenez\/","name":"Ana Mar\u00eda Jim\u00e9nez - CIMA","isPartOf":{"@id":"https:\/\/educacion.udd.cl\/cima\/#website"},"primaryImageOfPage":{"@id":"https:\/\/educacion.udd.cl\/cima\/persona\/ana-maria-jimenez\/#primaryimage"},"image":{"@id":"https:\/\/educacion.udd.cl\/cima\/persona\/ana-maria-jimenez\/#primaryimage"},"thumbnailUrl":"https:\/\/educacion.udd.cl\/cima\/files\/2024\/03\/equipo-udd200-scaled.jpg","datePublished":"2024-03-11T20:55:00+00:00","dateModified":"2024-03-18T13:52:28+00:00","breadcrumb":{"@id":"https:\/\/educacion.udd.cl\/cima\/persona\/ana-maria-jimenez\/#breadcrumb"},"inLanguage":"es","potentialAction":[{"@type":"ReadAction","target":["https:\/\/educacion.udd.cl\/cima\/persona\/ana-maria-jimenez\/"]}]},{"@type":"ImageObject","inLanguage":"es","@id":"https:\/\/educacion.udd.cl\/cima\/persona\/ana-maria-jimenez\/#primaryimage","url":"https:\/\/educacion.udd.cl\/cima\/files\/2024\/03\/equipo-udd200-scaled.jpg","contentUrl":"https:\/\/educacion.udd.cl\/cima\/files\/2024\/03\/equipo-udd200-scaled.jpg","width":1704,"height":2560},{"@type":"BreadcrumbList","@id":"https:\/\/educacion.udd.cl\/cima\/persona\/ana-maria-jimenez\/#breadcrumb","itemListElement":[{"@type":"ListItem","position":1,"name":"Portada","item":"https:\/\/educacion.udd.cl\/cima\/"},{"@type":"ListItem","position":2,"name":"Personas","item":"https:\/\/educacion.udd.cl\/cima\/persona\/"},{"@type":"ListItem","position":3,"name":"Ana Mar\u00eda Jim\u00e9nez"}]},{"@type":"WebSite","@id":"https:\/\/educacion.udd.cl\/cima\/#website","url":"https:\/\/educacion.udd.cl\/cima\/","name":"CIMA","description":"","inLanguage":"es"}]}},"label":"Ana Mar\u00eda Jim\u00e9nez","title":{"rendered":"Ana Mar\u00eda Jim\u00e9nez"},"role":"Jefa l\u00ednea de Aprendizajes ","thumbnail_url":"https:\/\/educacion.udd.cl\/cima\/files\/2024\/03\/equipo-udd200-500x500.jpg","email":"amjimenez@udd.cl","tel_job":"","content":{"rendered":"<div class=\"person-modal person-modal--scl\">\n\t<header class=\"person-modal__header\">\n\t\t<div class=\"person-modal__bg\"><\/div>\n\t\t<div class=\"modal-container\">\n\t\t\t\t\t\t<div class=\"person-modal__media\">\n\t\t\t\t<img width=\"500\" height=\"500\" src=\"https:\/\/educacion.udd.cl\/cima\/files\/2024\/03\/equipo-udd200-62x62.jpg\" class=\"person-modal__image wp-post-image lazyload\" alt=\"\" decoding=\"async\" loading=\"lazy\" sizes=\"auto, (max-width: 500px) 100vw, 500px\" data-src=\"https:\/\/educacion.udd.cl\/cima\/files\/2024\/03\/equipo-udd200-500x500.jpg\" data-srcset=\"https:\/\/educacion.udd.cl\/cima\/files\/2024\/03\/equipo-udd200-500x500.jpg 500w, https:\/\/educacion.udd.cl\/cima\/files\/2024\/03\/equipo-udd200-150x150.jpg 150w, https:\/\/educacion.udd.cl\/cima\/files\/2024\/03\/equipo-udd200-62x62.jpg 62w, https:\/\/educacion.udd.cl\/cima\/files\/2024\/03\/equipo-udd200-750x750.jpg 750w, https:\/\/educacion.udd.cl\/cima\/files\/2024\/03\/equipo-udd200-250x250.jpg 250w, https:\/\/educacion.udd.cl\/cima\/files\/2024\/03\/equipo-udd200-126x126.jpg 126w\" \/>\t\t\t<\/div>\n\t\t\t\t\t\t<div class=\"person-modal__data\">\n\t\t\t\t<h1 class=\"person-modal__name\">Ana Mar\u00eda Jim\u00e9nez<\/h1>\n\t\t\t\t\t\t\t<span class=\"person-modal__description\">Jefa l\u00ednea de Aprendizajes <\/span>\n\t\t\t\t\t\t\t\t\t\t\t\t\t<a href=\"mailto:&#097;m&#106;i&#109;e&#110;e&#122;&#064;&#117;d&#100;&#046;&#099;&#108;\" class=\"person-modal__email\">&#97;mji&#109;e&#110;ez&#64;&#117;d&#100;.&#99;l<\/a>\n\t\t\t\t\t\t\t\t\t<\/div>\n\t\t<\/div>\n\t<\/header>\n\t<div class=\"modal-container\">\n\t\t\t<div class=\"person-modal__content text\">\n\t\t\t\t\t\t\t\t\t\t<ul>\n<li>Doctora en Ciencias de la Educaci\u00f3n, Pontificia Universidad Cat\u00f3lica de Chile.<\/li>\n<li>Mag\u00edster en Ciencias de la Educaci\u00f3n, Universidad Charles, Praga<\/li>\n<li>Bachiller en Historia y Geograf\u00eda, Pontificia Universidad Cat\u00f3lica de Valpara\u00edso.<\/li>\n<li>Directora Mag\u00edster en Innovaci\u00f3n Curricular y Evaluaci\u00f3n Educativa de la Facultad de Educaci\u00f3n UDD.<\/li>\n<\/ul>\n\t\t<\/div>\n\t<\/div>\n<\/div>\n"},"identifier":"4f41134aa2275f23aa0f2c6f1b3f7398bf97ba3c","has_credential":[],"given_name":"Ana Mar\u00eda","family_name":"Jim\u00e9nez","name":"Ana Mar\u00eda Jim\u00e9nez","job_title":"Jefa l\u00ednea de Aprendizajes ","telephone":"","note":"","im":"","_self_schedule":null,"_links":{"self":[{"href":"https:\/\/educacion.udd.cl\/cima\/wp-json\/wp\/v2\/people\/81","targetHints":{"allow":["GET"]}}],"collection":[{"href":"https:\/\/educacion.udd.cl\/cima\/wp-json\/wp\/v2\/people"}],"about":[{"href":"https:\/\/educacion.udd.cl\/cima\/wp-json\/wp\/v2\/types\/person"}],"wp:featuredmedia":[{"embeddable":true,"href":"https:\/\/educacion.udd.cl\/cima\/wp-json\/wp\/v2\/media\/234"}],"wp:attachment":[{"href":"https:\/\/educacion.udd.cl\/cima\/wp-json\/wp\/v2\/media?parent=81"}],"wp:term":[{"taxonomy":"people_tax","embeddable":true,"href":"https:\/\/educacion.udd.cl\/cima\/wp-json\/wp\/v2\/people_tax?post=81"},{"taxonomy":"people_areas","embeddable":true,"href":"https:\/\/educacion.udd.cl\/cima\/wp-json\/wp\/v2\/people_areas?post=81"},{"taxonomy":"people_levels","embeddable":true,"href":"https:\/\/educacion.udd.cl\/cima\/wp-json\/wp\/v2\/people_levels?post=81"}],"curies":[{"name":"wp","href":"https:\/\/api.w.org\/{rel}","templated":true}]}}

<!-- This site is optimized with the Yoast SEO plugin v26.9 - https://yoast.com/product/yoast-seo-wordpress/ -->
<title>Ana María Jiménez - CIMA</title>
<meta name="robots" content="index, follow, max-snippet:-1, max-image-preview:large, max-video-preview:-1" />
<link rel="canonical" href="https://educacion.udd.cl/cima/persona/ana-maria-jimenez/" />
<meta property="og:locale" content="es_ES" />
<meta property="og:type" content="article" />
<meta property="og:title" content="Ana María Jiménez - CIMA" />
<meta property="og:url" content="https://educacion.udd.cl/cima/persona/ana-maria-jimenez/" />
<meta property="og:site_name" content="CIMA" />
<meta property="article:modified_time" content="2024-03-18T13:52:28+00:00" />
<meta property="og:image" content="http://educacion.udd.cl/cima/files/2024/03/equipo-udd200-scaled.jpg" />
	<meta property="og:image:width" content="1704" />
	<meta property="og:image:height" content="2560" />
	<meta property="og:image:type" content="image/jpeg" />
<meta name="twitter:card" content="summary_large_image" />
<meta name="twitter:label1" content="Tiempo de lectura" />
	<meta name="twitter:data1" content="1 minuto" />
<script type="application/ld+json" class="yoast-schema-graph">{"@context":"https://schema.org","@graph":[{"@type":"WebPage","@id":"https://educacion.udd.cl/cima/persona/ana-maria-jimenez/","url":"https://educacion.udd.cl/cima/persona/ana-maria-jimenez/","name":"Ana María Jiménez - CIMA","isPartOf":{"@id":"https://educacion.udd.cl/cima/#website"},"primaryImageOfPage":{"@id":"https://educacion.udd.cl/cima/persona/ana-maria-jimenez/#primaryimage"},"image":{"@id":"https://educacion.udd.cl/cima/persona/ana-maria-jimenez/#primaryimage"},"thumbnailUrl":"https://educacion.udd.cl/cima/files/2024/03/equipo-udd200-scaled.jpg","datePublished":"2024-03-11T20:55:00+00:00","dateModified":"2024-03-18T13:52:28+00:00","breadcrumb":{"@id":"https://educacion.udd.cl/cima/persona/ana-maria-jimenez/#breadcrumb"},"inLanguage":"es","potentialAction":[{"@type":"ReadAction","target":["https://educacion.udd.cl/cima/persona/ana-maria-jimenez/"]}]},{"@type":"ImageObject","inLanguage":"es","@id":"https://educacion.udd.cl/cima/persona/ana-maria-jimenez/#primaryimage","url":"https://educacion.udd.cl/cima/files/2024/03/equipo-udd200-scaled.jpg","contentUrl":"https://educacion.udd.cl/cima/files/2024/03/equipo-udd200-scaled.jpg","width":1704,"height":2560},{"@type":"BreadcrumbList","@id":"https://educacion.udd.cl/cima/persona/ana-maria-jimenez/#breadcrumb","itemListElement":[{"@type":"ListItem","position":1,"name":"Portada","item":"https://educacion.udd.cl/cima/"},{"@type":"ListItem","position":2,"name":"Personas","item":"https://educacion.udd.cl/cima/persona/"},{"@type":"ListItem","position":3,"name":"Ana María Jiménez"}]},{"@type":"WebSite","@id":"https://educacion.udd.cl/cima/#website","url":"https://educacion.udd.cl/cima/","name":"CIMA","description":"","inLanguage":"es"}]}</script>
<!-- / Yoast SEO plugin. -->

Ana María Jiménez - CIMA

Ana María Jiménez

Jefa línea de Aprendizajes

<div class="person-modal person-modal--scl">
	<header class="person-modal__header">
		<div class="person-modal__bg"></div>
		<div class="modal-container">
						<div class="person-modal__media">
				<img width="500" height="500" src="https://educacion.udd.cl/cima/files/2024/03/equipo-udd200-62x62.jpg" class="person-modal__image wp-post-image lazyload" alt="" decoding="async" loading="lazy" sizes="auto, (max-width: 500px) 100vw, 500px" data-src="https://educacion.udd.cl/cima/files/2024/03/equipo-udd200-500x500.jpg" data-srcset="https://educacion.udd.cl/cima/files/2024/03/equipo-udd200-500x500.jpg 500w, https://educacion.udd.cl/cima/files/2024/03/equipo-udd200-150x150.jpg 150w, https://educacion.udd.cl/cima/files/2024/03/equipo-udd200-62x62.jpg 62w, https://educacion.udd.cl/cima/files/2024/03/equipo-udd200-750x750.jpg 750w, https://educacion.udd.cl/cima/files/2024/03/equipo-udd200-250x250.jpg 250w, https://educacion.udd.cl/cima/files/2024/03/equipo-udd200-126x126.jpg 126w" />			</div>
						<div class="person-modal__data">
				<h1 class="person-modal__name">Ana María Jiménez</h1>
							<span class="person-modal__description">Jefa línea de Aprendizajes </span>
													<a href="mailto:&#097;m&#106;i&#109;e&#110;e&#122;&#064;&#117;d&#100;&#046;&#099;&#108;" class="person-modal__email">&#97;mji&#109;e&#110;ez&#64;&#117;d&#100;.&#99;l</a>
									</div>
		</div>
	</header>
	<div class="modal-container">
			<div class="person-modal__content text">
										<ul>
<li>Doctora en Ciencias de la Educación, Pontificia Universidad Católica de Chile.</li>
<li>Magíster en Ciencias de la Educación, Universidad Charles, Praga</li>
<li>Bachiller en Historia y Geografía, Pontificia Universidad Católica de Valparaíso.</li>
<li>Directora Magíster en Innovación Curricular y Evaluación Educativa de la Facultad de Educación UDD.</li>
</ul>
		</div>
	</div>
</div>

Ana María

Jiménez
