{"id":776,"date":"2025-04-21T16:59:04","date_gmt":"2025-04-21T20:59:04","guid":{"rendered":"https:\/\/educacion.udd.cl\/cima\/?post_type=person&#038;p=776"},"modified":"2025-04-21T16:59:04","modified_gmt":"2025-04-21T20:59:04","slug":"josefa-galan","status":"publish","type":"person","link":"https:\/\/educacion.udd.cl\/cima\/persona\/josefa-galan\/","featured_media":777,"template":"","people_tax":[],"people_areas":[],"people_levels":[],"class_list":["post-776","person","type-person","status-publish","has-post-thumbnail","hentry"],"yoast_head":"<!-- This site is optimized with the Yoast SEO plugin v26.9 - https:\/\/yoast.com\/product\/yoast-seo-wordpress\/ -->\n<title>Josefa Gal\u00e1n - CIMA<\/title>\n<meta name=\"robots\" content=\"index, follow, max-snippet:-1, max-image-preview:large, max-video-preview:-1\" \/>\n<link rel=\"canonical\" href=\"https:\/\/educacion.udd.cl\/cima\/persona\/josefa-galan\/\" \/>\n<meta property=\"og:locale\" content=\"es_ES\" \/>\n<meta property=\"og:type\" content=\"article\" \/>\n<meta property=\"og:title\" content=\"Josefa Gal\u00e1n - CIMA\" \/>\n<meta property=\"og:url\" content=\"https:\/\/educacion.udd.cl\/cima\/persona\/josefa-galan\/\" \/>\n<meta property=\"og:site_name\" content=\"CIMA\" \/>\n<meta property=\"og:image\" content=\"http:\/\/educacion.udd.cl\/cima\/files\/2025\/04\/whatsapp-image-2025-04-21-at-16-58-41.jpeg\" \/>\n\t<meta property=\"og:image:width\" content=\"257\" \/>\n\t<meta property=\"og:image:height\" content=\"278\" \/>\n\t<meta property=\"og:image:type\" content=\"image\/jpeg\" \/>\n<meta name=\"twitter:card\" content=\"summary_large_image\" \/>\n<meta name=\"twitter:label1\" content=\"Tiempo de lectura\" \/>\n\t<meta name=\"twitter:data1\" content=\"1 minuto\" \/>\n<script type=\"application\/ld+json\" class=\"yoast-schema-graph\">{\"@context\":\"https:\/\/schema.org\",\"@graph\":[{\"@type\":\"WebPage\",\"@id\":\"https:\/\/educacion.udd.cl\/cima\/persona\/josefa-galan\/\",\"url\":\"https:\/\/educacion.udd.cl\/cima\/persona\/josefa-galan\/\",\"name\":\"Josefa Gal\u00e1n - CIMA\",\"isPartOf\":{\"@id\":\"https:\/\/educacion.udd.cl\/cima\/#website\"},\"primaryImageOfPage\":{\"@id\":\"https:\/\/educacion.udd.cl\/cima\/persona\/josefa-galan\/#primaryimage\"},\"image\":{\"@id\":\"https:\/\/educacion.udd.cl\/cima\/persona\/josefa-galan\/#primaryimage\"},\"thumbnailUrl\":\"https:\/\/educacion.udd.cl\/cima\/files\/2025\/04\/whatsapp-image-2025-04-21-at-16-58-41.jpeg\",\"datePublished\":\"2025-04-21T20:59:04+00:00\",\"breadcrumb\":{\"@id\":\"https:\/\/educacion.udd.cl\/cima\/persona\/josefa-galan\/#breadcrumb\"},\"inLanguage\":\"es\",\"potentialAction\":[{\"@type\":\"ReadAction\",\"target\":[\"https:\/\/educacion.udd.cl\/cima\/persona\/josefa-galan\/\"]}]},{\"@type\":\"ImageObject\",\"inLanguage\":\"es\",\"@id\":\"https:\/\/educacion.udd.cl\/cima\/persona\/josefa-galan\/#primaryimage\",\"url\":\"https:\/\/educacion.udd.cl\/cima\/files\/2025\/04\/whatsapp-image-2025-04-21-at-16-58-41.jpeg\",\"contentUrl\":\"https:\/\/educacion.udd.cl\/cima\/files\/2025\/04\/whatsapp-image-2025-04-21-at-16-58-41.jpeg\",\"width\":257,\"height\":278},{\"@type\":\"BreadcrumbList\",\"@id\":\"https:\/\/educacion.udd.cl\/cima\/persona\/josefa-galan\/#breadcrumb\",\"itemListElement\":[{\"@type\":\"ListItem\",\"position\":1,\"name\":\"Portada\",\"item\":\"https:\/\/educacion.udd.cl\/cima\/\"},{\"@type\":\"ListItem\",\"position\":2,\"name\":\"Personas\",\"item\":\"https:\/\/educacion.udd.cl\/cima\/persona\/\"},{\"@type\":\"ListItem\",\"position\":3,\"name\":\"Josefa Gal\u00e1n\"}]},{\"@type\":\"WebSite\",\"@id\":\"https:\/\/educacion.udd.cl\/cima\/#website\",\"url\":\"https:\/\/educacion.udd.cl\/cima\/\",\"name\":\"CIMA\",\"description\":\"\",\"inLanguage\":\"es\"}]}<\/script>\n<!-- \/ Yoast SEO plugin. -->","yoast_head_json":{"title":"Josefa Gal\u00e1n - CIMA","robots":{"index":"index","follow":"follow","max-snippet":"max-snippet:-1","max-image-preview":"max-image-preview:large","max-video-preview":"max-video-preview:-1"},"canonical":"https:\/\/educacion.udd.cl\/cima\/persona\/josefa-galan\/","og_locale":"es_ES","og_type":"article","og_title":"Josefa Gal\u00e1n - CIMA","og_url":"https:\/\/educacion.udd.cl\/cima\/persona\/josefa-galan\/","og_site_name":"CIMA","og_image":[{"width":257,"height":278,"url":"http:\/\/educacion.udd.cl\/cima\/files\/2025\/04\/whatsapp-image-2025-04-21-at-16-58-41.jpeg","type":"image\/jpeg"}],"twitter_card":"summary_large_image","twitter_misc":{"Tiempo de lectura":"1 minuto"},"schema":{"@context":"https:\/\/schema.org","@graph":[{"@type":"WebPage","@id":"https:\/\/educacion.udd.cl\/cima\/persona\/josefa-galan\/","url":"https:\/\/educacion.udd.cl\/cima\/persona\/josefa-galan\/","name":"Josefa Gal\u00e1n - CIMA","isPartOf":{"@id":"https:\/\/educacion.udd.cl\/cima\/#website"},"primaryImageOfPage":{"@id":"https:\/\/educacion.udd.cl\/cima\/persona\/josefa-galan\/#primaryimage"},"image":{"@id":"https:\/\/educacion.udd.cl\/cima\/persona\/josefa-galan\/#primaryimage"},"thumbnailUrl":"https:\/\/educacion.udd.cl\/cima\/files\/2025\/04\/whatsapp-image-2025-04-21-at-16-58-41.jpeg","datePublished":"2025-04-21T20:59:04+00:00","breadcrumb":{"@id":"https:\/\/educacion.udd.cl\/cima\/persona\/josefa-galan\/#breadcrumb"},"inLanguage":"es","potentialAction":[{"@type":"ReadAction","target":["https:\/\/educacion.udd.cl\/cima\/persona\/josefa-galan\/"]}]},{"@type":"ImageObject","inLanguage":"es","@id":"https:\/\/educacion.udd.cl\/cima\/persona\/josefa-galan\/#primaryimage","url":"https:\/\/educacion.udd.cl\/cima\/files\/2025\/04\/whatsapp-image-2025-04-21-at-16-58-41.jpeg","contentUrl":"https:\/\/educacion.udd.cl\/cima\/files\/2025\/04\/whatsapp-image-2025-04-21-at-16-58-41.jpeg","width":257,"height":278},{"@type":"BreadcrumbList","@id":"https:\/\/educacion.udd.cl\/cima\/persona\/josefa-galan\/#breadcrumb","itemListElement":[{"@type":"ListItem","position":1,"name":"Portada","item":"https:\/\/educacion.udd.cl\/cima\/"},{"@type":"ListItem","position":2,"name":"Personas","item":"https:\/\/educacion.udd.cl\/cima\/persona\/"},{"@type":"ListItem","position":3,"name":"Josefa Gal\u00e1n"}]},{"@type":"WebSite","@id":"https:\/\/educacion.udd.cl\/cima\/#website","url":"https:\/\/educacion.udd.cl\/cima\/","name":"CIMA","description":"","inLanguage":"es"}]}},"label":"Josefa Gal\u00e1n","title":{"rendered":"Josefa Gal\u00e1n"},"role":false,"thumbnail_url":"https:\/\/educacion.udd.cl\/cima\/files\/2025\/04\/whatsapp-image-2025-04-21-at-16-58-41.jpeg","email":"j.galan@udd.cl","tel_job":"","content":{"rendered":"<div class=\"person-modal person-modal--scl\">\n\t<header class=\"person-modal__header\">\n\t\t<div class=\"person-modal__bg\"><\/div>\n\t\t<div class=\"modal-container\">\n\t\t\t\t\t\t<div class=\"person-modal__media\">\n\t\t\t\t<img width=\"257\" height=\"278\" src=\"https:\/\/educacion.udd.cl\/cima\/files\/2025\/04\/whatsapp-image-2025-04-21-at-16-58-41-62x62.jpeg\" class=\"person-modal__image wp-post-image lazyload\" alt=\"\" decoding=\"async\" loading=\"lazy\" data-src=\"https:\/\/educacion.udd.cl\/cima\/files\/2025\/04\/whatsapp-image-2025-04-21-at-16-58-41.jpeg\" \/>\t\t\t<\/div>\n\t\t\t\t\t\t<div class=\"person-modal__data\">\n\t\t\t\t<h1 class=\"person-modal__name\">Josefa Gal\u00e1n<\/h1>\n\t\t\t\t\t\t\t\t\t\t\t\t\t<a href=\"mailto:&#106;&#046;g&#097;&#108;a&#110;&#064;u&#100;d.&#099;&#108;\" class=\"person-modal__email\">&#106;&#46;g&#97;lan&#64;u&#100;d.c&#108;<\/a>\n\t\t\t\t\t\t\t\t\t<\/div>\n\t\t<\/div>\n\t<\/header>\n\t<div class=\"modal-container\">\n\t\t\t<div class=\"person-modal__content text\">\n\t\t\t\t\t\t\t\t\t\t<ul>\n<li>Master of Education in Curriculum and Instruction, University of Virginia, USA.<\/li>\n<li>Profesora General B\u00e1sica con menci\u00f3n en Ingl\u00e9s, Pontificia Universidad Cat\u00f3lica de Chile.<\/li>\n<\/ul>\n\t\t<\/div>\n\t<\/div>\n<\/div>\n"},"identifier":"949c6363fa7682be587bdd31b6f9933ec22c1017","has_credential":[],"given_name":"Josefa","family_name":"Gal\u00e1n","name":"Josefa Gal\u00e1n","job_title":"","telephone":"","note":"","im":"","_self_schedule":null,"_links":{"self":[{"href":"https:\/\/educacion.udd.cl\/cima\/wp-json\/wp\/v2\/people\/776","targetHints":{"allow":["GET"]}}],"collection":[{"href":"https:\/\/educacion.udd.cl\/cima\/wp-json\/wp\/v2\/people"}],"about":[{"href":"https:\/\/educacion.udd.cl\/cima\/wp-json\/wp\/v2\/types\/person"}],"wp:featuredmedia":[{"embeddable":true,"href":"https:\/\/educacion.udd.cl\/cima\/wp-json\/wp\/v2\/media\/777"}],"wp:attachment":[{"href":"https:\/\/educacion.udd.cl\/cima\/wp-json\/wp\/v2\/media?parent=776"}],"wp:term":[{"taxonomy":"people_tax","embeddable":true,"href":"https:\/\/educacion.udd.cl\/cima\/wp-json\/wp\/v2\/people_tax?post=776"},{"taxonomy":"people_areas","embeddable":true,"href":"https:\/\/educacion.udd.cl\/cima\/wp-json\/wp\/v2\/people_areas?post=776"},{"taxonomy":"people_levels","embeddable":true,"href":"https:\/\/educacion.udd.cl\/cima\/wp-json\/wp\/v2\/people_levels?post=776"}],"curies":[{"name":"wp","href":"https:\/\/api.w.org\/{rel}","templated":true}]}}

<!-- This site is optimized with the Yoast SEO plugin v26.9 - https://yoast.com/product/yoast-seo-wordpress/ -->
<title>Josefa Galán - CIMA</title>
<meta name="robots" content="index, follow, max-snippet:-1, max-image-preview:large, max-video-preview:-1" />
<link rel="canonical" href="https://educacion.udd.cl/cima/persona/josefa-galan/" />
<meta property="og:locale" content="es_ES" />
<meta property="og:type" content="article" />
<meta property="og:title" content="Josefa Galán - CIMA" />
<meta property="og:url" content="https://educacion.udd.cl/cima/persona/josefa-galan/" />
<meta property="og:site_name" content="CIMA" />
<meta property="og:image" content="http://educacion.udd.cl/cima/files/2025/04/whatsapp-image-2025-04-21-at-16-58-41.jpeg" />
	<meta property="og:image:width" content="257" />
	<meta property="og:image:height" content="278" />
	<meta property="og:image:type" content="image/jpeg" />
<meta name="twitter:card" content="summary_large_image" />
<meta name="twitter:label1" content="Tiempo de lectura" />
	<meta name="twitter:data1" content="1 minuto" />
<script type="application/ld+json" class="yoast-schema-graph">{"@context":"https://schema.org","@graph":[{"@type":"WebPage","@id":"https://educacion.udd.cl/cima/persona/josefa-galan/","url":"https://educacion.udd.cl/cima/persona/josefa-galan/","name":"Josefa Galán - CIMA","isPartOf":{"@id":"https://educacion.udd.cl/cima/#website"},"primaryImageOfPage":{"@id":"https://educacion.udd.cl/cima/persona/josefa-galan/#primaryimage"},"image":{"@id":"https://educacion.udd.cl/cima/persona/josefa-galan/#primaryimage"},"thumbnailUrl":"https://educacion.udd.cl/cima/files/2025/04/whatsapp-image-2025-04-21-at-16-58-41.jpeg","datePublished":"2025-04-21T20:59:04+00:00","breadcrumb":{"@id":"https://educacion.udd.cl/cima/persona/josefa-galan/#breadcrumb"},"inLanguage":"es","potentialAction":[{"@type":"ReadAction","target":["https://educacion.udd.cl/cima/persona/josefa-galan/"]}]},{"@type":"ImageObject","inLanguage":"es","@id":"https://educacion.udd.cl/cima/persona/josefa-galan/#primaryimage","url":"https://educacion.udd.cl/cima/files/2025/04/whatsapp-image-2025-04-21-at-16-58-41.jpeg","contentUrl":"https://educacion.udd.cl/cima/files/2025/04/whatsapp-image-2025-04-21-at-16-58-41.jpeg","width":257,"height":278},{"@type":"BreadcrumbList","@id":"https://educacion.udd.cl/cima/persona/josefa-galan/#breadcrumb","itemListElement":[{"@type":"ListItem","position":1,"name":"Portada","item":"https://educacion.udd.cl/cima/"},{"@type":"ListItem","position":2,"name":"Personas","item":"https://educacion.udd.cl/cima/persona/"},{"@type":"ListItem","position":3,"name":"Josefa Galán"}]},{"@type":"WebSite","@id":"https://educacion.udd.cl/cima/#website","url":"https://educacion.udd.cl/cima/","name":"CIMA","description":"","inLanguage":"es"}]}</script>
<!-- / Yoast SEO plugin. -->

Josefa Galán - CIMA

Josefa Galán

<div class="person-modal person-modal--scl">
	<header class="person-modal__header">
		<div class="person-modal__bg"></div>
		<div class="modal-container">
						<div class="person-modal__media">
				<img width="257" height="278" src="https://educacion.udd.cl/cima/files/2025/04/whatsapp-image-2025-04-21-at-16-58-41-62x62.jpeg" class="person-modal__image wp-post-image lazyload" alt="" decoding="async" loading="lazy" data-src="https://educacion.udd.cl/cima/files/2025/04/whatsapp-image-2025-04-21-at-16-58-41.jpeg" />			</div>
						<div class="person-modal__data">
				<h1 class="person-modal__name">Josefa Galán</h1>
													<a href="mailto:&#106;&#046;g&#097;&#108;a&#110;&#064;u&#100;d.&#099;&#108;" class="person-modal__email">&#106;&#46;g&#97;lan&#64;u&#100;d.c&#108;</a>
									</div>
		</div>
	</header>
	<div class="modal-container">
			<div class="person-modal__content text">
										<ul>
<li>Master of Education in Curriculum and Instruction, University of Virginia, USA.</li>
<li>Profesora General Básica con mención en Inglés, Pontificia Universidad Católica de Chile.</li>
</ul>
		</div>
	</div>
</div>

Galán
