{"id":192,"date":"2024-03-12T16:22:48","date_gmt":"2024-03-12T19:22:48","guid":{"rendered":"https:\/\/educacion.udd.cl\/cima\/?post_type=person&#038;p=192"},"modified":"2024-12-13T11:40:52","modified_gmt":"2024-12-13T14:40:52","slug":"gilda-bilbao","status":"publish","type":"person","link":"https:\/\/educacion.udd.cl\/cima\/persona\/gilda-bilbao\/","featured_media":255,"template":"","people_tax":[],"people_areas":[],"people_levels":[],"class_list":["post-192","person","type-person","status-publish","has-post-thumbnail","hentry"],"yoast_head":"<!-- This site is optimized with the Yoast SEO plugin v26.9 - https:\/\/yoast.com\/product\/yoast-seo-wordpress\/ -->\n<title>Gilda Bilbao - CIMA<\/title>\n<meta name=\"robots\" content=\"index, follow, max-snippet:-1, max-image-preview:large, max-video-preview:-1\" \/>\n<link rel=\"canonical\" href=\"https:\/\/educacion.udd.cl\/cima\/persona\/gilda-bilbao\/\" \/>\n<meta property=\"og:locale\" content=\"es_ES\" \/>\n<meta property=\"og:type\" content=\"article\" \/>\n<meta property=\"og:title\" content=\"Gilda Bilbao - CIMA\" \/>\n<meta property=\"og:url\" content=\"https:\/\/educacion.udd.cl\/cima\/persona\/gilda-bilbao\/\" \/>\n<meta property=\"og:site_name\" content=\"CIMA\" \/>\n<meta property=\"article:modified_time\" content=\"2024-12-13T14:40:52+00:00\" \/>\n<meta property=\"og:image\" content=\"http:\/\/educacion.udd.cl\/cima\/files\/2024\/03\/equipo-udd182-scaled.jpg\" \/>\n\t<meta property=\"og:image:width\" content=\"1703\" \/>\n\t<meta property=\"og:image:height\" content=\"2560\" \/>\n\t<meta property=\"og:image:type\" content=\"image\/jpeg\" \/>\n<meta name=\"twitter:card\" content=\"summary_large_image\" \/>\n<meta name=\"twitter:label1\" content=\"Tiempo de lectura\" \/>\n\t<meta name=\"twitter:data1\" content=\"1 minuto\" \/>\n<script type=\"application\/ld+json\" class=\"yoast-schema-graph\">{\"@context\":\"https:\/\/schema.org\",\"@graph\":[{\"@type\":\"WebPage\",\"@id\":\"https:\/\/educacion.udd.cl\/cima\/persona\/gilda-bilbao\/\",\"url\":\"https:\/\/educacion.udd.cl\/cima\/persona\/gilda-bilbao\/\",\"name\":\"Gilda Bilbao - CIMA\",\"isPartOf\":{\"@id\":\"https:\/\/educacion.udd.cl\/cima\/#website\"},\"primaryImageOfPage\":{\"@id\":\"https:\/\/educacion.udd.cl\/cima\/persona\/gilda-bilbao\/#primaryimage\"},\"image\":{\"@id\":\"https:\/\/educacion.udd.cl\/cima\/persona\/gilda-bilbao\/#primaryimage\"},\"thumbnailUrl\":\"https:\/\/educacion.udd.cl\/cima\/files\/2024\/03\/equipo-udd182-scaled.jpg\",\"datePublished\":\"2024-03-12T19:22:48+00:00\",\"dateModified\":\"2024-12-13T14:40:52+00:00\",\"breadcrumb\":{\"@id\":\"https:\/\/educacion.udd.cl\/cima\/persona\/gilda-bilbao\/#breadcrumb\"},\"inLanguage\":\"es\",\"potentialAction\":[{\"@type\":\"ReadAction\",\"target\":[\"https:\/\/educacion.udd.cl\/cima\/persona\/gilda-bilbao\/\"]}]},{\"@type\":\"ImageObject\",\"inLanguage\":\"es\",\"@id\":\"https:\/\/educacion.udd.cl\/cima\/persona\/gilda-bilbao\/#primaryimage\",\"url\":\"https:\/\/educacion.udd.cl\/cima\/files\/2024\/03\/equipo-udd182-scaled.jpg\",\"contentUrl\":\"https:\/\/educacion.udd.cl\/cima\/files\/2024\/03\/equipo-udd182-scaled.jpg\",\"width\":1703,\"height\":2560},{\"@type\":\"BreadcrumbList\",\"@id\":\"https:\/\/educacion.udd.cl\/cima\/persona\/gilda-bilbao\/#breadcrumb\",\"itemListElement\":[{\"@type\":\"ListItem\",\"position\":1,\"name\":\"Portada\",\"item\":\"https:\/\/educacion.udd.cl\/cima\/\"},{\"@type\":\"ListItem\",\"position\":2,\"name\":\"Personas\",\"item\":\"https:\/\/educacion.udd.cl\/cima\/persona\/\"},{\"@type\":\"ListItem\",\"position\":3,\"name\":\"Gilda Bilbao\"}]},{\"@type\":\"WebSite\",\"@id\":\"https:\/\/educacion.udd.cl\/cima\/#website\",\"url\":\"https:\/\/educacion.udd.cl\/cima\/\",\"name\":\"CIMA\",\"description\":\"\",\"inLanguage\":\"es\"}]}<\/script>\n<!-- \/ Yoast SEO plugin. -->","yoast_head_json":{"title":"Gilda Bilbao - CIMA","robots":{"index":"index","follow":"follow","max-snippet":"max-snippet:-1","max-image-preview":"max-image-preview:large","max-video-preview":"max-video-preview:-1"},"canonical":"https:\/\/educacion.udd.cl\/cima\/persona\/gilda-bilbao\/","og_locale":"es_ES","og_type":"article","og_title":"Gilda Bilbao - CIMA","og_url":"https:\/\/educacion.udd.cl\/cima\/persona\/gilda-bilbao\/","og_site_name":"CIMA","article_modified_time":"2024-12-13T14:40:52+00:00","og_image":[{"width":1703,"height":2560,"url":"http:\/\/educacion.udd.cl\/cima\/files\/2024\/03\/equipo-udd182-scaled.jpg","type":"image\/jpeg"}],"twitter_card":"summary_large_image","twitter_misc":{"Tiempo de lectura":"1 minuto"},"schema":{"@context":"https:\/\/schema.org","@graph":[{"@type":"WebPage","@id":"https:\/\/educacion.udd.cl\/cima\/persona\/gilda-bilbao\/","url":"https:\/\/educacion.udd.cl\/cima\/persona\/gilda-bilbao\/","name":"Gilda Bilbao - CIMA","isPartOf":{"@id":"https:\/\/educacion.udd.cl\/cima\/#website"},"primaryImageOfPage":{"@id":"https:\/\/educacion.udd.cl\/cima\/persona\/gilda-bilbao\/#primaryimage"},"image":{"@id":"https:\/\/educacion.udd.cl\/cima\/persona\/gilda-bilbao\/#primaryimage"},"thumbnailUrl":"https:\/\/educacion.udd.cl\/cima\/files\/2024\/03\/equipo-udd182-scaled.jpg","datePublished":"2024-03-12T19:22:48+00:00","dateModified":"2024-12-13T14:40:52+00:00","breadcrumb":{"@id":"https:\/\/educacion.udd.cl\/cima\/persona\/gilda-bilbao\/#breadcrumb"},"inLanguage":"es","potentialAction":[{"@type":"ReadAction","target":["https:\/\/educacion.udd.cl\/cima\/persona\/gilda-bilbao\/"]}]},{"@type":"ImageObject","inLanguage":"es","@id":"https:\/\/educacion.udd.cl\/cima\/persona\/gilda-bilbao\/#primaryimage","url":"https:\/\/educacion.udd.cl\/cima\/files\/2024\/03\/equipo-udd182-scaled.jpg","contentUrl":"https:\/\/educacion.udd.cl\/cima\/files\/2024\/03\/equipo-udd182-scaled.jpg","width":1703,"height":2560},{"@type":"BreadcrumbList","@id":"https:\/\/educacion.udd.cl\/cima\/persona\/gilda-bilbao\/#breadcrumb","itemListElement":[{"@type":"ListItem","position":1,"name":"Portada","item":"https:\/\/educacion.udd.cl\/cima\/"},{"@type":"ListItem","position":2,"name":"Personas","item":"https:\/\/educacion.udd.cl\/cima\/persona\/"},{"@type":"ListItem","position":3,"name":"Gilda Bilbao"}]},{"@type":"WebSite","@id":"https:\/\/educacion.udd.cl\/cima\/#website","url":"https:\/\/educacion.udd.cl\/cima\/","name":"CIMA","description":"","inLanguage":"es"}]}},"label":"Gilda Bilbao","title":{"rendered":"Gilda Bilbao"},"role":false,"thumbnail_url":"https:\/\/educacion.udd.cl\/cima\/files\/2024\/03\/equipo-udd182-500x500.jpg","email":"gildabilbao@udd.cl","tel_job":"","content":{"rendered":"<div class=\"person-modal person-modal--scl\">\n\t<header class=\"person-modal__header\">\n\t\t<div class=\"person-modal__bg\"><\/div>\n\t\t<div class=\"modal-container\">\n\t\t\t\t\t\t<div class=\"person-modal__media\">\n\t\t\t\t<img width=\"500\" height=\"500\" src=\"https:\/\/educacion.udd.cl\/cima\/files\/2024\/03\/equipo-udd182-62x62.jpg\" class=\"person-modal__image wp-post-image lazyload\" alt=\"\" decoding=\"async\" loading=\"lazy\" sizes=\"auto, (max-width: 500px) 100vw, 500px\" data-src=\"https:\/\/educacion.udd.cl\/cima\/files\/2024\/03\/equipo-udd182-500x500.jpg\" data-srcset=\"https:\/\/educacion.udd.cl\/cima\/files\/2024\/03\/equipo-udd182-500x500.jpg 500w, https:\/\/educacion.udd.cl\/cima\/files\/2024\/03\/equipo-udd182-150x150.jpg 150w, https:\/\/educacion.udd.cl\/cima\/files\/2024\/03\/equipo-udd182-62x62.jpg 62w, https:\/\/educacion.udd.cl\/cima\/files\/2024\/03\/equipo-udd182-750x750.jpg 750w, https:\/\/educacion.udd.cl\/cima\/files\/2024\/03\/equipo-udd182-250x250.jpg 250w, https:\/\/educacion.udd.cl\/cima\/files\/2024\/03\/equipo-udd182-126x126.jpg 126w\" \/>\t\t\t<\/div>\n\t\t\t\t\t\t<div class=\"person-modal__data\">\n\t\t\t\t<h1 class=\"person-modal__name\">Gilda Bilbao<\/h1>\n\t\t\t\t\t\t\t\t\t\t\t\t\t<a href=\"mailto:gil&#100;a&#098;&#105;l&#098;&#097;o&#064;&#117;dd&#046;c&#108;\" class=\"person-modal__email\">g&#105;l&#100;&#97;&#98;&#105;l&#98;a&#111;&#64;&#117;&#100;&#100;.cl<\/a>\n\t\t\t\t\t\t\t\t\t<\/div>\n\t\t<\/div>\n\t<\/header>\n\t<div class=\"modal-container\">\n\t\t\t<div class=\"person-modal__content text\">\n\t\t\t\t\t\t\t\t\t\t<ul>\n<li>M\u00e1ster en Psicolog\u00eda de la Educaci\u00f3n, Universidad de Barcelona, Espa\u00f1a.<\/li>\n<li>Mag\u00edster en Educaci\u00f3n Especial, Pontificia Universidad Cat\u00f3lica de Chile.<\/li>\n<li>Diplomado en Ense\u00f1anza para la Comprensi\u00f3n, Harvard University, Estados Unidos.<\/li>\n<li>Profesora de Filosof\u00eda y Licenciada en Educaci\u00f3n, Pontificia Universidad Cat\u00f3lica de Chile.<\/li>\n<li>Fundadora del Centro de Desarrollo de la Docencia de la Universidad del Desarrollo.<\/li>\n<li>Ha desarrollado investigaciones e intervenciones orientadas al perfeccionamiento de pr\u00e1cticas pedag\u00f3gicas a nivel escolar y superior por m\u00e1s de veinte a\u00f1os.<\/li>\n<li>Se ha formado en el \u00e1rea de \u00abMindfulness\u00bb a trav\u00e9s del \u00abPrograma fundacional de reducci\u00f3n del estr\u00e9s basado en mindfulness\u00bb, con el prop\u00f3sito de contribuir al bienestar de los profesores y estudiantes.<\/li>\n<li>Directora Programa de Formaci\u00f3n Pedag\u00f3gica UDD.<\/li>\n<\/ul>\n\t\t<\/div>\n\t<\/div>\n<\/div>\n"},"identifier":"2528eee32183fd1d290a3c0384e64f1851462ead","has_credential":[],"given_name":"Gilda","family_name":"Bilbao","name":"Gilda Bilbao","job_title":"","telephone":"","note":"","im":"","_self_schedule":null,"_links":{"self":[{"href":"https:\/\/educacion.udd.cl\/cima\/wp-json\/wp\/v2\/people\/192","targetHints":{"allow":["GET"]}}],"collection":[{"href":"https:\/\/educacion.udd.cl\/cima\/wp-json\/wp\/v2\/people"}],"about":[{"href":"https:\/\/educacion.udd.cl\/cima\/wp-json\/wp\/v2\/types\/person"}],"wp:featuredmedia":[{"embeddable":true,"href":"https:\/\/educacion.udd.cl\/cima\/wp-json\/wp\/v2\/media\/255"}],"wp:attachment":[{"href":"https:\/\/educacion.udd.cl\/cima\/wp-json\/wp\/v2\/media?parent=192"}],"wp:term":[{"taxonomy":"people_tax","embeddable":true,"href":"https:\/\/educacion.udd.cl\/cima\/wp-json\/wp\/v2\/people_tax?post=192"},{"taxonomy":"people_areas","embeddable":true,"href":"https:\/\/educacion.udd.cl\/cima\/wp-json\/wp\/v2\/people_areas?post=192"},{"taxonomy":"people_levels","embeddable":true,"href":"https:\/\/educacion.udd.cl\/cima\/wp-json\/wp\/v2\/people_levels?post=192"}],"curies":[{"name":"wp","href":"https:\/\/api.w.org\/{rel}","templated":true}]}}

<div class="person-modal person-modal--scl">
	<header class="person-modal__header">
		<div class="person-modal__bg"></div>
		<div class="modal-container">
						<div class="person-modal__media">
				<img width="500" height="500" src="https://educacion.udd.cl/cima/files/2024/03/equipo-udd182-62x62.jpg" class="person-modal__image wp-post-image lazyload" alt="" decoding="async" loading="lazy" sizes="auto, (max-width: 500px) 100vw, 500px" data-src="https://educacion.udd.cl/cima/files/2024/03/equipo-udd182-500x500.jpg" data-srcset="https://educacion.udd.cl/cima/files/2024/03/equipo-udd182-500x500.jpg 500w, https://educacion.udd.cl/cima/files/2024/03/equipo-udd182-150x150.jpg 150w, https://educacion.udd.cl/cima/files/2024/03/equipo-udd182-62x62.jpg 62w, https://educacion.udd.cl/cima/files/2024/03/equipo-udd182-750x750.jpg 750w, https://educacion.udd.cl/cima/files/2024/03/equipo-udd182-250x250.jpg 250w, https://educacion.udd.cl/cima/files/2024/03/equipo-udd182-126x126.jpg 126w" />			</div>
						<div class="person-modal__data">
				<h1 class="person-modal__name">Gilda Bilbao</h1>
													<a href="mailto:gil&#100;a&#098;&#105;l&#098;&#097;o&#064;&#117;dd&#046;c&#108;" class="person-modal__email">g&#105;l&#100;&#97;&#98;&#105;l&#98;a&#111;&#64;&#117;&#100;&#100;.cl</a>
									</div>
		</div>
	</header>
	<div class="modal-container">
			<div class="person-modal__content text">
										<ul>
<li>Máster en Psicología de la Educación, Universidad de Barcelona, España.</li>
<li>Magíster en Educación Especial, Pontificia Universidad Católica de Chile.</li>
<li>Diplomado en Enseñanza para la Comprensión, Harvard University, Estados Unidos.</li>
<li>Profesora de Filosofía y Licenciada en Educación, Pontificia Universidad Católica de Chile.</li>
<li>Fundadora del Centro de Desarrollo de la Docencia de la Universidad del Desarrollo.</li>
<li>Ha desarrollado investigaciones e intervenciones orientadas al perfeccionamiento de prácticas pedagógicas a nivel escolar y superior por más de veinte años.</li>
<li>Se ha formado en el área de «Mindfulness» a través del «Programa fundacional de reducción del estrés basado en mindfulness», con el propósito de contribuir al bienestar de los profesores y estudiantes.</li>
<li>Directora Programa de Formación Pedagógica UDD.</li>
</ul>
		</div>
	</div>
</div>
