{"id":296,"date":"2020-12-04T15:33:46","date_gmt":"2020-12-04T14:33:46","guid":{"rendered":"https:\/\/educacion.udd.cl\/aprendizaje180\/?page_id=296"},"modified":"2020-12-04T15:55:16","modified_gmt":"2020-12-04T14:55:16","slug":"udd-educa","status":"publish","type":"page","link":"https:\/\/educacion.udd.cl\/aprendizaje180\/udd-educa\/","title":{"rendered":"UDD Educa"},"content":{"rendered":"\n<p><strong>Descripci\u00f3n:&nbsp;<\/strong>Este proyecto naca como respuesta a la necesidad de los establecimientos educacionales de recursos para la educaci\u00f3n a distancia, entendiendo que el desaf\u00edo no est\u00e1 tanto en la tecnolog\u00eda, como en la metodolog\u00eda. La plataforma, creada por Aprendizaje180 junto a iCubo y el Centro de Innovaci\u00f3n Docente de la UDD, actualmente es coordinada de manera conjunta por las Facultades de Educaci\u00f3n y Psicolog\u00eda.<\/p>\n\n\n\n<p><strong>Objetivo:&nbsp;<\/strong>Poner recursos y materiales a disposici\u00f3n de docentes y directivos, para faciliar el trabajo de educar a distancia.<\/p>\n\n\n\n<p><strong>Responsable:<\/strong>&nbsp;Mart\u00edn Valdivia &#8211;&nbsp;<a href=\"mailto:mcvaldivia@udd.cl\">mcvaldivia@udd.cl&nbsp;<\/a><\/p>\n\n\n\n<p><strong>M\u00e1s informaci\u00f3n:&nbsp;<\/strong><a href=\"https:\/\/uddeduca.udd.cl\/\">https:\/\/uddeduca.udd.cl\/<\/a><\/p>\n","protected":false},"excerpt":{"rendered":"<p>Descripci\u00f3n:&nbsp;Este proyecto naca como respuesta a la necesidad de los establecimientos educacionales de recursos para la educaci\u00f3n a distancia, entendiendo que el desaf\u00edo no est\u00e1 tanto en la tecnolog\u00eda, como en la metodolog\u00eda. La plataforma, creada por Aprendizaje180 junto a iCubo y el Centro de Innovaci\u00f3n Docente de la UDD, actualmente es coordinada de manera [&hellip;]<\/p>\n","protected":false},"author":39,"featured_media":129,"parent":0,"menu_order":0,"comment_status":"closed","ping_status":"closed","template":"","meta":{"footnotes":""},"class_list":["post-296","page","type-page","status-publish","has-post-thumbnail","hentry"],"yoast_head":"<!-- This site is optimized with the Yoast SEO plugin v26.9 - https:\/\/yoast.com\/product\/yoast-seo-wordpress\/ -->\n<title>UDD Educa - Aprendizaje 180<\/title>\n<meta name=\"robots\" content=\"index, follow, max-snippet:-1, max-image-preview:large, max-video-preview:-1\" \/>\n<link rel=\"canonical\" href=\"https:\/\/educacion.udd.cl\/aprendizaje180\/udd-educa\/\" \/>\n<meta property=\"og:locale\" content=\"es_ES\" \/>\n<meta property=\"og:type\" content=\"article\" \/>\n<meta property=\"og:title\" content=\"UDD Educa - Aprendizaje 180\" \/>\n<meta property=\"og:description\" content=\"Descripci\u00f3n:&nbsp;Este proyecto naca como respuesta a la necesidad de los establecimientos educacionales de recursos para la educaci\u00f3n a distancia, entendiendo que el desaf\u00edo no est\u00e1 tanto en la tecnolog\u00eda, como en la metodolog\u00eda. La plataforma, creada por Aprendizaje180 junto a iCubo y el Centro de Innovaci\u00f3n Docente de la UDD, actualmente es coordinada de manera [&hellip;]\" \/>\n<meta property=\"og:url\" content=\"https:\/\/educacion.udd.cl\/aprendizaje180\/udd-educa\/\" \/>\n<meta property=\"og:site_name\" content=\"Aprendizaje 180\" \/>\n<meta property=\"article:modified_time\" content=\"2020-12-04T14:55:16+00:00\" \/>\n<meta property=\"og:image\" content=\"https:\/\/educacion.udd.cl\/aprendizaje180\/files\/2020\/11\/Educa-UDD-1.jpg\" \/>\n\t<meta property=\"og:image:width\" content=\"750\" \/>\n\t<meta property=\"og:image:height\" content=\"750\" \/>\n\t<meta property=\"og:image:type\" content=\"image\/jpeg\" \/>\n<meta name=\"twitter:card\" content=\"summary_large_image\" \/>\n<meta name=\"twitter:label1\" content=\"Tiempo de lectura\" \/>\n\t<meta name=\"twitter:data1\" content=\"1 minuto\" \/>\n<script type=\"application\/ld+json\" class=\"yoast-schema-graph\">{\"@context\":\"https:\/\/schema.org\",\"@graph\":[{\"@type\":\"WebPage\",\"@id\":\"https:\/\/educacion.udd.cl\/aprendizaje180\/udd-educa\/\",\"url\":\"https:\/\/educacion.udd.cl\/aprendizaje180\/udd-educa\/\",\"name\":\"UDD Educa - Aprendizaje 180\",\"isPartOf\":{\"@id\":\"https:\/\/educacion.udd.cl\/aprendizaje180\/#website\"},\"primaryImageOfPage\":{\"@id\":\"https:\/\/educacion.udd.cl\/aprendizaje180\/udd-educa\/#primaryimage\"},\"image\":{\"@id\":\"https:\/\/educacion.udd.cl\/aprendizaje180\/udd-educa\/#primaryimage\"},\"thumbnailUrl\":\"https:\/\/educacion.udd.cl\/aprendizaje180\/files\/2020\/11\/Educa-UDD-1.jpg\",\"datePublished\":\"2020-12-04T14:33:46+00:00\",\"dateModified\":\"2020-12-04T14:55:16+00:00\",\"breadcrumb\":{\"@id\":\"https:\/\/educacion.udd.cl\/aprendizaje180\/udd-educa\/#breadcrumb\"},\"inLanguage\":\"es\",\"potentialAction\":[{\"@type\":\"ReadAction\",\"target\":[\"https:\/\/educacion.udd.cl\/aprendizaje180\/udd-educa\/\"]}]},{\"@type\":\"ImageObject\",\"inLanguage\":\"es\",\"@id\":\"https:\/\/educacion.udd.cl\/aprendizaje180\/udd-educa\/#primaryimage\",\"url\":\"https:\/\/educacion.udd.cl\/aprendizaje180\/files\/2020\/11\/Educa-UDD-1.jpg\",\"contentUrl\":\"https:\/\/educacion.udd.cl\/aprendizaje180\/files\/2020\/11\/Educa-UDD-1.jpg\",\"width\":750,\"height\":750},{\"@type\":\"BreadcrumbList\",\"@id\":\"https:\/\/educacion.udd.cl\/aprendizaje180\/udd-educa\/#breadcrumb\",\"itemListElement\":[{\"@type\":\"ListItem\",\"position\":1,\"name\":\"Portada\",\"item\":\"https:\/\/educacion.udd.cl\/aprendizaje180\/\"},{\"@type\":\"ListItem\",\"position\":2,\"name\":\"UDD Educa\"}]},{\"@type\":\"WebSite\",\"@id\":\"https:\/\/educacion.udd.cl\/aprendizaje180\/#website\",\"url\":\"https:\/\/educacion.udd.cl\/aprendizaje180\/\",\"name\":\"Aprendizaje 180\",\"description\":\"Otro sitio m\u00e1s de Educacion\",\"inLanguage\":\"es\"}]}<\/script>\n<!-- \/ Yoast SEO plugin. -->","yoast_head_json":{"title":"UDD Educa - Aprendizaje 180","robots":{"index":"index","follow":"follow","max-snippet":"max-snippet:-1","max-image-preview":"max-image-preview:large","max-video-preview":"max-video-preview:-1"},"canonical":"https:\/\/educacion.udd.cl\/aprendizaje180\/udd-educa\/","og_locale":"es_ES","og_type":"article","og_title":"UDD Educa - Aprendizaje 180","og_description":"Descripci\u00f3n:&nbsp;Este proyecto naca como respuesta a la necesidad de los establecimientos educacionales de recursos para la educaci\u00f3n a distancia, entendiendo que el desaf\u00edo no est\u00e1 tanto en la tecnolog\u00eda, como en la metodolog\u00eda. La plataforma, creada por Aprendizaje180 junto a iCubo y el Centro de Innovaci\u00f3n Docente de la UDD, actualmente es coordinada de manera [&hellip;]","og_url":"https:\/\/educacion.udd.cl\/aprendizaje180\/udd-educa\/","og_site_name":"Aprendizaje 180","article_modified_time":"2020-12-04T14:55:16+00:00","og_image":[{"width":750,"height":750,"url":"https:\/\/educacion.udd.cl\/aprendizaje180\/files\/2020\/11\/Educa-UDD-1.jpg","type":"image\/jpeg"}],"twitter_card":"summary_large_image","twitter_misc":{"Tiempo de lectura":"1 minuto"},"schema":{"@context":"https:\/\/schema.org","@graph":[{"@type":"WebPage","@id":"https:\/\/educacion.udd.cl\/aprendizaje180\/udd-educa\/","url":"https:\/\/educacion.udd.cl\/aprendizaje180\/udd-educa\/","name":"UDD Educa - Aprendizaje 180","isPartOf":{"@id":"https:\/\/educacion.udd.cl\/aprendizaje180\/#website"},"primaryImageOfPage":{"@id":"https:\/\/educacion.udd.cl\/aprendizaje180\/udd-educa\/#primaryimage"},"image":{"@id":"https:\/\/educacion.udd.cl\/aprendizaje180\/udd-educa\/#primaryimage"},"thumbnailUrl":"https:\/\/educacion.udd.cl\/aprendizaje180\/files\/2020\/11\/Educa-UDD-1.jpg","datePublished":"2020-12-04T14:33:46+00:00","dateModified":"2020-12-04T14:55:16+00:00","breadcrumb":{"@id":"https:\/\/educacion.udd.cl\/aprendizaje180\/udd-educa\/#breadcrumb"},"inLanguage":"es","potentialAction":[{"@type":"ReadAction","target":["https:\/\/educacion.udd.cl\/aprendizaje180\/udd-educa\/"]}]},{"@type":"ImageObject","inLanguage":"es","@id":"https:\/\/educacion.udd.cl\/aprendizaje180\/udd-educa\/#primaryimage","url":"https:\/\/educacion.udd.cl\/aprendizaje180\/files\/2020\/11\/Educa-UDD-1.jpg","contentUrl":"https:\/\/educacion.udd.cl\/aprendizaje180\/files\/2020\/11\/Educa-UDD-1.jpg","width":750,"height":750},{"@type":"BreadcrumbList","@id":"https:\/\/educacion.udd.cl\/aprendizaje180\/udd-educa\/#breadcrumb","itemListElement":[{"@type":"ListItem","position":1,"name":"Portada","item":"https:\/\/educacion.udd.cl\/aprendizaje180\/"},{"@type":"ListItem","position":2,"name":"UDD Educa"}]},{"@type":"WebSite","@id":"https:\/\/educacion.udd.cl\/aprendizaje180\/#website","url":"https:\/\/educacion.udd.cl\/aprendizaje180\/","name":"Aprendizaje 180","description":"Otro sitio m\u00e1s de Educacion","inLanguage":"es"}]}},"_links":{"self":[{"href":"https:\/\/educacion.udd.cl\/aprendizaje180\/wp-json\/wp\/v2\/pages\/296","targetHints":{"allow":["GET"]}}],"collection":[{"href":"https:\/\/educacion.udd.cl\/aprendizaje180\/wp-json\/wp\/v2\/pages"}],"about":[{"href":"https:\/\/educacion.udd.cl\/aprendizaje180\/wp-json\/wp\/v2\/types\/page"}],"author":[{"embeddable":true,"href":"https:\/\/educacion.udd.cl\/aprendizaje180\/wp-json\/wp\/v2\/users\/39"}],"replies":[{"embeddable":true,"href":"https:\/\/educacion.udd.cl\/aprendizaje180\/wp-json\/wp\/v2\/comments?post=296"}],"version-history":[{"count":2,"href":"https:\/\/educacion.udd.cl\/aprendizaje180\/wp-json\/wp\/v2\/pages\/296\/revisions"}],"predecessor-version":[{"id":305,"href":"https:\/\/educacion.udd.cl\/aprendizaje180\/wp-json\/wp\/v2\/pages\/296\/revisions\/305"}],"wp:featuredmedia":[{"embeddable":true,"href":"https:\/\/educacion.udd.cl\/aprendizaje180\/wp-json\/wp\/v2\/media\/129"}],"wp:attachment":[{"href":"https:\/\/educacion.udd.cl\/aprendizaje180\/wp-json\/wp\/v2\/media?parent=296"}],"curies":[{"name":"wp","href":"https:\/\/api.w.org\/{rel}","templated":true}]}}